{"id":11579,"date":"2025-10-24T10:17:11","date_gmt":"2025-10-24T03:17:11","guid":{"rendered":"https:\/\/web-ban-le.mbws.vn\/ba-lo-tui-vi\/?post_type=product&#038;p=11579"},"modified":"2025-10-24T10:17:55","modified_gmt":"2025-10-24T03:17:55","slug":"sale-daily-_-gia-soc-tui-dung-kinh-mat-k01-k02-thoi-trang-tien-dung-co-kep-chong-mat-loai-treo-kinh-mat-bang-da-pu","status":"publish","type":"product","link":"https:\/\/web-ban-le.mbws.vn\/ba-lo-tui-vi\/san-pham\/sale-daily-_-gia-soc-tui-dung-kinh-mat-k01-k02-thoi-trang-tien-dung-co-kep-chong-mat-loai-treo-kinh-mat-bang-da-pu\/","title":{"rendered":"[SALE DAILY _ GI\u00c1 S\u1ed0C] T\u00fai \u0111\u1ef1ng k\u00ednh m\u1eaft K01 &#8211; K02 th\u1eddi trang ti\u1ec7n d\u1ee5ng c\u00f3 k\u1eb9p ch\u1ed1ng m\u1ea5t Lo\u1ea1i treo k\u00ednh m\u1eaft b\u1eb1ng da PU"},"content":{"rendered":"<div class=\"e8lZp3\">\n<p class=\"QN2lPu\">[ SALE DAILY _ GI\u00c1 S\u1ed0C] T\u00fai \u0111\u1ef1ng k\u00ednh m\u1eaft K01 &#8211; K02 th\u1eddi trang ti\u1ec7n d\u1ee5ng c\u00f3 k\u1eb9p ch\u1ed1ng m\u1ea5t Lo\u1ea1i treo k\u00ednh m\u1eaft b\u1eb1ng da PU <\/p>\n<p class=\"QN2lPu\">\n<p class=\"QN2lPu\">Th\u00f4ng tin s\u1ea3n ph\u1ea9m:<\/p>\n<p class=\"QN2lPu\">\n<p class=\"QN2lPu\">+ Lo\u1ea1i: T\u00fai \u0111eo k\u00ednh &#8211; \u0110\u1ef1ng v\u1eeba k\u00ednh c\u00e1c lo\u1ea1i m\u00e1t, k\u00ednh gi\u1ea3 c\u1eadn<\/p>\n<p class=\"QN2lPu\">\n<p class=\"QN2lPu\">+ Ch\u1ea5t li\u1ec7u: da PU<\/p>\n<p class=\"QN2lPu\">\n<p class=\"QN2lPu\">+ M\u00e0u s\u1eafc: M\u00e0u N\u00e2u &#8211; M\u00e0u \u0111en<\/p>\n<p class=\"QN2lPu\">\n<p class=\"QN2lPu\">+ K\u00edch th\u01b0\u1edbc: <\/p>\n<p class=\"QN2lPu\">\n<p class=\"QN2lPu\">+ Ch\u1ed1ng n\u01b0\u1edbc t\u1ed1t<\/p>\n<p class=\"QN2lPu\">\n<p class=\"QN2lPu\">+ Ch\u1ed1ng b\u00e1m b\u1ee5i &#8211; lau ch\u00f9i v\u1ec7 sinh bao t\u00fai d\u1ec5 d\u00e0ng<\/p>\n<p class=\"QN2lPu\">\n<p class=\"QN2lPu\">kh\u00f4ng bao g\u1ed3m kh\u0103n lau<\/p>\n<p class=\"QN2lPu\">\n<p class=\"QN2lPu\">M\u00f4 t\u1ea3:<\/p>\n<p class=\"QN2lPu\">\n<p class=\"QN2lPu\">Ch\u1ea5t li\u1ec7u b\u1ec1n: \u0110\u01b0\u1ee3c l\u00e0m t\u1eeb ch\u1ea5t li\u1ec7u b\u1ec1n, t\u00fai \u0111\u1ef1ng \u0111\u1ed3 n\u00e0y c\u00f3 th\u1ec3 ch\u1ecbu \u0111\u01b0\u1ee3c hao m\u00f2n h\u00e0ng ng\u00e0y, \u0111\u1ea3m b\u1ea3o th\u1eddi gian s\u1eed d\u1ee5ng l\u00e2u d\u00e0i.<\/p>\n<p class=\"QN2lPu\">\n<p class=\"QN2lPu\">K\u1eb9p ch\u1ed1ng th\u1ea5t l\u1ea1c: \u0110\u01b0\u1ee3c trang b\u1ecb k\u1eb9p ch\u1ed1ng th\u1ea5t l\u1ea1c, t\u00fai l\u01b0u tr\u1eef n\u00e0y \u0111\u1ea3m b\u1ea3o k\u00ednh c\u1ee7a b\u1ea1n lu\u00f4n an to\u00e0n v\u00e0 tr\u00e1nh th\u1ea5t l\u1ea1c trong qu\u00e1 tr\u00ecnh di chuy\u1ec3n.<\/p>\n<p class=\"QN2lPu\">\n<p class=\"QN2lPu\">S\u1eed d\u1ee5ng \u0111a n\u0103ng: Th\u00edch h\u1ee3p cho c\u1ea3 nam v\u00e0 n\u1eef, t\u00fai l\u01b0u tr\u1eef n\u00e0y l\u00fd t\u01b0\u1edfng cho c\u00e1c ho\u1ea1t \u0111\u1ed9ng kh\u00e1c nhau nh\u01b0 \u0111i b\u1ed9 \u0111\u01b0\u1eddng d\u00e0i, c\u00e2u c\u00e1 v\u00e0 \u0111\u1ea1p xe.<\/p>\n<p class=\"QN2lPu\">\n<p class=\"QN2lPu\">Thi\u1ebft k\u1ebf di \u0111\u1ed9ng: T\u00fai \u0111\u1ef1ng k\u00ednh r\u00e2m di \u0111\u1ed9ng \u0111\u01b0\u1ee3c thi\u1ebft k\u1ebf \u0111\u1ec3 d\u1ec5 d\u00e0ng mang theo, r\u1ea5t ph\u00f9 h\u1ee3p cho vi\u1ec7c di chuy\u1ec3n ngo\u00e0i tr\u1eddi v\u00e0 s\u1eed d\u1ee5ng khi \u0111ang di chuy\u1ec3n.<\/p>\n<p class=\"QN2lPu\">\n<p class=\"QN2lPu\">N\u1eafp b\u1ea3o v\u1ec7: N\u1eafp b\u1ea3o v\u1ec7 n\u00e0y gi\u00fap b\u1ea3o v\u1ec7 t\u1ed1i \u0111a k\u00ednh r\u00e2m c\u1ee7a b\u1ea1n, gi\u1eef cho ch\u00fang an to\u00e0n kh\u00f4ng b\u1ecb tr\u1ea7y x\u01b0\u1edbc v\u00e0 h\u01b0 h\u1ecfng.<\/p>\n<p class=\"QN2lPu\">\n<p class=\"QN2lPu\">L\u01b0u \u00fd s\u1ea3n ph\u1ea9m:<\/p>\n<p class=\"QN2lPu\">\n<p class=\"QN2lPu\">S\u1ea3n ph\u1ea9m nh\u1eadn v\u1ec1 c\u00f3 th\u1ec3 s\u1ebd c\u00f3 sai s\u1ed1 1-2 % do Hanama s\u1ea3n xu\u1ea5t th\u1ee7 c\u00f4ng trong n\u01b0\u1edbc.<\/p>\n<p class=\"QN2lPu\">\n<p class=\"QN2lPu\">M\u00e0u s\u1eafc c\u0169ng c\u00f3 th\u1ec3 s\u1ebd kh\u00e1c m\u1ed9t \u0111\u00f4i ch\u00fat do g\u00f3c nh\u00ecn hay \u0111\u1ed9 s\u00e1ng c\u1ee7a m\u00e0n h\u00ecnh.<\/p>\n<p class=\"QN2lPu\">\n<p class=\"QN2lPu\">L\u01b0u \u00fd:<\/p>\n<p class=\"QN2lPu\">\n<p class=\"QN2lPu\">Kh\u00f4ng \u00e1p d\u1ee5ng cho l\u1edbp l\u00f3t b\u00ean trong t\u00fai.<\/p>\n<p class=\"QN2lPu\">\n<p class=\"QN2lPu\">Kh\u00f4ng gi\u1eb7t t\u00fai b\u1eb1ng b\u1ed9t gi\u1eb7t, c\u00e1c ch\u1ea5t t\u1ea9y m\u1ea1nh.<\/p>\n<p class=\"QN2lPu\">\n<p class=\"QN2lPu\">Ch\u1ec9 s\u1eed d\u1ee5ng n\u01b0\u1edbc ho\u1eb7c c\u00e1c h\u00f3a ch\u1ea5t v\u1ec7 sinh chuy\u00ean d\u1ee5ng.<\/p>\n<p class=\"QN2lPu\">\n<p class=\"QN2lPu\">Th\u00f4ng Tin b\u1ea3o h\u00e0nh:<\/p>\n<p class=\"QN2lPu\">\n<p class=\"QN2lPu\">S\u1ea3n ph\u1ea9m \u0111\u01b0\u1ee3c b\u1ea3o h\u00e0nh t\u1eeb Hanama trong 12 th\u00e1ng \u0111\u1ed5i m\u1edbi n\u1ebfu bong n\u1ed5 da, c\u00f2n nh\u1eefng tr\u01b0\u1eddng h\u1ee3p kh\u00e1c s\u1ebd s\u1eeda ch\u1eefa mi\u1ec5n ph\u00ed.<\/p>\n<p class=\"QN2lPu\">\n<p class=\"QN2lPu\">Hanama lu\u00f4n h\u01b0\u1edbng \u0111\u1ebfn c\u1ea3m nh\u1eadn c\u1ee7a kh\u00e1ch h\u00e0ng, n\u00ean m\u1ecdi \u00fd ki\u1ebfn \u0111\u00f3ng g\u00f3p \u0111\u1ec1u \u0111\u01b0\u1ee3c Hanama ghi nh\u1eadn v\u00e0 c\u1ea3i ti\u1ebfn ngay l\u1eadp t\u1ee9c, Hanama lu\u00f4n mong nh\u1eadn \u0111\u01b0\u1ee3c nh\u1eefng \u00fd ki\u1ebfn \u0111\u00f3ng g\u00f3p c\u1ee7a qu\u00fd kh\u00e1ch h\u00e0ng.<\/p>\n<p class=\"QN2lPu\">\n<p class=\"QN2lPu\">#hanama #tuihanama #tuiunisex #tienloi<\/p>\n<p class=\"QN2lPu\">\n<\/div>\n","protected":false},"excerpt":{"rendered":"[ SALE DAILY _ GI\u00c1 S\u1ed0C] T\u00fai \u0111\u1ef1ng k\u00ednh m\u1eaft K01 &#8211; K02 th\u1eddi trang ti\u1ec7n d\u1ee5ng c\u00f3 k\u1eb9p ch\u1ed1ng m\u1ea5t Lo\u1ea1i treo k\u00ednh m\u1eaft b\u1eb1ng da PU Th\u00f4ng tin s\u1ea3n ph\u1ea9m: + Lo\u1ea1i: T\u00fai \u0111eo k\u00ednh &#8211; \u0110\u1ef1ng v\u1eeba k\u00ednh c\u00e1c lo\u1ea1i m\u00e1t, k\u00ednh gi\u1ea3 c\u1eadn + Ch\u1ea5t li\u1ec7u: da PU + M\u00e0u s\u1eafc:&#8230;<\/p>\n","protected":false},"featured_media":11639,"comment_status":"open","ping_status":"closed","template":"","meta":[],"product_brand":[],"product_cat":[1035],"product_tag":[],"class_list":{"0":"post-11579","1":"product","2":"type-product","3":"status-publish","4":"has-post-thumbnail","6":"product_cat-hop-kinh-va-phu-kien","8":"first","9":"instock","10":"sale","11":"shipping-taxable","12":"purchasable","13":"product-type-variable"},"_links":{"self":[{"href":"https:\/\/web-ban-le.mbws.vn\/ba-lo-tui-vi\/wp-json\/wp\/v2\/product\/11579","targetHints":{"allow":["GET"]}}],"collection":[{"href":"https:\/\/web-ban-le.mbws.vn\/ba-lo-tui-vi\/wp-json\/wp\/v2\/product"}],"about":[{"href":"https:\/\/web-ban-le.mbws.vn\/ba-lo-tui-vi\/wp-json\/wp\/v2\/types\/product"}],"replies":[{"embeddable":true,"href":"https:\/\/web-ban-le.mbws.vn\/ba-lo-tui-vi\/wp-json\/wp\/v2\/comments?post=11579"}],"wp:featuredmedia":[{"embeddable":true,"href":"https:\/\/web-ban-le.mbws.vn\/ba-lo-tui-vi\/wp-json\/wp\/v2\/media\/11639"}],"wp:attachment":[{"href":"https:\/\/web-ban-le.mbws.vn\/ba-lo-tui-vi\/wp-json\/wp\/v2\/media?parent=11579"}],"wp:term":[{"taxonomy":"product_brand","embeddable":true,"href":"https:\/\/web-ban-le.mbws.vn\/ba-lo-tui-vi\/wp-json\/wp\/v2\/product_brand?post=11579"},{"taxonomy":"product_cat","embeddable":true,"href":"https:\/\/web-ban-le.mbws.vn\/ba-lo-tui-vi\/wp-json\/wp\/v2\/product_cat?post=11579"},{"taxonomy":"product_tag","embeddable":true,"href":"https:\/\/web-ban-le.mbws.vn\/ba-lo-tui-vi\/wp-json\/wp\/v2\/product_tag?post=11579"}],"curies":[{"name":"wp","href":"https:\/\/api.w.org\/{rel}","templated":true}]}}