{"id":11624,"date":"2025-10-24T10:17:35","date_gmt":"2025-10-24T03:17:35","guid":{"rendered":"https:\/\/web-ban-le.mbws.vn\/ba-lo-tui-vi\/?post_type=product&#038;p=11624"},"modified":"2025-10-24T10:18:37","modified_gmt":"2025-10-24T03:18:37","slug":"balo-nam-cao-cap-hn-bon-18-dung-laptop-16inch","status":"publish","type":"product","link":"https:\/\/web-ban-le.mbws.vn\/ba-lo-tui-vi\/san-pham\/balo-nam-cao-cap-hn-bon-18-dung-laptop-16inch\/","title":{"rendered":"Balo nam cao c\u1ea5p HN Bon 18 \u0111\u1ef1ng laptop 16inch"},"content":{"rendered":"<div class=\"e8lZp3\">\n<p class=\"QN2lPu\">Balo nam cao c\u1ea5p HN Bon 18 \u0111\u1ef1ng laptop 16inch<\/p>\n<p class=\"QN2lPu\">Balo da th\u1eddi trang \u0111\u1ef1ng laptop \u0111a n\u0103ng Bag Hanama Bon18 \u0110eo Vai Nhi\u1ec1u Ng\u0103n<\/p>\n<p class=\"QN2lPu\">\n<p class=\"QN2lPu\">Th\u00f4ng s\u1ed1 s\u1ea3n ph\u1ea9m: <\/p>\n<p class=\"QN2lPu\">\n<p class=\"QN2lPu\">\u2022 M\u00e3 s\u1ea3n ph\u1ea9m : BON 18<\/p>\n<p class=\"QN2lPu\">\u2022 K\u00edch th\u01b0\u1edbc : 28 x 40 x 10cm<\/p>\n<p class=\"QN2lPu\">\u2022 Ch\u1ea5t li\u1ec7u : Da PU t\u1ed5ng h\u1ee3p b\u1ec1n \u0111\u1eb9p, kh\u00f4ng th\u1ea5m n\u01b0\u1edbc, d\u1ec5 v\u1ec7 sinh.<\/p>\n<p class=\"QN2lPu\">\u2022 M\u00e0u s\u1eafc : \u0110en, N\u00e2u<\/p>\n<p class=\"QN2lPu\">\u2022 Ch\u1ea5t li\u1ec7u d\u00e2y \u0111eo: Da PU t\u1ed5ng h\u1ee3p<\/p>\n<p class=\"QN2lPu\">\u2022 Kh\u00f3a : Kh\u00f3a m\u1ea1 \u0111\u1ed3ng cao c\u1ea5p<\/p>\n<p class=\"QN2lPu\">\u2022 Ki\u1ec3u d\u00e1ng : Ph\u1ee5 ki\u1ec7n m\u00e1y t\u00ednh\/Balo \u0111\u1ef1ng laptop<\/p>\n<p class=\"QN2lPu\">\u2022 Ph\u00f9 h\u1ee3p \u0111\u1ec3 s\u1eed d\u1ee5ng: \u0110i l\u00e0m, \u0111i h\u1ecdc, \u0111i ch\u01a1i<\/p>\n<p class=\"QN2lPu\">\n<p class=\"QN2lPu\">Chi ti\u1ebft s\u1ea3n ph\u1ea9m:<\/p>\n<p class=\"QN2lPu\">Balo Hanama Bon18 l\u00e0 d\u00f2ng Balo \u0111a n\u0103ng.<\/p>\n<p class=\"QN2lPu\">B\u00ean trong s\u1ea3n ph\u1ea9m c\u00f3 ng\u0103n \u0111\u1ef1ng \u0111\u1ed3 ch\u00ednh to r\u1ed9ng \u0111\u1ec3 d\u1ee5ng c\u1ee5 h\u1ecdc t\u1eadp s\u00e1ch v\u1edf, ph\u1ee5 ki\u1ec7n c\u00e1 nh\u00e2n, qu\u1ea7n \u00e1o. 1 ng\u0103n \u0111\u1ef1ng laptop t\u1eeb 16inch tr\u1edf xu\u1ed1ng v\u00e0 2 ng\u0103n ph\u1ee5 nh\u1ecf \u0111\u1ef1ng \u0111\u1ed3 c\u00e1 nh\u00e2n.<\/p>\n<p class=\"QN2lPu\">\n<p class=\"QN2lPu\">B\u00ean ngo\u00e0i s\u1ea3n ph\u1ea9m \u0111\u01b0\u1ee3c thi\u1ebft k\u1ebf 1 ng\u0103n ph\u1ee5 \u0111\u1eb1ng tr\u01b0\u1edbc thi\u1ebft k\u1ebf tr\u1ebb trung, n\u0103ng \u0111\u1ed9ng v\u1edbi n\u1eafp n\u00fat b\u1ea5m nam ch\u00e2m, kh\u00f3a k\u00e9o ch\u1eafc ch\u1eafn, tr\u01a1n m\u01b0\u1ee3t, 2 ng\u0103n \u0111\u1ef1ng n\u01b0\u1edbc, \u00f4 ti\u1ec7n d\u1ee5ng.<\/p>\n<p class=\"QN2lPu\">Quai \u0111eo \u0111\u01b0\u1ee3c thi\u1ebft k\u1ebf 3 l\u1edbp ch\u1ed1ng \u0111au vai khi s\u1eed d\u1ee5ng.<\/p>\n<p class=\"QN2lPu\">S\u1ea3n ph\u1ea9m c\u00f3 th\u1ec3 s\u1eed d\u1ee5ng khi \u0111i h\u1ecdc,\u0111i l\u00e0m, \u0111i ch\u01a1i, \u0111i du l\u1ecbch.<\/p>\n<p class=\"QN2lPu\">\n<p class=\"QN2lPu\">L\u01b0u \u00fd:<\/p>\n<p class=\"QN2lPu\">S\u1ea3n ph\u1ea9m nh\u1eadn v\u1ec1 c\u00f3 th\u1ec3 s\u1ebd c\u00f3 sai s\u1ed1 1-2 % do Hanama s\u1ea3n xu\u1ea5t th\u1ee7 c\u00f4ng trong n\u01b0\u1edbc.<\/p>\n<p class=\"QN2lPu\">M\u00e0u s\u1eafc c\u0169ng c\u00f3 th\u1ec3 s\u1ebd kh\u00e1c m\u1ed9t \u0111\u00f4i ch\u00fat do g\u00f3c nh\u00ecn hay \u0111\u1ed9 s\u00e1ng c\u1ee7a m\u00e0n h\u00ecnh.<\/p>\n<p class=\"QN2lPu\">\n<p class=\"QN2lPu\">Th\u00f4ng Tin b\u1ea3o h\u00e0nh:<\/p>\n<p class=\"QN2lPu\">S\u1ea3n ph\u1ea9m \u0111\u01b0\u1ee3c b\u1ea3o h\u00e0nh t\u1eeb Hanama trong 12 th\u00e1ng \u0111\u1ed5i m\u1edbi n\u1ebfu bong n\u1ed5 da, c\u00f2n nh\u1eefng tr\u01b0\u1eddng h\u1ee3p kh\u00e1c s\u1ebd s\u1eeda ch\u1eefa mi\u1ec5n ph\u00ed.<\/p>\n<p class=\"QN2lPu\">Hanama lu\u00f4n h\u01b0\u1edbng \u0111\u1ebfn c\u1ea3m nh\u1eadn c\u1ee7a kh\u00e1ch h\u00e0ng, n\u00ean m\u1ecdi \u00fd ki\u1ebfn \u0111\u00f3ng g\u00f3p \u0111\u1ec1u \u0111\u01b0\u1ee3c Hanama ghi nh\u1eadn v\u00e0 c\u1ea3i ti\u1ebfn ngay l\u1eadp t\u1ee9c, Hanama lu\u00f4n mong nh\u1eadn \u0111\u01b0\u1ee3c nh\u1eefng \u00fd ki\u1ebfn \u0111\u00f3ng g\u00f3p c\u1ee7a qu\u00fd kh\u00e1ch h\u00e0ng.<\/p>\n<p class=\"QN2lPu\">\n<\/div>\n","protected":false},"excerpt":{"rendered":"<p>Balo nam cao c\u1ea5p HN Bon 18 \u0111\u1ef1ng laptop 16inch Balo da th\u1eddi trang \u0111\u1ef1ng laptop \u0111a n\u0103ng Bag Hanama Bon18 \u0110eo Vai Nhi\u1ec1u Ng\u0103n Th\u00f4ng s\u1ed1 s\u1ea3n ph\u1ea9m: \u2022 M\u00e3 s\u1ea3n ph\u1ea9m : BON 18 \u2022 K\u00edch th\u01b0\u1edbc : 28 x 40 x 10cm \u2022 Ch\u1ea5t li\u1ec7u : Da PU t\u1ed5ng h\u1ee3p b\u1ec1n \u0111\u1eb9p,&#8230;<\/p>\n","protected":false},"featured_media":11705,"comment_status":"open","ping_status":"closed","template":"","meta":[],"product_brand":[],"product_cat":[1038],"product_tag":[],"class_list":{"0":"post-11624","1":"product","2":"type-product","3":"status-publish","4":"has-post-thumbnail","6":"product_cat-ba-lo-laptop-nam","8":"first","9":"instock","10":"sale","11":"shipping-taxable","12":"purchasable","13":"product-type-variable"},"_links":{"self":[{"href":"https:\/\/web-ban-le.mbws.vn\/ba-lo-tui-vi\/wp-json\/wp\/v2\/product\/11624","targetHints":{"allow":["GET"]}}],"collection":[{"href":"https:\/\/web-ban-le.mbws.vn\/ba-lo-tui-vi\/wp-json\/wp\/v2\/product"}],"about":[{"href":"https:\/\/web-ban-le.mbws.vn\/ba-lo-tui-vi\/wp-json\/wp\/v2\/types\/product"}],"replies":[{"embeddable":true,"href":"https:\/\/web-ban-le.mbws.vn\/ba-lo-tui-vi\/wp-json\/wp\/v2\/comments?post=11624"}],"wp:featuredmedia":[{"embeddable":true,"href":"https:\/\/web-ban-le.mbws.vn\/ba-lo-tui-vi\/wp-json\/wp\/v2\/media\/11705"}],"wp:attachment":[{"href":"https:\/\/web-ban-le.mbws.vn\/ba-lo-tui-vi\/wp-json\/wp\/v2\/media?parent=11624"}],"wp:term":[{"taxonomy":"product_brand","embeddable":true,"href":"https:\/\/web-ban-le.mbws.vn\/ba-lo-tui-vi\/wp-json\/wp\/v2\/product_brand?post=11624"},{"taxonomy":"product_cat","embeddable":true,"href":"https:\/\/web-ban-le.mbws.vn\/ba-lo-tui-vi\/wp-json\/wp\/v2\/product_cat?post=11624"},{"taxonomy":"product_tag","embeddable":true,"href":"https:\/\/web-ban-le.mbws.vn\/ba-lo-tui-vi\/wp-json\/wp\/v2\/product_tag?post=11624"}],"curies":[{"name":"wp","href":"https:\/\/api.w.org\/{rel}","templated":true}]}}