{"id":13710,"date":"2025-10-23T13:53:58","date_gmt":"2025-10-23T06:53:58","guid":{"rendered":"https:\/\/web-ban-le.mbws.vn\/dien-thoai-su-kien\/?post_type=product&#038;p=13710"},"modified":"2025-11-05T09:01:04","modified_gmt":"2025-11-05T02:01:04","slug":"sac-apple-20w-usb-c-power-adapter","status":"publish","type":"product","link":"https:\/\/web-ban-le.mbws.vn\/dien-thoai-su-kien\/san-pham\/sac-apple-20w-usb-c-power-adapter\/","title":{"rendered":"S\u1ea1c Apple 20W USB-C Power Adapter"},"content":{"rendered":"<div class=\"e8lZp3\">\n<p class=\"QN2lPu\">B\u1ed9 S\u1ea1c Apple USB-C 20W gi\u00fap s\u1ea1c nhanh v\u00e0 hi\u1ec7u qu\u1ea3 t\u1ea1i nh\u00e0, trong v\u0103n ph\u00f2ng ho\u1eb7c khi \u0111ang di chuy\u1ec3n. Tuy b\u1ed9 s\u1ea1c n\u00e0y t\u01b0\u01a1ng th\u00edch v\u1edbi m\u1ecdi thi\u1ebft b\u1ecb c\u00f3 c\u1ed5ng USB-C, nh\u01b0ng Apple khuy\u00ean b\u1ea1n n\u00ean s\u1eed d\u1ee5ng ph\u1ee5 ki\u1ec7n n\u00e0y v\u1edbi iPad Pro 11 inch v\u00e0 iPad Pro 12.9 inch (th\u1ebf h\u1ec7 th\u1ee9 3) \u0111\u1ec3 \u0111\u1ea1t hi\u1ec7u qu\u1ea3 s\u1ea1c t\u1ed1i \u01b0u. B\u1ea1n c\u0169ng c\u00f3 th\u1ec3 s\u1eed d\u1ee5ng v\u1edbi iPhone 8 ho\u1eb7c c\u00e1c phi\u00ean b\u1ea3n cao h\u01a1n \u0111\u1ec3 t\u1eadn d\u1ee5ng t\u00ednh n\u0103ng s\u1ea1c nhanh. <\/p>\n<p class=\"QN2lPu\">\n<p class=\"QN2lPu\">Kh\u00f4ng b\u00e1n k\u00e8m c\u00e1p s\u1ea1c. <\/p>\n<p class=\"QN2lPu\">\n<p class=\"QN2lPu\">T\u01b0\u01a1ng th\u00edch C\u00e1c Phi\u00ean B\u1ea3n iPhone:<\/p>\n<p class=\"QN2lPu\">iPhone 15 Pro<\/p>\n<p class=\"QN2lPu\">iPhone 15 Pro Max<\/p>\n<p class=\"QN2lPu\">iPhone 15<\/p>\n<p class=\"QN2lPu\">iPhone 15 Plus<\/p>\n<p class=\"QN2lPu\">iPhone 14 Pro<\/p>\n<p class=\"QN2lPu\">iPhone 14 Pro Max<\/p>\n<p class=\"QN2lPu\">iPhone 14<\/p>\n<p class=\"QN2lPu\">iPhone 14 Plus<\/p>\n<p class=\"QN2lPu\">iPhone 13 Pro<\/p>\n<p class=\"QN2lPu\">iPhone 13 Pro Max<\/p>\n<p class=\"QN2lPu\">iPhone 13 mini<\/p>\n<p class=\"QN2lPu\">iPhone 13<\/p>\n<p class=\"QN2lPu\">iPhone SE (th\u1ebf h\u1ec7 th\u1ee9 3)<\/p>\n<p class=\"QN2lPu\">iPhone&nbsp;12 Pro<\/p>\n<p class=\"QN2lPu\">iPhone&nbsp;12 Pro Max<\/p>\n<p class=\"QN2lPu\">iPhone&nbsp;12 mini<\/p>\n<p class=\"QN2lPu\">iPhone&nbsp;12<\/p>\n<p class=\"QN2lPu\">iPhone 11 Pro<\/p>\n<p class=\"QN2lPu\">iPhone 11 Pro Max<\/p>\n<p class=\"QN2lPu\">iPhone 11<\/p>\n<p class=\"QN2lPu\">iPhone SE (th\u1ebf h\u1ec7 th\u1ee9 2)<\/p>\n<p class=\"QN2lPu\">iPhone XS<\/p>\n<p class=\"QN2lPu\">iPhone XS Max<\/p>\n<p class=\"QN2lPu\">iPhone XR<\/p>\n<p class=\"QN2lPu\">iPhone X<\/p>\n<p class=\"QN2lPu\">iPhone 8<\/p>\n<p class=\"QN2lPu\">iPhone 8 Plus<\/p>\n<p class=\"QN2lPu\">\n<p class=\"QN2lPu\">C\u00e1c Phi\u00ean B\u1ea3n iPad<\/p>\n<p class=\"QN2lPu\">iPad&nbsp;Pro 13&nbsp;inch (M4)<\/p>\n<p class=\"QN2lPu\">iPad Pro 12,9 inch (th\u1ebf&nbsp;h\u1ec7&nbsp;th\u1ee9&nbsp;6)<\/p>\n<p class=\"QN2lPu\">iPad Pro 12,9 inch (th\u1ebf&nbsp;h\u1ec7&nbsp;th\u1ee9&nbsp;5)<\/p>\n<p class=\"QN2lPu\">iPad Pro 12,9 inch (th\u1ebf&nbsp;h\u1ec7&nbsp;th\u1ee9&nbsp;4)<\/p>\n<p class=\"QN2lPu\">iPad Pro 12,9 inch (th\u1ebf&nbsp;h\u1ec7&nbsp;th\u1ee9&nbsp;3)<\/p>\n<p class=\"QN2lPu\">iPad Pro 12,9 inch (th\u1ebf&nbsp;h\u1ec7&nbsp;th\u1ee9&nbsp;2)<\/p>\n<p class=\"QN2lPu\">iPad Pro 12,9 inch (th\u1ebf&nbsp;h\u1ec7&nbsp;th\u1ee9&nbsp;1)<\/p>\n<p class=\"QN2lPu\">iPad&nbsp;Pro 11&nbsp;inch (M4)<\/p>\n<p class=\"QN2lPu\">iPad Pro 11 inch (th\u1ebf h\u1ec7 th\u1ee9 4)<\/p>\n<p class=\"QN2lPu\">iPad Pro 11 inch (th\u1ebf h\u1ec7 th\u1ee9 3)<\/p>\n<p class=\"QN2lPu\">iPad Pro 11 inch (th\u1ebf h\u1ec7 th\u1ee9 2)<\/p>\n<p class=\"QN2lPu\">iPad Pro 11 inch (th\u1ebf h\u1ec7 th\u1ee9 1)<\/p>\n<p class=\"QN2lPu\">iPad Pro 10,5 inch<\/p>\n<p class=\"QN2lPu\">iPad&nbsp;Air 13&nbsp;inch (M2)<\/p>\n<p class=\"QN2lPu\">iPad&nbsp;Air 11&nbsp;inch (M2)<\/p>\n<p class=\"QN2lPu\">iPad Air (th\u1ebf h\u1ec7 th\u1ee9 5)<\/p>\n<p class=\"QN2lPu\">iPad Air (th\u1ebf h\u1ec7 th\u1ee9 4)<\/p>\n<p class=\"QN2lPu\">iPad Air (th\u1ebf h\u1ec7 th\u1ee9 3)<\/p>\n<p class=\"QN2lPu\">iPad (th\u1ebf h\u1ec7 th\u1ee9 10)<\/p>\n<p class=\"QN2lPu\">iPad (th\u1ebf h\u1ec7 th\u1ee9 9)<\/p>\n<p class=\"QN2lPu\">iPad (th\u1ebf h\u1ec7 th\u1ee9 8)<\/p>\n<p class=\"QN2lPu\">iPad (th\u1ebf h\u1ec7 th\u1ee9 7)<\/p>\n<p class=\"QN2lPu\">iPad mini (th\u1ebf h\u1ec7 th\u1ee9 6)<\/p>\n<p class=\"QN2lPu\">iPad mini (th\u1ebf h\u1ec7 th\u1ee9 5)<\/p>\n<p class=\"QN2lPu\">\n<p class=\"QN2lPu\">C\u00e1c Phi\u00ean B\u1ea3n Apple Watch<\/p>\n<p class=\"QN2lPu\">Apple Watch Ultra 2<\/p>\n<p class=\"QN2lPu\">Apple Watch Series 9<\/p>\n<p class=\"QN2lPu\">Apple Watch SE<\/p>\n<p class=\"QN2lPu\">Apple Watch Ultra<\/p>\n<p class=\"QN2lPu\">Apple Watch Series 8<\/p>\n<p class=\"QN2lPu\">Apple Watch Series 7<\/p>\n<p class=\"QN2lPu\">Apple Watch Series 6<\/p>\n<p class=\"QN2lPu\">Apple Watch Series 5<\/p>\n<p class=\"QN2lPu\">Apple Watch Series 4<\/p>\n<p class=\"QN2lPu\">Apple Watch Series 3<\/p>\n<p class=\"QN2lPu\">Apple Watch Series 2<\/p>\n<p class=\"QN2lPu\">Apple Watch Series 1<\/p>\n<p class=\"QN2lPu\">Apple Watch th\u1ebf h\u1ec7 th\u1ee9 1<\/p>\n<p class=\"QN2lPu\">\n<p class=\"QN2lPu\">C\u00e1c Phi\u00ean B\u1ea3n HomePod<\/p>\n<p class=\"QN2lPu\">HomePod mini<\/p>\n<p class=\"QN2lPu\">\n<p class=\"QN2lPu\">C\u00e1c Phi\u00ean B\u1ea3n AirPods<\/p>\n<p class=\"QN2lPu\">AirPods Max<\/p>\n<p class=\"QN2lPu\">AirPods Pro (th\u1ebf h\u1ec7 th\u1ee9 2) v\u1edbi H\u1ed9p S\u1ea1c MagSafe (USB-C)<\/p>\n<p class=\"QN2lPu\">AirPods Pro (th\u1ebf h\u1ec7 th\u1ee9 2) v\u1edbi H\u1ed9p S\u1ea1c MagSafe Lightning<\/p>\n<p class=\"QN2lPu\">AirPods Pro (th\u1ebf h\u1ec7 th\u1ee9 1) v\u1edbi H\u1ed9p S\u1ea1c MagSafe Lightning<\/p>\n<p class=\"QN2lPu\">AirPods (th\u1ebf h\u1ec7 th\u1ee9 3) v\u1edbi H\u1ed9p S\u1ea1c MagSafe<\/p>\n<p class=\"QN2lPu\">AirPods (th\u1ebf h\u1ec7 th\u1ee9 3) v\u1edbi H\u1ed9p S\u1ea1c Lightning<\/p>\n<p class=\"QN2lPu\">AirPods v\u1edbi H\u1ed9p S\u1ea1c Kh\u00f4ng D\u00e2y (th\u1ebf h\u1ec7 th\u1ee9 2)<\/p>\n<p class=\"QN2lPu\">AirPods (th\u1ebf h\u1ec7 th\u1ee9 2)<\/p>\n<p class=\"QN2lPu\">AirPods (th\u1ebf h\u1ec7 th\u1ee9 1)<\/p>\n<p class=\"QN2lPu\">H\u1ed9p S\u1ea1c Kh\u00f4ng D\u00e2y cho AirPods<\/p>\n<p class=\"QN2lPu\">\n<p class=\"QN2lPu\">Th\u00f4ng s\u1ed1 k\u1ef9 thu\u1eadt<\/p>\n<p class=\"QN2lPu\">\u2022 Model: MHJE3<\/p>\n<p class=\"QN2lPu\">\u2022 Ch\u1ee9c n\u0103ng: S\u1ea1c<\/p>\n<p class=\"QN2lPu\">\u2022 \u0110\u1ea7u ra: Type C: 20W<\/p>\n<p class=\"QN2lPu\">\u2022 C\u00f4ng ngh\u1ec7\/Ti\u1ec7n \u00edch: Power Delivery<\/p>\n<p class=\"QN2lPu\">\u2022 Th\u01b0\u01a1ng hi\u1ec7u c\u1ee7a: M\u1ef9<\/p>\n<p class=\"QN2lPu\">\n<p class=\"QN2lPu\">T\u1ea1i Vi\u1ec7t Nam, v\u1ec1 ch\u00ednh s\u00e1ch b\u1ea3o h\u00e0nh v\u00e0 \u0111\u1ed5i tr\u1ea3 c\u1ee7a Apple, &#8220;s\u1ebd \u0111\u01b0\u1ee3c \u00e1p d\u1ee5ng chung&#8221; theo c\u00e1c \u0111i\u1ec1u kho\u1ea3n \u0111\u01b0\u1ee3c li\u1ec7t k\u00ea d\u01b0\u1edbi \u0111\u00e2y:<\/p>\n<p class=\"QN2lPu\">\n<p class=\"QN2lPu\">1) Ch\u00ednh s\u00e1ch chung: https:\/\/www.apple.com\/legal\/warranty\/products\/warranty-rest-of-apac-vietnamese.html<\/p>\n<p class=\"QN2lPu\">\n<p class=\"QN2lPu\">2) Ch\u00ednh s\u00e1ch cho ph\u1ee5 ki\u1ec7n: https:\/\/www.apple.com\/legal\/warranty\/products\/accessory-warranty-vietnam.html<\/p>\n<p class=\"QN2lPu\">\n<p class=\"QN2lPu\">3) C\u00e1c trung t\u00e2m b\u1ea3o h\u00e0nh Apple \u1ee7y quy\u1ec1n t\u1ea1i Vi\u1ec7t Nam: https:\/\/getsupport.apple.com\/repair-locations?locale=vi_VN<\/p>\n<p class=\"QN2lPu\">\n<p class=\"QN2lPu\">Q\u00fay kh\u00e1ch vui l\u00f2ng \u0111\u1ecdc k\u1ef9 h\u01b0\u1edbng d\u1eabn v\u00e0 quy \u0111\u1ecbnh tr\u00ean c\u00e1c trang \u0111\u01b0\u1ee3c Apple c\u00f4ng b\u1ed1 c\u00f4ng khai, Shop ch\u1ec9 c\u00f3 th\u1ec3 h\u1ed7 tr\u1ee3 theo \u0111\u00fang ch\u00ednh s\u00e1ch \u0111\u01b0\u1ee3c \u0111\u0103ng c\u00f4ng khai c\u1ee7a th\u01b0\u01a1ng hi\u1ec7u Apple t\u1ea1i Vi\u1ec7t Nam,<\/p>\n<p class=\"QN2lPu\">\n<p class=\"QN2lPu\">B\u00e0i vi\u1ebft tham kh\u1ea3o ch\u00ednh s\u00e1ch h\u1ed7 tr\u1ee3 c\u1ee7a nh\u00e0 ph\u00e2n ph\u1ed1i ti\u00eau bi\u1ec3u:<\/p>\n<p class=\"QN2lPu\">\n<p class=\"QN2lPu\">\n<blockquote class=\"wp-embedded-content\" data-secret=\"YSuYT6Ylm4\"><p><a href=\"https:\/\/synnexfpt.com\/bao-hanh\/chinh-sach-bao-hanh\/\">Ch\u00ednh s\u00e1ch b\u1ea3o h\u00e0nh<\/a><\/p><\/blockquote>\n<p><iframe loading=\"lazy\" class=\"wp-embedded-content\" sandbox=\"allow-scripts\" security=\"restricted\" style=\"position: absolute; visibility: hidden;\" title=\"&#8220;Ch\u00ednh s\u00e1ch b\u1ea3o h\u00e0nh&#8221; &#8212; Synnex FPT\" src=\"https:\/\/synnexfpt.com\/bao-hanh\/chinh-sach-bao-hanh\/embed\/#?secret=YSuYT6Ylm4\" data-secret=\"YSuYT6Ylm4\" width=\"600\" height=\"338\" frameborder=\"0\" marginwidth=\"0\" marginheight=\"0\" scrolling=\"no\"><\/iframe><\/p>\n<p class=\"QN2lPu\">\n<p class=\"QN2lPu\"> \u0110\u1ec3 thu\u1eadn ti\u1ec7n h\u01a1n trong vi\u1ec7c x\u1eed l\u00fd khi\u1ebfu n\u1ea1i, \u0111\u01a1n h\u00e0ng c\u1ee7a Brand Apple th\u01b0\u1eddng c\u00f3 gi\u00e1 tr\u1ecb cao, Q\u00fay kh\u00e1ch mua h\u00e0ng vui l\u00f2ng quay l\u1ea1i Clip khui m\u1edf ki\u1ec7n h\u00e0ng (kh\u00e1ch quan nh\u1ea5t c\u00f3 th\u1ec3, \u0111\u1ee7 6 m\u1eb7t) gi\u00fap Shopee c\u00f3 th\u00eam c\u0103n c\u1ee9 \u0111\u1ec3 l\u00e0m vi\u1ec7c v\u1edbi c\u00e1c b\u00ean v\u00e0 \u0111\u1ea9y nhanh ti\u1ebfn \u0111\u1ed9 x\u1eed l\u00fd gi\u00fap Q\u00fay kh\u00e1ch mua h\u00e0ng.<\/p>\n<\/div>\n","protected":false},"excerpt":{"rendered":"<p>B\u1ed9 S\u1ea1c Apple USB-C 20W gi\u00fap s\u1ea1c nhanh v\u00e0 hi\u1ec7u qu\u1ea3 t\u1ea1i nh\u00e0, trong v\u0103n ph\u00f2ng ho\u1eb7c khi \u0111ang di chuy\u1ec3n. Tuy b\u1ed9 s\u1ea1c n\u00e0y t\u01b0\u01a1ng th\u00edch v\u1edbi m\u1ecdi thi\u1ebft b\u1ecb c\u00f3 c\u1ed5ng USB-C, nh\u01b0ng Apple khuy\u00ean b\u1ea1n n\u00ean s\u1eed d\u1ee5ng ph\u1ee5 ki\u1ec7n n\u00e0y v\u1edbi iPad Pro 11 inch v\u00e0 iPad Pro 12.9 inch (th\u1ebf&#8230;<\/p>\n","protected":false},"featured_media":13732,"comment_status":"open","ping_status":"closed","template":"","meta":[],"product_brand":[],"product_cat":[1213,1215],"product_tag":[],"class_list":{"0":"post-13710","1":"product","2":"type-product","3":"status-publish","4":"has-post-thumbnail","6":"product_cat-pin-gan-trong","7":"product_cat-de-sac","9":"first","10":"instock","11":"sale","12":"featured","13":"shipping-taxable","14":"purchasable","15":"product-type-variable"},"_links":{"self":[{"href":"https:\/\/web-ban-le.mbws.vn\/dien-thoai-su-kien\/wp-json\/wp\/v2\/product\/13710","targetHints":{"allow":["GET"]}}],"collection":[{"href":"https:\/\/web-ban-le.mbws.vn\/dien-thoai-su-kien\/wp-json\/wp\/v2\/product"}],"about":[{"href":"https:\/\/web-ban-le.mbws.vn\/dien-thoai-su-kien\/wp-json\/wp\/v2\/types\/product"}],"replies":[{"embeddable":true,"href":"https:\/\/web-ban-le.mbws.vn\/dien-thoai-su-kien\/wp-json\/wp\/v2\/comments?post=13710"}],"wp:featuredmedia":[{"embeddable":true,"href":"https:\/\/web-ban-le.mbws.vn\/dien-thoai-su-kien\/wp-json\/wp\/v2\/media\/13732"}],"wp:attachment":[{"href":"https:\/\/web-ban-le.mbws.vn\/dien-thoai-su-kien\/wp-json\/wp\/v2\/media?parent=13710"}],"wp:term":[{"taxonomy":"product_brand","embeddable":true,"href":"https:\/\/web-ban-le.mbws.vn\/dien-thoai-su-kien\/wp-json\/wp\/v2\/product_brand?post=13710"},{"taxonomy":"product_cat","embeddable":true,"href":"https:\/\/web-ban-le.mbws.vn\/dien-thoai-su-kien\/wp-json\/wp\/v2\/product_cat?post=13710"},{"taxonomy":"product_tag","embeddable":true,"href":"https:\/\/web-ban-le.mbws.vn\/dien-thoai-su-kien\/wp-json\/wp\/v2\/product_tag?post=13710"}],"curies":[{"name":"wp","href":"https:\/\/api.w.org\/{rel}","templated":true}]}}