{"id":13729,"date":"2025-10-23T11:55:22","date_gmt":"2025-10-23T04:55:22","guid":{"rendered":"https:\/\/web-ban-le.mbws.vn\/dong-ho\/?post_type=product&#038;p=13729"},"modified":"2025-10-30T23:18:37","modified_gmt":"2025-10-30T16:18:37","slug":"dong-ho-nam-day-da-chinh-hang-casio-mtp-v001l-7budf","status":"publish","type":"product","link":"https:\/\/web-ban-le.mbws.vn\/dong-ho\/san-pham\/dong-ho-nam-day-da-chinh-hang-casio-mtp-v001l-7budf\/","title":{"rendered":"\u0110\u1ed3ng h\u1ed3 nam d\u00e2y da ch\u00ednh h\u00e3ng Casio MTP-V001L-7BUDF"},"content":{"rendered":"<div class=\"e8lZp3\">\n<p class=\"QN2lPu\">S\u1ea3n ph\u1ea9m fullbox ch\u00ednh h\u00e3ng bao g\u1ed3m:<\/p>\n<p class=\"QN2lPu\">\n<p class=\"QN2lPu\"> Th\u1ebb b\u1ea3o h\u00e0nh ch\u00ednh h\u00e3ng Casio<\/p>\n<p class=\"QN2lPu\"> Th\u1ebb c\u1ee9ng v\u1edbi d\u00f2ng G-Shock<\/p>\n<p class=\"QN2lPu\"> Th\u1ebb gi\u1ea5y v\u1edbi c\u00e1c d\u00f2ng Sheen, Baby-G, Edifice, MTP, LTP<\/p>\n<p class=\"QN2lPu\"> S\u1ea3n ph\u1ea9m \u0111\u1ed3ng h\u1ed3 ch\u00ednh h\u00e3ng<\/p>\n<p class=\"QN2lPu\">\n<p class=\"QN2lPu\">Ca\u0301c t\u00ednh n\u0103ng<\/p>\n<p class=\"QN2lPu\">\u2022 Ch\u1ed1ng n\u01b0\u1edbc 3ATM ( T\u1eafm r\u1eeda, \u0111i m\u01b0a tho\u1ea3i m\u00e1i)<\/p>\n<p class=\"QN2lPu\">\u2022 Thi\u1ebft k\u1ebf \u0111\u01a1n gi\u1ea3n, d\u1ec5 s\u1eed d\u1ee5ng<\/p>\n<p class=\"QN2lPu\">\n<p class=\"QN2lPu\">\u0110\u1eb7c \u0111i\u1ec3m k\u1ef9 thu\u1eadt:<\/p>\n<p class=\"QN2lPu\">\n<p class=\"QN2lPu\">D\u00e2y \u0111eo b\u1eb1ng da<\/p>\n<p class=\"QN2lPu\">M\u1eb7t k\u00ednh kho\u00e1ng<\/p>\n<p class=\"QN2lPu\">Ch\u1ed1ng n\u01b0\u1edbc<\/p>\n<p class=\"QN2lPu\">Gi\u1edd hi\u1ec7n h\u00e0nh th\u00f4ng th\u01b0\u1eddng<\/p>\n<p class=\"QN2lPu\">\u0110\u1ed3ng h\u1ed3 kim: 3 kim (gi\u1edd, ph\u00fat, gi\u00e2y)<\/p>\n<p class=\"QN2lPu\">\u0110\u1ed9 ch\u00ednh x\u00e1c: \u00b120 gi\u00e2y m\u1ed9t th\u00e1ng<\/p>\n<p class=\"QN2lPu\">Tu\u00f4\u0309i tho\u0323 pin x\u1ea5p x\u1ec9: 3 n\u0103m v\u1edbi pin SR626SW<\/p>\n<p class=\"QN2lPu\">K\u00edch th\u01b0\u1edbc v\u1ecf \/ T\u1ed5ng tr\u1ecdng l\u01b0\u1ee3ng<\/p>\n<p class=\"QN2lPu\">K\u00edch th\u01b0\u1edbc v\u1ecf : 45\u00d738\u00d78mm<\/p>\n<p class=\"QN2lPu\">T\u1ed5ng tr\u1ecdng l\u01b0\u1ee3ng : 42g<\/p>\n<p class=\"QN2lPu\">\n<p class=\"QN2lPu\">*CH\u00cdNH S\u00c1CH B\u1ea2O H\u00c0NH:<\/p>\n<p class=\"QN2lPu\">&#8211; B\u1ea3o h\u00e0nh 01 n\u0103m t\u1ea5t c\u1ea3 c\u00e1c l\u1ed7i v\u1ec1 m\u00e1y ch\u00ednh h\u00e3ng Casio to\u00e0n qu\u1ed1c<\/p>\n<p class=\"QN2lPu\">&#8211; B\u1ea3o h\u00e0nh pin tr\u1ecdn \u0111\u1eddi t\u1ea1i shop YouWatch <\/p>\n<p class=\"QN2lPu\">\n<p class=\"QN2lPu\">#casio #casiohuyenthoai #casioanhkhue #casioankhanh #ak #donghonam #donghonu #unisex #ae1200whd #casiochinhhang #casiogiare #g-shock #edifice #babyg #mtp #ltp #mq #lq<\/p>\n<\/div>\n","protected":false},"excerpt":{"rendered":"<p>S\u1ea3n ph\u1ea9m fullbox ch\u00ednh h\u00e3ng bao g\u1ed3m: Th\u1ebb b\u1ea3o h\u00e0nh ch\u00ednh h\u00e3ng Casio Th\u1ebb c\u1ee9ng v\u1edbi d\u00f2ng G-Shock Th\u1ebb gi\u1ea5y v\u1edbi c\u00e1c d\u00f2ng Sheen, Baby-G, Edifice, MTP, LTP S\u1ea3n ph\u1ea9m \u0111\u1ed3ng h\u1ed3 ch\u00ednh h\u00e3ng Ca\u0301c t\u00ednh n\u0103ng \u2022 Ch\u1ed1ng n\u01b0\u1edbc 3ATM ( T\u1eafm r\u1eeda, \u0111i m\u01b0a tho\u1ea3i m\u00e1i) \u2022 Thi\u1ebft k\u1ebf \u0111\u01a1n gi\u1ea3n, d\u1ec5 s\u1eed&#8230;<\/p>\n","protected":false},"featured_media":13901,"comment_status":"open","ping_status":"closed","template":"","meta":[],"product_brand":[1214],"product_cat":[1211],"product_tag":[],"class_list":{"0":"post-13729","1":"product","2":"type-product","3":"status-publish","4":"has-post-thumbnail","6":"product_brand-seiko","7":"product_cat-dong-ho-nam","9":"first","10":"instock","11":"sale","12":"shipping-taxable","13":"purchasable","14":"product-type-simple"},"_links":{"self":[{"href":"https:\/\/web-ban-le.mbws.vn\/dong-ho\/wp-json\/wp\/v2\/product\/13729","targetHints":{"allow":["GET"]}}],"collection":[{"href":"https:\/\/web-ban-le.mbws.vn\/dong-ho\/wp-json\/wp\/v2\/product"}],"about":[{"href":"https:\/\/web-ban-le.mbws.vn\/dong-ho\/wp-json\/wp\/v2\/types\/product"}],"replies":[{"embeddable":true,"href":"https:\/\/web-ban-le.mbws.vn\/dong-ho\/wp-json\/wp\/v2\/comments?post=13729"}],"wp:featuredmedia":[{"embeddable":true,"href":"https:\/\/web-ban-le.mbws.vn\/dong-ho\/wp-json\/wp\/v2\/media\/13901"}],"wp:attachment":[{"href":"https:\/\/web-ban-le.mbws.vn\/dong-ho\/wp-json\/wp\/v2\/media?parent=13729"}],"wp:term":[{"taxonomy":"product_brand","embeddable":true,"href":"https:\/\/web-ban-le.mbws.vn\/dong-ho\/wp-json\/wp\/v2\/product_brand?post=13729"},{"taxonomy":"product_cat","embeddable":true,"href":"https:\/\/web-ban-le.mbws.vn\/dong-ho\/wp-json\/wp\/v2\/product_cat?post=13729"},{"taxonomy":"product_tag","embeddable":true,"href":"https:\/\/web-ban-le.mbws.vn\/dong-ho\/wp-json\/wp\/v2\/product_tag?post=13729"}],"curies":[{"name":"wp","href":"https:\/\/api.w.org\/{rel}","templated":true}]}}