{"id":14574,"date":"2025-10-31T11:22:16","date_gmt":"2025-10-31T04:22:16","guid":{"rendered":"https:\/\/web-ban-le.mbws.vn\/dung-cu-tien-ich\/?post_type=product&#038;p=14574"},"modified":"2025-10-31T11:23:45","modified_gmt":"2025-10-31T04:23:45","slug":"%e2%9c%a8%e2%9c%a8but-danh-dau-lo-sau-da-nang-chieu-dai-20mm-dung-trong-lam-go-co-khi-phong-tam-xay-dung","status":"publish","type":"product","link":"https:\/\/web-ban-le.mbws.vn\/dung-cu-tien-ich\/san-pham\/%e2%9c%a8%e2%9c%a8but-danh-dau-lo-sau-da-nang-chieu-dai-20mm-dung-trong-lam-go-co-khi-phong-tam-xay-dung\/","title":{"rendered":"\u2728\u2728B\u00fat \u0111\u00e1nh d\u1ea5u l\u1ed7 s\u00e2u \u0111a n\u0103ng chi\u1ec1u d\u00e0i 20mm d\u00f9ng trong l\u00e0m g\u1ed7 c\u01a1 kh\u00ed ph\u00f2ng t\u1eafm x\u00e2y d\u1ef1ng"},"content":{"rendered":"<div class=\"e8lZp3\">\n<p class=\"QN2lPu\">B\u00fat \u0110\u00e1nh D\u1ea5u Ng\u00f2i D\u00e0i D\u1ea7u B\u00fat \u0110\u00e1nh D\u1ea5u G\u1ea1ch Ch\u1ebf Bi\u1ebfn G\u1ed7 B\u00fat \u0110\u00e1nh D\u1ea5u \u0110\u1ecbnh V\u1ecb M\u1edf R\u1ed9ng<\/p>\n<p class=\"QN2lPu\">\n<p class=\"QN2lPu\">t\u00ednh n\u0103ng<\/p>\n<p class=\"QN2lPu\">C\u00f4ng su\u1ea5t l\u1edbn, kh\u00f4ng th\u1ea5m n\u01b0\u1edbc, th\u01b0\u1edbc t\u00edch h\u1ee3p, kh\u00f4 nhanh<\/p>\n<p class=\"QN2lPu\">Ng\u00f2i m\u1ecbn: B\u00fat \u0111\u00e1nh d\u1ea5u n\u00e0y c\u00f3 ng\u00f2i d\u00e0i 20mm c\u00f3 th\u1ec3 \u0111i qua c\u00e1c l\u1ed7 l\u1eafp nh\u1ecf \u0111\u1ec3 tr\u00e1nh sai s\u00f3t.<\/p>\n<p class=\"QN2lPu\">M\u1ef1c ch\u1ea5t l\u01b0\u1ee3ng cao: s\u1eed d\u1ee5ng m\u1ef1c kh\u00f4ng th\u1ea5m n\u01b0\u1edbc, v\u1edbi c\u00e1c ch\u1ee9c n\u0103ng m\u1ea1nh m\u1ebd, \u0111\u00e1nh d\u1ea5u kh\u00f4ng s\u1ee3 n\u01b0\u1edbc.<\/p>\n<p class=\"QN2lPu\">\u0110i k\u00e8m v\u1edbi Th\u01b0\u1edbc k\u1ebb: \u1ed0ng b\u00fat c\u00f3 thang \u0111o 3cm, v\u00ec v\u1eady b\u1ea1n kh\u00f4ng c\u1ea7n ph\u1ea3i t\u00ecm th\u01b0\u1edbc k\u1ebb, gi\u00fap b\u1ea1n d\u1ec5 d\u00e0ng \u0111o l\u01b0\u1eddng khi s\u1eed d\u1ee5ng.<\/p>\n<p class=\"QN2lPu\">\u1ee8ng d\u1ee5ng r\u1ed9ng r\u00e3i: Th\u00edch h\u1ee3p cho vi\u1ec7c \u0111\u00e1nh d\u1ea5u l\u1ed7 s\u00e2u v\u00e0 v\u1ecb tr\u00ed gia c\u00f4ng c\u1ea7n thi\u1ebft cho trang tr\u00ed nh\u00e0 c\u1eeda v\u00e0 s\u1ea3n xu\u1ea5t c\u00f4ng nghi\u1ec7p.<\/p>\n<p class=\"QN2lPu\">\n<p class=\"QN2lPu\">\u0110\u1eb7c \u0111i\u1ec3m k\u1ef9 thu\u1eadt<\/p>\n<p class=\"QN2lPu\">Ch\u1ea5t li\u1ec7u: Nh\u1ef1a<\/p>\n<p class=\"QN2lPu\">\u0110\u1ea7u b\u00fat: Chi\u1ec1u r\u1ed9ng: 2mm, Chi\u1ec1u d\u00e0i: 20mm<\/p>\n<p class=\"QN2lPu\">K\u00edch th\u01b0\u1edbc s\u1ea3n ph\u1ea9m: 6 x 3,5 x 1,5cm<\/p>\n<p class=\"QN2lPu\">\n<p class=\"QN2lPu\">G\u00f3i bao g\u1ed3m<\/p>\n<p class=\"QN2lPu\">1 x \u0110i\u1ec3m \u0111\u00e1nh d\u1ea5u<\/p>\n<p class=\"QN2lPu\">Kh\u00f4ng c\u00f3 h\u1ed9p b\u00e1n l\u1ebb. \u0110\u00f3ng g\u00f3i an to\u00e0n trong t\u00fai.<\/p>\n<p class=\"QN2lPu\">\n<p class=\"QN2lPu\">L\u01b0u \u00fd:<\/p>\n<p class=\"QN2lPu\">C\u00f3 th\u1ec3 c\u00f3 m\u1ed9t s\u1ed1 kh\u00e1c bi\u1ec7t nh\u1ecf trong t\u00f4ng m\u00e0u c\u1ee7a h\u00ecnh \u1ea3nh v\u00e0 m\u1eb7t h\u00e0ng th\u1ef1c t\u1ebf.<\/p>\n<p class=\"QN2lPu\">Vui l\u00f2ng cho ph\u00e9p ch\u00eanh l\u1ec7ch 1-2mm do \u0111o l\u01b0\u1eddng th\u1ee7 c\u00f4ng, c\u1ea3m \u01a1n.<\/p>\n<\/div>\n","protected":false},"excerpt":{"rendered":"<p>B\u00fat \u0110\u00e1nh D\u1ea5u Ng\u00f2i D\u00e0i D\u1ea7u B\u00fat \u0110\u00e1nh D\u1ea5u G\u1ea1ch Ch\u1ebf Bi\u1ebfn G\u1ed7 B\u00fat \u0110\u00e1nh D\u1ea5u \u0110\u1ecbnh V\u1ecb M\u1edf R\u1ed9ng t\u00ednh n\u0103ng C\u00f4ng su\u1ea5t l\u1edbn, kh\u00f4ng th\u1ea5m n\u01b0\u1edbc, th\u01b0\u1edbc t\u00edch h\u1ee3p, kh\u00f4 nhanh Ng\u00f2i m\u1ecbn: B\u00fat \u0111\u00e1nh d\u1ea5u n\u00e0y c\u00f3 ng\u00f2i d\u00e0i 20mm c\u00f3 th\u1ec3 \u0111i qua c\u00e1c l\u1ed7 l\u1eafp nh\u1ecf \u0111\u1ec3 tr\u00e1nh sai s\u00f3t&#8230;.<\/p>\n","protected":false},"featured_media":14667,"comment_status":"open","ping_status":"closed","template":"","meta":[],"product_brand":[],"product_cat":[1398],"product_tag":[],"class_list":{"0":"post-14574","1":"product","2":"type-product","3":"status-publish","4":"has-post-thumbnail","6":"product_cat-dung-cu-do-luong","8":"first","9":"instock","10":"sale","11":"shipping-taxable","12":"purchasable","13":"product-type-variable"},"_links":{"self":[{"href":"https:\/\/web-ban-le.mbws.vn\/dung-cu-tien-ich\/wp-json\/wp\/v2\/product\/14574","targetHints":{"allow":["GET"]}}],"collection":[{"href":"https:\/\/web-ban-le.mbws.vn\/dung-cu-tien-ich\/wp-json\/wp\/v2\/product"}],"about":[{"href":"https:\/\/web-ban-le.mbws.vn\/dung-cu-tien-ich\/wp-json\/wp\/v2\/types\/product"}],"replies":[{"embeddable":true,"href":"https:\/\/web-ban-le.mbws.vn\/dung-cu-tien-ich\/wp-json\/wp\/v2\/comments?post=14574"}],"wp:featuredmedia":[{"embeddable":true,"href":"https:\/\/web-ban-le.mbws.vn\/dung-cu-tien-ich\/wp-json\/wp\/v2\/media\/14667"}],"wp:attachment":[{"href":"https:\/\/web-ban-le.mbws.vn\/dung-cu-tien-ich\/wp-json\/wp\/v2\/media?parent=14574"}],"wp:term":[{"taxonomy":"product_brand","embeddable":true,"href":"https:\/\/web-ban-le.mbws.vn\/dung-cu-tien-ich\/wp-json\/wp\/v2\/product_brand?post=14574"},{"taxonomy":"product_cat","embeddable":true,"href":"https:\/\/web-ban-le.mbws.vn\/dung-cu-tien-ich\/wp-json\/wp\/v2\/product_cat?post=14574"},{"taxonomy":"product_tag","embeddable":true,"href":"https:\/\/web-ban-le.mbws.vn\/dung-cu-tien-ich\/wp-json\/wp\/v2\/product_tag?post=14574"}],"curies":[{"name":"wp","href":"https:\/\/api.w.org\/{rel}","templated":true}]}}