{"id":14605,"date":"2025-10-31T11:22:37","date_gmt":"2025-10-31T04:22:37","guid":{"rendered":"https:\/\/web-ban-le.mbws.vn\/dung-cu-tien-ich\/?post_type=product&#038;p=14605"},"modified":"2025-10-31T11:23:45","modified_gmt":"2025-10-31T04:23:45","slug":"%e2%9c%a8%ef%b8%8f%e2%9c%a8%ef%b8%8fdung-cu-thao-day-dong-ho-thong-minh-mini-day-deo-thay-the-co-the-dieu-chinh-do-dai-cho-bang-thong-minh","status":"publish","type":"product","link":"https:\/\/web-ban-le.mbws.vn\/dung-cu-tien-ich\/san-pham\/%e2%9c%a8%ef%b8%8f%e2%9c%a8%ef%b8%8fdung-cu-thao-day-dong-ho-thong-minh-mini-day-deo-thay-the-co-the-dieu-chinh-do-dai-cho-bang-thong-minh\/","title":{"rendered":"\u2728\ufe0f\u2728\ufe0fD\u1ee5ng C\u1ee5 Th\u00e1o D\u00e2y \u0110\u1ed3ng H\u1ed3 Th\u00f4ng Minh Mini D\u00e2y \u0110eo Thay Th\u1ebf C\u00f3 Th\u1ec3 \u0110i\u1ec1u Ch\u1ec9nh \u0110\u1ed9 D\u00e0i Cho B\u0103ng Th\u00f4ng Minh"},"content":{"rendered":"<div class=\"e8lZp3\">\n<p class=\"QN2lPu\">D\u1ee5ng c\u1ee5 th\u00e1o \u0111\u1ed3ng h\u1ed3 b\u1eb1ng nh\u1ef1a, th\u00e1o r\u1eddi d\u00e2y \u0111eo \u0111\u1ed3ng h\u1ed3, d\u1ee5ng c\u1ee5 s\u1eeda ch\u1eefa \u0111\u1ed3ng h\u1ed3<\/p>\n<p class=\"QN2lPu\">\u0110\u1eb7c tr\u01b0ng<\/p>\n<p class=\"QN2lPu\">Th\u00e1o r\u1eddi d\u00e2y \u0111eo \u0111\u1ed3ng h\u1ed3, d\u1ec5 d\u00e0ng, kh\u00f4ng t\u1ed1n s\u1ee9c, b\u1ec1n b\u1ec9<\/p>\n<p class=\"QN2lPu\">V\u1eadt li\u1ec7u ch\u1ea5t l\u01b0\u1ee3ng cao: t\u1ed1t nh\u1ea5t l\u00e0 nh\u1ef1a ABS, k\u1ebft h\u1ee3p v\u1edbi kim th\u00e9p kh\u00f4ng g\u1ec9 t\u00edch h\u1ee3p \u0111\u1ec3 l\u00e0m cho s\u1ea3n ph\u1ea9m b\u1ec1n h\u01a1n.<\/p>\n<p class=\"QN2lPu\">Ren tr\u01a1n: Ren tr\u01a1n c\u00f3 th\u1ec3 d\u1ec5 d\u00e0ng xo\u1eafn, gi\u00fap vi\u1ec7c th\u00e1o r\u1eddi tr\u1edf n\u00ean d\u1ec5 d\u00e0ng h\u01a1n.<\/p>\n<p class=\"QN2lPu\">\u0110\u1eb7c \u0111i\u1ec3m k\u1ef9 thu\u1eadt<\/p>\n<p class=\"QN2lPu\">Ch\u1ea5t li\u1ec7u: Nh\u1ef1a<\/p>\n<p class=\"QN2lPu\">K\u00edch th\u01b0\u1edbc s\u1ea3n ph\u1ea9m: 5,6 x 2,2 x 2,2cm<\/p>\n<p class=\"QN2lPu\">G\u00f3i h\u00e0ng bao g\u1ed3m<\/p>\n<p class=\"QN2lPu\">1 x B\u1ed9 \u0111i\u1ec1u ch\u1ec9nh<\/p>\n<p class=\"QN2lPu\">KH\u00d4NG C\u00d3 H\u1ed9p B\u00e1n L\u1ebb. \u0110\u00f3ng g\u00f3i an to\u00e0n trong T\u00fai.<\/p>\n<p class=\"QN2lPu\">Ghi ch\u00fa:<\/p>\n<p class=\"QN2lPu\">C\u00f3 th\u1ec3 c\u00f3 m\u1ed9t s\u1ed1 kh\u00e1c bi\u1ec7t nh\u1ecf v\u1ec1 t\u00f4ng m\u00e0u gi\u1eefa h\u00ecnh \u1ea3nh v\u00e0 s\u1ea3n ph\u1ea9m th\u1ef1c t\u1ebf.<\/p>\n<p class=\"QN2lPu\">Xin vui l\u00f2ng cho ph\u00e9p sai s\u1ed1 k\u00edch th\u01b0\u1edbc t\u1eeb 1-2mm do \u0111o l\u01b0\u1eddng th\u1ee7 c\u00f4ng, c\u1ea3m \u01a1n.<\/p>\n<\/div>\n","protected":false},"excerpt":{"rendered":"<p>D\u1ee5ng c\u1ee5 th\u00e1o \u0111\u1ed3ng h\u1ed3 b\u1eb1ng nh\u1ef1a, th\u00e1o r\u1eddi d\u00e2y \u0111eo \u0111\u1ed3ng h\u1ed3, d\u1ee5ng c\u1ee5 s\u1eeda ch\u1eefa \u0111\u1ed3ng h\u1ed3 \u0110\u1eb7c tr\u01b0ng Th\u00e1o r\u1eddi d\u00e2y \u0111eo \u0111\u1ed3ng h\u1ed3, d\u1ec5 d\u00e0ng, kh\u00f4ng t\u1ed1n s\u1ee9c, b\u1ec1n b\u1ec9 V\u1eadt li\u1ec7u ch\u1ea5t l\u01b0\u1ee3ng cao: t\u1ed1t nh\u1ea5t l\u00e0 nh\u1ef1a ABS, k\u1ebft h\u1ee3p v\u1edbi kim th\u00e9p kh\u00f4ng g\u1ec9 t\u00edch h\u1ee3p \u0111\u1ec3 l\u00e0m&#8230;<\/p>\n","protected":false},"featured_media":14701,"comment_status":"open","ping_status":"closed","template":"","meta":[],"product_brand":[],"product_cat":[1406],"product_tag":[],"class_list":{"0":"post-14605","1":"product","2":"type-product","3":"status-publish","4":"has-post-thumbnail","6":"product_cat-hop-dung-cu-cam-tay","8":"first","9":"instock","10":"sale","11":"shipping-taxable","12":"purchasable","13":"product-type-simple"},"_links":{"self":[{"href":"https:\/\/web-ban-le.mbws.vn\/dung-cu-tien-ich\/wp-json\/wp\/v2\/product\/14605","targetHints":{"allow":["GET"]}}],"collection":[{"href":"https:\/\/web-ban-le.mbws.vn\/dung-cu-tien-ich\/wp-json\/wp\/v2\/product"}],"about":[{"href":"https:\/\/web-ban-le.mbws.vn\/dung-cu-tien-ich\/wp-json\/wp\/v2\/types\/product"}],"replies":[{"embeddable":true,"href":"https:\/\/web-ban-le.mbws.vn\/dung-cu-tien-ich\/wp-json\/wp\/v2\/comments?post=14605"}],"wp:featuredmedia":[{"embeddable":true,"href":"https:\/\/web-ban-le.mbws.vn\/dung-cu-tien-ich\/wp-json\/wp\/v2\/media\/14701"}],"wp:attachment":[{"href":"https:\/\/web-ban-le.mbws.vn\/dung-cu-tien-ich\/wp-json\/wp\/v2\/media?parent=14605"}],"wp:term":[{"taxonomy":"product_brand","embeddable":true,"href":"https:\/\/web-ban-le.mbws.vn\/dung-cu-tien-ich\/wp-json\/wp\/v2\/product_brand?post=14605"},{"taxonomy":"product_cat","embeddable":true,"href":"https:\/\/web-ban-le.mbws.vn\/dung-cu-tien-ich\/wp-json\/wp\/v2\/product_cat?post=14605"},{"taxonomy":"product_tag","embeddable":true,"href":"https:\/\/web-ban-le.mbws.vn\/dung-cu-tien-ich\/wp-json\/wp\/v2\/product_tag?post=14605"}],"curies":[{"name":"wp","href":"https:\/\/api.w.org\/{rel}","templated":true}]}}