{"id":14749,"date":"2025-10-31T11:24:09","date_gmt":"2025-10-31T04:24:09","guid":{"rendered":"https:\/\/web-ban-le.mbws.vn\/dung-cu-tien-ich\/?post_type=product&#038;p=14749"},"modified":"2025-10-31T18:47:47","modified_gmt":"2025-10-31T11:47:47","slug":"%e2%9c%a8%ef%b8%8f%e2%9c%a8%ef%b8%8fbo-3-mon-dung-cu-an-uong-bang-thep-khong-gi-tay-cam-nhua-hinh-hoat-hinh-cinnamoroll-kuromi-pochacco","status":"publish","type":"product","link":"https:\/\/web-ban-le.mbws.vn\/dung-cu-tien-ich\/san-pham\/%e2%9c%a8%ef%b8%8f%e2%9c%a8%ef%b8%8fbo-3-mon-dung-cu-an-uong-bang-thep-khong-gi-tay-cam-nhua-hinh-hoat-hinh-cinnamoroll-kuromi-pochacco\/","title":{"rendered":"\u2728\ufe0f\u2728\ufe0fB\u1ed9 3 M\u00f3n D\u1ee5ng C\u1ee5 \u0102n U\u1ed1ng B\u1eb1ng Th\u00e9p Kh\u00f4ng G\u1ec9 Tay C\u1ea7m Nh\u1ef1a H\u00ecnh Ho\u1ea1t H\u00ecnh cinnamoroll kuromi pochacco"},"content":{"rendered":"<div class=\"e8lZp3\">\n<p class=\"QN2lPu\">B\u1ed9 \u0111\u1ed3 \u0103n b\u1eb1ng th\u00e9p kh\u00f4ng g\u1ec9 Sanrio B\u1ed9 th\u00eca n\u0129a \u0110\u0169a B\u1ed9 3 m\u00f3n B\u1ed9 \u0111\u1ed3 \u0103n d\u1ec5 th\u01b0\u01a1ng \u0110\u1eb7c \u0111i\u1ec3m Ch\u1ea5t li\u1ec7u ch\u1ea5t l\u01b0\u1ee3ng cao, S\u1eed d\u1ee5ng r\u1ed9ng r\u00e3i, Tay c\u1ea7m d\u00e0i, <\/p>\n<p class=\"QN2lPu\">\n<p class=\"QN2lPu\">Thi\u1ebft k\u1ebf ti\u1ec7n l\u1ee3i, di \u0111\u1ed9ng: Nh\u1eefng b\u1ed9 \u0111\u1ed3 \u0103n n\u00e0y c\u00f3 thi\u1ebft k\u1ebf tay c\u1ea7m d\u00e0i v\u00e0 c\u00f3 ba ki\u1ec3u: n\u0129a, th\u00eca v\u00e0 \u0111\u0169a . <\/p>\n<p class=\"QN2lPu\">\n<p class=\"QN2lPu\">Ki\u1ec3u d\u00e1ng tay c\u1ea7m d\u00e0i d\u1ec5 c\u1ea7m n\u1eafm, thu\u1eadn ti\u1ec7n cho vi\u1ec7c m\u00fac s\u00fap, \u0103n u\u1ed1ng v\u00e0 ph\u1ee5c v\u1ee5 rau c\u1ee7. <\/p>\n<p class=\"QN2lPu\">\n<p class=\"QN2lPu\">Th\u00f4ng s\u1ed1 k\u1ef9 thu\u1eadt Ch\u1ea5t li\u1ec7u: Th\u00e9p kh\u00f4ng g\u1ec9 <\/p>\n<p class=\"QN2lPu\">\n<p class=\"QN2lPu\">K\u00edch th\u01b0\u1edbc s\u1ea3n ph\u1ea9m: 22 x 2 x 3cm <\/p>\n<p class=\"QN2lPu\">\n<p class=\"QN2lPu\">G\u00f3i h\u00e0ng bao g\u1ed3m 1 x B\u1ed9 \u0111\u1ed3 \u0103n \u0111\u01b0\u1ee3c \u0111\u00f3ng g\u00f3i an to\u00e0n trong h\u1ed9p. <\/p>\n<p class=\"QN2lPu\">\n<p class=\"QN2lPu\">H\u1ed9p \u0111\u1ef1ng ph\u00f9 h\u1ee3p cho ph\u00e9p b\u1ea1n mang theo nh\u1eefng d\u1ee5ng c\u1ee5 n\u00e0y b\u00ean m\u00ecnh, \u0111\u1eb7c bi\u1ec7t l\u00e0 khi \u0111i c\u00f4ng t\u00e1c, \u0111i ch\u01a1i, \u0111i l\u00e0m v\u00e0 d\u00f9ng b\u1eefa, r\u1ea5t thi\u1ebft th\u1ef1c v\u00e0 ti\u1ec7n l\u1ee3i.<\/p>\n<p class=\"QN2lPu\">\n<p class=\"QN2lPu\">V\u1eadt li\u1ec7u ch\u1ea5t l\u01b0\u1ee3ng cao: Nh\u1eefng b\u1ed9 \u0111\u1ed3 \u0103n n\u00e0y \u0111\u01b0\u1ee3c l\u00e0m t\u1eeb ch\u1ea5t li\u1ec7u th\u00e9p kh\u00f4ng g\u1ec9 ch\u1ea5t l\u01b0\u1ee3ng cao, kh\u00f4ng b\u1ecb r\u1ec9 s\u00e9t, r\u1ea5t b\u1ec1n v\u00e0 kh\u00f4ng \u1ea3nh h\u01b0\u1edfng \u0111\u1ebfn m\u00f9i v\u1ecb c\u1ee7a \u0111\u1ed3 v\u1eadt. <\/p>\n<p class=\"QN2lPu\">\n<p class=\"QN2lPu\">L\u01b0u \u00fd: C\u00f3 th\u1ec3 c\u00f3 m\u1ed9t s\u1ed1 kh\u00e1c bi\u1ec7t nh\u1ecf v\u1ec1 t\u00f4ng m\u00e0u c\u1ee7a h\u00ecnh \u1ea3nh v\u00e0 s\u1ea3n ph\u1ea9m th\u1ef1c t\u1ebf. <\/p>\n<p class=\"QN2lPu\">Vui l\u00f2ng cho ph\u00e9p sai s\u1ed1 1-2mm do \u0111o l\u01b0\u1eddng th\u1ee7 c\u00f4ng, c\u1ea3m \u01a1n.<\/p>\n<\/div>\n","protected":false},"excerpt":{"rendered":"<p>B\u1ed9 \u0111\u1ed3 \u0103n b\u1eb1ng th\u00e9p kh\u00f4ng g\u1ec9 Sanrio B\u1ed9 th\u00eca n\u0129a \u0110\u0169a B\u1ed9 3 m\u00f3n B\u1ed9 \u0111\u1ed3 \u0103n d\u1ec5 th\u01b0\u01a1ng \u0110\u1eb7c \u0111i\u1ec3m Ch\u1ea5t li\u1ec7u ch\u1ea5t l\u01b0\u1ee3ng cao, S\u1eed d\u1ee5ng r\u1ed9ng r\u00e3i, Tay c\u1ea7m d\u00e0i, Thi\u1ebft k\u1ebf ti\u1ec7n l\u1ee3i, di \u0111\u1ed9ng: Nh\u1eefng b\u1ed9 \u0111\u1ed3 \u0103n n\u00e0y c\u00f3 thi\u1ebft k\u1ebf tay c\u1ea7m d\u00e0i v\u00e0 c\u00f3 ba ki\u1ec3u:&#8230;<\/p>\n","protected":false},"featured_media":14848,"comment_status":"open","ping_status":"closed","template":"","meta":[],"product_brand":[1541],"product_cat":[1442,1440,1441],"product_tag":[],"class_list":{"0":"post-14749","1":"product","2":"type-product","3":"status-publish","4":"has-post-thumbnail","6":"product_brand-locknlock","7":"product_cat-nia","8":"product_cat-dao","9":"product_cat-muong","11":"first","12":"instock","13":"sale","14":"shipping-taxable","15":"purchasable","16":"product-type-variable"},"_links":{"self":[{"href":"https:\/\/web-ban-le.mbws.vn\/dung-cu-tien-ich\/wp-json\/wp\/v2\/product\/14749","targetHints":{"allow":["GET"]}}],"collection":[{"href":"https:\/\/web-ban-le.mbws.vn\/dung-cu-tien-ich\/wp-json\/wp\/v2\/product"}],"about":[{"href":"https:\/\/web-ban-le.mbws.vn\/dung-cu-tien-ich\/wp-json\/wp\/v2\/types\/product"}],"replies":[{"embeddable":true,"href":"https:\/\/web-ban-le.mbws.vn\/dung-cu-tien-ich\/wp-json\/wp\/v2\/comments?post=14749"}],"wp:featuredmedia":[{"embeddable":true,"href":"https:\/\/web-ban-le.mbws.vn\/dung-cu-tien-ich\/wp-json\/wp\/v2\/media\/14848"}],"wp:attachment":[{"href":"https:\/\/web-ban-le.mbws.vn\/dung-cu-tien-ich\/wp-json\/wp\/v2\/media?parent=14749"}],"wp:term":[{"taxonomy":"product_brand","embeddable":true,"href":"https:\/\/web-ban-le.mbws.vn\/dung-cu-tien-ich\/wp-json\/wp\/v2\/product_brand?post=14749"},{"taxonomy":"product_cat","embeddable":true,"href":"https:\/\/web-ban-le.mbws.vn\/dung-cu-tien-ich\/wp-json\/wp\/v2\/product_cat?post=14749"},{"taxonomy":"product_tag","embeddable":true,"href":"https:\/\/web-ban-le.mbws.vn\/dung-cu-tien-ich\/wp-json\/wp\/v2\/product_tag?post=14749"}],"curies":[{"name":"wp","href":"https:\/\/api.w.org\/{rel}","templated":true}]}}