{"id":14788,"date":"2025-10-31T11:24:32","date_gmt":"2025-10-31T04:24:32","guid":{"rendered":"https:\/\/web-ban-le.mbws.vn\/dung-cu-tien-ich\/?post_type=product&#038;p=14788"},"modified":"2025-10-31T11:25:44","modified_gmt":"2025-10-31T04:25:44","slug":"%e2%9c%a8%ef%b8%8f%e2%9c%a8%ef%b8%8f15cm-thep-khong-gi-dao-roc-giay-da-nang-dao-roc-giay-inox-loai-tot-dao-doc-giay-dao-cat-giay","status":"publish","type":"product","link":"https:\/\/web-ban-le.mbws.vn\/dung-cu-tien-ich\/san-pham\/%e2%9c%a8%ef%b8%8f%e2%9c%a8%ef%b8%8f15cm-thep-khong-gi-dao-roc-giay-da-nang-dao-roc-giay-inox-loai-tot-dao-doc-giay-dao-cat-giay\/","title":{"rendered":"\u2728\ufe0f\u2728\ufe0f15cm Th\u00e9p kh\u00f4ng g\u1ec9 dao r\u1ecdc gi\u1ea5y \u0111a n\u0103ng dao r\u1ecdc gi\u1ea5y inox lo\u1ea1i t\u1ed1t dao d\u1ecdc gi\u1ea5y dao c\u1eaft gi\u1ea5y"},"content":{"rendered":"<div class=\"e8lZp3\">\n<p class=\"QN2lPu\">M\u00e1y c\u1eaft ngh\u1ec7 thu\u1eadt b\u1eb1ng th\u00e9p kh\u00f4ng g\u1ec9 C\u1edd l\u00ea 9 trong 1 M\u00e1y c\u1eaft ngh\u1ec7 thu\u1eadt t\u1ef7 l\u1ec7 chia \u0111\u1ed9 M\u00e1y c\u1eaft gi\u1ea5y s\u1eafc n\u00e9t T\u00ednh n\u0103ng Th\u00e9p kh\u00f4ng g\u1ec9, c\u00f3 th\u1ec3 thu v\u00e0o, d\u00e0y, n\u1eb7ng, <\/p>\n<p class=\"QN2lPu\">s\u1eafc n\u00e9t Ngo\u1ea1i h\u00ecnh b\u1eaft m\u1eaft: D\u1ee5ng c\u1ee5 c\u1eaft n\u00e0y kh\u00e1c v\u1edbi c\u00e1c d\u1ee5ng c\u1ee5 c\u1eaft truy\u1ec1n th\u1ed1ng, v\u1edbi l\u01b0\u1ee1i dao b\u1eb1ng th\u00e9p kh\u00f4ng g\u1ec9 Nh\u00ecn chung, tay c\u1ea7m tinh t\u1ebf v\u00e0 tho\u1ea3i m\u00e1i, kh\u00f4ng th\u1ea5m n\u01b0\u1edbc v\u00e0 kh\u00f4ng d\u1ec5 b\u1ecb r\u1ec9 s\u00e9t. <\/p>\n<p class=\"QN2lPu\">\n<p class=\"QN2lPu\">N\u00f3 c\u0169ng c\u00f3 ch\u1ee9c n\u0103ng c\u1ee7a m\u1ed9t c\u1edd l\u00ea l\u1ee5c gi\u00e1c b\u00ean ngo\u00e0i, c\u00f3 th\u1ec3 \u0111\u01b0\u1ee3c s\u1eed d\u1ee5ng \u0111\u1ec3 si\u1ebft ch\u1eb7t c\u00e1c \u1ed1c v\u00edt c\u00f3 k\u00edch c\u1ee1 kh\u00e1c nhau v\u00e0 t\u1ef1 s\u1eeda ch\u1eefa \u0111\u1ed3 n\u1ed9i th\u1ea5t v\u00e0 c\u00e1c thi\u1ebft b\u1ecb kh\u00e1c. <\/p>\n<p class=\"QN2lPu\">\n<p class=\"QN2lPu\">Thi\u1ebft k\u1ebf: Kh\u00f3a kh\u00f3a tr\u00ean dao ngh\u1ec7 thu\u1eadt s\u1eed d\u1ee5ng thi\u1ebft k\u1ebf kh\u00f3a xoay, b\u1ec1n h\u01a1n khi s\u1eed d\u1ee5ng. <\/p>\n<p class=\"QN2lPu\">\n<p class=\"QN2lPu\">L\u01b0\u1ee1i dao s\u1eed d\u1ee5ng tay c\u1ea7m h\u00ecnh v\u00f2ng cung, \u0111\u01b0\u1ee3c thi\u1ebft k\u1ebf c\u00f4ng th\u00e1i h\u1ecdc \u0111\u1ec3 c\u1ea7m n\u1eafm tho\u1ea3i m\u00e1i h\u01a1n. <\/p>\n<p class=\"QN2lPu\">\n<p class=\"QN2lPu\">\u0110a n\u0103ng: Lo\u1ea1i dao n\u00e0y r\u1ea5t s\u1eafc b\u00e9n v\u00e0 c\u00f3 th\u1ec3 d\u00f9ng l\u00e0m c\u00f4ng c\u1ee5 m\u1edf bao b\u00ec, C\u1eaft gi\u1ea5y, l\u00e0m \u0111\u1ed3 th\u1ee7 c\u00f4ng, v.v.<\/p>\n<p class=\"QN2lPu\">\n<p class=\"QN2lPu\"> V\u00ec r\u1ea5t s\u1eafc n\u00ean khi s\u1eed d\u1ee5ng ph\u1ea3i h\u1ebft s\u1ee9c c\u1ea9n th\u1eadn v\u00e0 c\u00f3 thi\u1ebft k\u1ebf c\u00f3 th\u1ec3 thu v\u00e0o \u0111\u1ec3 tr\u00e1nh b\u1ecb th\u01b0\u01a1ng v\u00e0 t\u1ed5n th\u01b0\u01a1ng. t\u1ea1o \u0111i\u1ec1u ki\u1ec7n thu\u1eadn l\u1ee3i cho vi\u1ec7c l\u01b0u tr\u1eef. <\/p>\n<p class=\"QN2lPu\">\n<p class=\"QN2lPu\">Th\u00f4ng s\u1ed1 k\u1ef9 thu\u1eadt Ch\u1ea5t li\u1ec7u: Th\u00e9p kh\u00f4ng g\u1ec9 <\/p>\n<p class=\"QN2lPu\">K\u00edch th\u01b0\u1edbc s\u1ea3n ph\u1ea9m: 15 x 3 x 1cm G\u00f3i h\u00e0ng bao g\u1ed3m 1 x M\u00e1y c\u1eaft ngh\u1ec7 thu\u1eadt Kh\u00f4ng c\u00f3 h\u1ed9p b\u00e1n l\u1ebb. <\/p>\n<p class=\"QN2lPu\">\u0110\u00f3ng g\u00f3i An To\u00e0n trong T\u00fai OPP. <\/p>\n<p class=\"QN2lPu\">\n<p class=\"QN2lPu\">L\u01b0u \u00fd: C\u00f3 th\u1ec3 c\u00f3 m\u1ed9t s\u1ed1 kh\u00e1c bi\u1ec7t nh\u1ecf v\u1ec1 t\u00f4ng m\u00e0u c\u1ee7a h\u00ecnh \u1ea3nh v\u00e0 s\u1ea3n ph\u1ea9m th\u1ef1c t\u1ebf. Vui l\u00f2ng cho ph\u00e9p sai s\u1ed1 1-2mm do \u0111o l\u01b0\u1eddng th\u1ee7 c\u00f4ng, c\u1ea3m \u01a1n.<\/p>\n<\/div>\n","protected":false},"excerpt":{"rendered":"<p>M\u00e1y c\u1eaft ngh\u1ec7 thu\u1eadt b\u1eb1ng th\u00e9p kh\u00f4ng g\u1ec9 C\u1edd l\u00ea 9 trong 1 M\u00e1y c\u1eaft ngh\u1ec7 thu\u1eadt t\u1ef7 l\u1ec7 chia \u0111\u1ed9 M\u00e1y c\u1eaft gi\u1ea5y s\u1eafc n\u00e9t T\u00ednh n\u0103ng Th\u00e9p kh\u00f4ng g\u1ec9, c\u00f3 th\u1ec3 thu v\u00e0o, d\u00e0y, n\u1eb7ng, s\u1eafc n\u00e9t Ngo\u1ea1i h\u00ecnh b\u1eaft m\u1eaft: D\u1ee5ng c\u1ee5 c\u1eaft n\u00e0y kh\u00e1c v\u1edbi c\u00e1c d\u1ee5ng c\u1ee5 c\u1eaft truy\u1ec1n th\u1ed1ng,&#8230;<\/p>\n","protected":false},"featured_media":14882,"comment_status":"open","ping_status":"closed","template":"","meta":[],"product_brand":[],"product_cat":[1457],"product_tag":[],"class_list":{"0":"post-14788","1":"product","2":"type-product","3":"status-publish","4":"has-post-thumbnail","6":"product_cat-thiet-bi-khac","8":"first","9":"instock","10":"sale","11":"shipping-taxable","12":"purchasable","13":"product-type-simple"},"_links":{"self":[{"href":"https:\/\/web-ban-le.mbws.vn\/dung-cu-tien-ich\/wp-json\/wp\/v2\/product\/14788","targetHints":{"allow":["GET"]}}],"collection":[{"href":"https:\/\/web-ban-le.mbws.vn\/dung-cu-tien-ich\/wp-json\/wp\/v2\/product"}],"about":[{"href":"https:\/\/web-ban-le.mbws.vn\/dung-cu-tien-ich\/wp-json\/wp\/v2\/types\/product"}],"replies":[{"embeddable":true,"href":"https:\/\/web-ban-le.mbws.vn\/dung-cu-tien-ich\/wp-json\/wp\/v2\/comments?post=14788"}],"wp:featuredmedia":[{"embeddable":true,"href":"https:\/\/web-ban-le.mbws.vn\/dung-cu-tien-ich\/wp-json\/wp\/v2\/media\/14882"}],"wp:attachment":[{"href":"https:\/\/web-ban-le.mbws.vn\/dung-cu-tien-ich\/wp-json\/wp\/v2\/media?parent=14788"}],"wp:term":[{"taxonomy":"product_brand","embeddable":true,"href":"https:\/\/web-ban-le.mbws.vn\/dung-cu-tien-ich\/wp-json\/wp\/v2\/product_brand?post=14788"},{"taxonomy":"product_cat","embeddable":true,"href":"https:\/\/web-ban-le.mbws.vn\/dung-cu-tien-ich\/wp-json\/wp\/v2\/product_cat?post=14788"},{"taxonomy":"product_tag","embeddable":true,"href":"https:\/\/web-ban-le.mbws.vn\/dung-cu-tien-ich\/wp-json\/wp\/v2\/product_tag?post=14788"}],"curies":[{"name":"wp","href":"https:\/\/api.w.org\/{rel}","templated":true}]}}