{"id":14823,"date":"2025-10-31T11:24:56","date_gmt":"2025-10-31T04:24:56","guid":{"rendered":"https:\/\/web-ban-le.mbws.vn\/dung-cu-tien-ich\/?post_type=product&#038;p=14823"},"modified":"2025-10-31T11:26:34","modified_gmt":"2025-10-31T04:26:34","slug":"%e2%9c%a8%e2%9c%a8but-cat-gach-men-cat-kinh-dau-but-ma-kim-cuong-sieu-cung-cap","status":"publish","type":"product","link":"https:\/\/web-ban-le.mbws.vn\/dung-cu-tien-ich\/san-pham\/%e2%9c%a8%e2%9c%a8but-cat-gach-men-cat-kinh-dau-but-ma-kim-cuong-sieu-cung-cap\/","title":{"rendered":"\u2728\u2728B\u00fat C\u1eaft G\u1ea1ch Men, C\u1eaft K\u00ednh, \u0110\u1ea7u B\u00fat M\u1ea1 Kim C\u01b0\u01a1ng Si\u00eau C\u1ee9ng C\u00e1p"},"content":{"rendered":"<div class=\"e8lZp3\">\n<p class=\"QN2lPu\">B\u00fat \u0111\u00e1nh d\u1ea5u g\u1ea1ch men B\u00fat kh\u1eafc t\u1ea5m s\u1eaft th\u1ee7y tinh B\u00fat kh\u1eafc th\u00e9p vonfram T\u00ednh n\u0103ng Kh\u1eafc<\/p>\n<p class=\"QN2lPu\">\n<p class=\"QN2lPu\">Thi\u1ebft k\u1ebf di \u0111\u1ed9ng: B\u00fat \u0111\u00e1nh d\u1ea5u tu\u00e2n th\u1ee7 thi\u1ebft k\u1ebf ti\u1ec7n d\u1ee5ng, v\u1edbi th\u00e2n b\u00fat t\u00edch h\u1ee3p v\u00e0 m\u1ea1 cr\u00f4m nh\u01b0 m\u1ed9t t\u1ed5ng th\u1ec3.<\/p>\n<p class=\"QN2lPu\">\n<p class=\"QN2lPu\"> \u0110\u1ea7u b\u00fat \u0111\u01b0\u1ee3c l\u00e0m b\u1eb1ng h\u1ee3p kim v\u1eadt li\u1ec7u th\u00e9p vonfram c\u1ee9ng, gi\u00fap b\u1ea1n d\u1ec5 d\u00e0ng v\u1ebd c\u00e1c \u0111\u01b0\u1eddng k\u1ebb.<\/p>\n<p class=\"QN2lPu\">\n<p class=\"QN2lPu\"> H\u1ed9p \u0111\u1ef1ng b\u00fat t\u00edch h\u1ee3p c\u00f3 th\u1ec3 ch\u1ed1ng tr\u1ea7y x\u01b0\u1edbc. B\u00fat \u0111\u00e1nh d\u1ea5u \u0111i k\u00e8m v\u1edbi k\u1eb9p b\u00fat v\u00e0 c\u00f3 th\u1ec3 mang theo b\u00ean m\u00ecnh. <\/p>\n<p class=\"QN2lPu\">\n<p class=\"QN2lPu\">K\u1ebft c\u1ea5u ch\u1ed1ng tr\u01b0\u1ee3t c\u1ee7a gi\u00e1 \u0111\u1ee1 b\u00fat gi\u00fap thi\u1ebft k\u1ebf c\u1ee7a b\u1ea1n an t\u00e2m h\u01a1n. <\/p>\n<p class=\"QN2lPu\">\n<p class=\"QN2lPu\">\u00c1p d\u1ee5ng r\u1ed9ng r\u00e3i: B\u00fat \u0111\u00e1nh d\u1ea5u n\u00e0y ph\u00f9 h\u1ee3p \u0111\u1ec3 kh\u1eafc b\u1ec1 m\u1eb7t ho\u1eb7c \u0111\u00e1nh d\u1ea5u c\u00e1c v\u1eadt li\u1ec7u nh\u01b0 kim lo\u1ea1i, th\u1ee7y tinh v\u00e0 \u0111\u00e1.<\/p>\n<p class=\"QN2lPu\">\n<p class=\"QN2lPu\"> Th\u00f4ng s\u1ed1 k\u1ef9 thu\u1eadt Ch\u1ea5t li\u1ec7u: Th\u00e9p crom vanadi<\/p>\n<p class=\"QN2lPu\">\u0110\u1ea7u b\u00fat th\u00e9p vonfram K\u00edch th\u01b0\u1edbc s\u1ea3n ph\u1ea9m: 14,5 x 1 x 1,5cm <\/p>\n<p class=\"QN2lPu\">\n<p class=\"QN2lPu\">G\u00f3i h\u00e0ng bao g\u1ed3m 1 x B\u00fat \u0111\u00e1nh d\u1ea5u KH\u00d4NG C\u00d3 H\u1ed9p b\u00e1n l\u1ebb. <\/p>\n<p class=\"QN2lPu\">\u0110\u00f3ng g\u00f3i an to\u00e0n trong T\u00fai.<\/p>\n<p class=\"QN2lPu\">\n<p class=\"QN2lPu\"> L\u01b0u \u00fd: C\u00f3 th\u1ec3 c\u00f3 m\u1ed9t s\u1ed1 kh\u00e1c bi\u1ec7t nh\u1ecf trong t\u00f4ng m\u00e0u c\u1ee7a h\u00ecnh \u1ea3nh v\u00e0 s\u1ea3n ph\u1ea9m th\u1ef1c t\u1ebf. <\/p>\n<p class=\"QN2lPu\">Vui l\u00f2ng cho ph\u00e9p ch\u00eanh l\u1ec7ch 1-2mm do \u0111o th\u1ee7 c\u00f4ng, c\u1ea3m \u01a1n.<\/p>\n<\/div>\n","protected":false},"excerpt":{"rendered":"<p>B\u00fat \u0111\u00e1nh d\u1ea5u g\u1ea1ch men B\u00fat kh\u1eafc t\u1ea5m s\u1eaft th\u1ee7y tinh B\u00fat kh\u1eafc th\u00e9p vonfram T\u00ednh n\u0103ng Kh\u1eafc Thi\u1ebft k\u1ebf di \u0111\u1ed9ng: B\u00fat \u0111\u00e1nh d\u1ea5u tu\u00e2n th\u1ee7 thi\u1ebft k\u1ebf ti\u1ec7n d\u1ee5ng, v\u1edbi th\u00e2n b\u00fat t\u00edch h\u1ee3p v\u00e0 m\u1ea1 cr\u00f4m nh\u01b0 m\u1ed9t t\u1ed5ng th\u1ec3. \u0110\u1ea7u b\u00fat \u0111\u01b0\u1ee3c l\u00e0m b\u1eb1ng h\u1ee3p kim v\u1eadt li\u1ec7u th\u00e9p vonfram c\u1ee9ng,&#8230;<\/p>\n","protected":false},"featured_media":14939,"comment_status":"open","ping_status":"closed","template":"","meta":[],"product_brand":[],"product_cat":[1457],"product_tag":[],"class_list":{"0":"post-14823","1":"product","2":"type-product","3":"status-publish","4":"has-post-thumbnail","6":"product_cat-thiet-bi-khac","8":"first","9":"instock","10":"sale","11":"shipping-taxable","12":"purchasable","13":"product-type-variable"},"_links":{"self":[{"href":"https:\/\/web-ban-le.mbws.vn\/dung-cu-tien-ich\/wp-json\/wp\/v2\/product\/14823","targetHints":{"allow":["GET"]}}],"collection":[{"href":"https:\/\/web-ban-le.mbws.vn\/dung-cu-tien-ich\/wp-json\/wp\/v2\/product"}],"about":[{"href":"https:\/\/web-ban-le.mbws.vn\/dung-cu-tien-ich\/wp-json\/wp\/v2\/types\/product"}],"replies":[{"embeddable":true,"href":"https:\/\/web-ban-le.mbws.vn\/dung-cu-tien-ich\/wp-json\/wp\/v2\/comments?post=14823"}],"wp:featuredmedia":[{"embeddable":true,"href":"https:\/\/web-ban-le.mbws.vn\/dung-cu-tien-ich\/wp-json\/wp\/v2\/media\/14939"}],"wp:attachment":[{"href":"https:\/\/web-ban-le.mbws.vn\/dung-cu-tien-ich\/wp-json\/wp\/v2\/media?parent=14823"}],"wp:term":[{"taxonomy":"product_brand","embeddable":true,"href":"https:\/\/web-ban-le.mbws.vn\/dung-cu-tien-ich\/wp-json\/wp\/v2\/product_brand?post=14823"},{"taxonomy":"product_cat","embeddable":true,"href":"https:\/\/web-ban-le.mbws.vn\/dung-cu-tien-ich\/wp-json\/wp\/v2\/product_cat?post=14823"},{"taxonomy":"product_tag","embeddable":true,"href":"https:\/\/web-ban-le.mbws.vn\/dung-cu-tien-ich\/wp-json\/wp\/v2\/product_tag?post=14823"}],"curies":[{"name":"wp","href":"https:\/\/api.w.org\/{rel}","templated":true}]}}