{"id":14931,"date":"2025-10-31T11:26:14","date_gmt":"2025-10-31T04:26:14","guid":{"rendered":"https:\/\/web-ban-le.mbws.vn\/dung-cu-tien-ich\/?post_type=product&#038;p=14931"},"modified":"2025-10-31T11:27:24","modified_gmt":"2025-10-31T04:27:24","slug":"%e2%9c%a8%ef%b8%8f%e2%9c%a8%ef%b8%8fdung-cu-cam-hoa-xoay-cuong-hoa-size-lon-gia-do-cuong-hoa-xoan-oc","status":"publish","type":"product","link":"https:\/\/web-ban-le.mbws.vn\/dung-cu-tien-ich\/san-pham\/%e2%9c%a8%ef%b8%8f%e2%9c%a8%ef%b8%8fdung-cu-cam-hoa-xoay-cuong-hoa-size-lon-gia-do-cuong-hoa-xoan-oc\/","title":{"rendered":"\u2728\ufe0f\u2728\ufe0fD\u1ee5ng c\u1ee5 c\u1eafm hoa xoay cu\u1ed1ng hoa size l\u1edbn, gi\u00e1 \u0111\u1ee1 cu\u1ed1ng hoa xo\u1eafn \u1ed1c"},"content":{"rendered":"<div class=\"e8lZp3\">\n<p class=\"QN2lPu\">Gi\u00e1 \u0111\u1ee1 th\u00e2n hoa xo\u1eafn \u1ed1c D\u1ee5ng c\u1ee5 c\u1ed1 \u0111\u1ecbnh ch\u1eadu hoa b\u1eb1ng g\u1ed1m T\u00ednh n\u0103ng c\u1ed1 \u0111\u1ecbnh, \u0111\u1eb9p, b\u1ec1n, c\u00f3 th\u1ec3 t\u00e1i s\u1eed d\u1ee5ng <\/p>\n<p class=\"QN2lPu\">\n<p class=\"QN2lPu\">T\u00ednh th\u1ea9m m\u1ef9: Vi\u1ec7c s\u1eed d\u1ee5ng gi\u00e1 \u0111\u1ee1 h\u00ecnh minh h\u1ecda n\u00e0y c\u00f3 th\u1ec3 t\u00e1i t\u1ea1o ho\u00e0n h\u1ea3o k\u1ef9 thu\u1eadt xo\u1eafn \u1ed1c b\u1eb1ng tay c\u1ee7a ngh\u1ec7 s\u0129 c\u1eafm hoa, tr\u00ecnh b\u00e0y b\u00f3 hoa theo c\u00e1ch s\u1eafp x\u1ebfp ho\u00e0n h\u1ea3o theo phong c\u00e1ch Anh, v\u00e0 b\u00f3 hoa g\u1ecdn g\u00e0ng v\u00e0 \u0111\u1eb9p m\u1eaft. <\/p>\n<p class=\"QN2lPu\">\n<p class=\"QN2lPu\">S\u1ebd kh\u00f4ng l\u00e0m h\u1ea1i ch\u1ea5t li\u1ec7u hoa: Th\u00e2n hoa v\u00e0 \u1ed1ng xo\u1eafn \u1ed1c ti\u1ebfp x\u00fac m\u1ec1m m\u1ea1i v\u00e0 s\u1ebd kh\u00f4ng l\u00e0m h\u1ea1i ch\u1ea5t li\u1ec7u hoa. <\/p>\n<p class=\"QN2lPu\">\n<p class=\"QN2lPu\">Th\u00f4ng s\u1ed1 k\u1ef9 thu\u1eadt Ch\u1ea5t li\u1ec7u: <\/p>\n<p class=\"QN2lPu\">\n<p class=\"QN2lPu\">Nh\u1ef1a K\u00edch th\u01b0\u1edbc s\u1ea3n ph\u1ea9m: L\u1edbn: 8 x 8 x 5cm, <\/p>\n<p class=\"QN2lPu\">\n<p class=\"QN2lPu\">Nh\u1ecf: 6 x 4 x 4cm <\/p>\n<p class=\"QN2lPu\">\n<p class=\"QN2lPu\">G\u00f3i h\u00e0ng bao g\u1ed3m 1 x Gi\u00e1 \u0111\u1ee1 c\u1eafm hoa Kh\u00f4ng c\u00f3 h\u1ed9p b\u00e1n l\u1ebb. \u0110\u00f3ng g\u00f3i An To\u00e0n trong T\u00fai OPP. <\/p>\n<p class=\"QN2lPu\">\n<p class=\"QN2lPu\">L\u01b0u \u00fd: C\u00f3 th\u1ec3 c\u00f3 m\u1ed9t s\u1ed1 kh\u00e1c bi\u1ec7t nh\u1ecf v\u1ec1 t\u00f4ng m\u00e0u c\u1ee7a h\u00ecnh \u1ea3nh v\u00e0 s\u1ea3n ph\u1ea9m th\u1ef1c t\u1ebf. Vui l\u00f2ng cho ph\u00e9p sai s\u1ed1 1-2mm do \u0111o l\u01b0\u1eddng th\u1ee7 c\u00f4ng, c\u1ea3m \u01a1n.<\/p>\n<\/div>\n","protected":false},"excerpt":{"rendered":"<p>Gi\u00e1 \u0111\u1ee1 th\u00e2n hoa xo\u1eafn \u1ed1c D\u1ee5ng c\u1ee5 c\u1ed1 \u0111\u1ecbnh ch\u1eadu hoa b\u1eb1ng g\u1ed1m T\u00ednh n\u0103ng c\u1ed1 \u0111\u1ecbnh, \u0111\u1eb9p, b\u1ec1n, c\u00f3 th\u1ec3 t\u00e1i s\u1eed d\u1ee5ng T\u00ednh th\u1ea9m m\u1ef9: Vi\u1ec7c s\u1eed d\u1ee5ng gi\u00e1 \u0111\u1ee1 h\u00ecnh minh h\u1ecda n\u00e0y c\u00f3 th\u1ec3 t\u00e1i t\u1ea1o ho\u00e0n h\u1ea3o k\u1ef9 thu\u1eadt xo\u1eafn \u1ed1c b\u1eb1ng tay c\u1ee7a ngh\u1ec7 s\u0129 c\u1eafm hoa, tr\u00ecnh&#8230;<\/p>\n","protected":false},"featured_media":15022,"comment_status":"open","ping_status":"closed","template":"","meta":[],"product_brand":[],"product_cat":[1392],"product_tag":[],"class_list":{"0":"post-14931","1":"product","2":"type-product","3":"status-publish","4":"has-post-thumbnail","6":"product_cat-trang-tri-tuong","8":"first","9":"instock","10":"sale","11":"shipping-taxable","12":"purchasable","13":"product-type-variable"},"_links":{"self":[{"href":"https:\/\/web-ban-le.mbws.vn\/dung-cu-tien-ich\/wp-json\/wp\/v2\/product\/14931","targetHints":{"allow":["GET"]}}],"collection":[{"href":"https:\/\/web-ban-le.mbws.vn\/dung-cu-tien-ich\/wp-json\/wp\/v2\/product"}],"about":[{"href":"https:\/\/web-ban-le.mbws.vn\/dung-cu-tien-ich\/wp-json\/wp\/v2\/types\/product"}],"replies":[{"embeddable":true,"href":"https:\/\/web-ban-le.mbws.vn\/dung-cu-tien-ich\/wp-json\/wp\/v2\/comments?post=14931"}],"wp:featuredmedia":[{"embeddable":true,"href":"https:\/\/web-ban-le.mbws.vn\/dung-cu-tien-ich\/wp-json\/wp\/v2\/media\/15022"}],"wp:attachment":[{"href":"https:\/\/web-ban-le.mbws.vn\/dung-cu-tien-ich\/wp-json\/wp\/v2\/media?parent=14931"}],"wp:term":[{"taxonomy":"product_brand","embeddable":true,"href":"https:\/\/web-ban-le.mbws.vn\/dung-cu-tien-ich\/wp-json\/wp\/v2\/product_brand?post=14931"},{"taxonomy":"product_cat","embeddable":true,"href":"https:\/\/web-ban-le.mbws.vn\/dung-cu-tien-ich\/wp-json\/wp\/v2\/product_cat?post=14931"},{"taxonomy":"product_tag","embeddable":true,"href":"https:\/\/web-ban-le.mbws.vn\/dung-cu-tien-ich\/wp-json\/wp\/v2\/product_tag?post=14931"}],"curies":[{"name":"wp","href":"https:\/\/api.w.org\/{rel}","templated":true}]}}