{"id":15156,"date":"2025-10-31T11:28:42","date_gmt":"2025-10-31T04:28:42","guid":{"rendered":"https:\/\/web-ban-le.mbws.vn\/dung-cu-tien-ich\/?post_type=product&#038;p=15156"},"modified":"2025-10-31T11:29:54","modified_gmt":"2025-10-31T04:29:54","slug":"%e2%9c%a8%ef%b8%8f%e2%9c%a8%ef%b8%8fhoat-hinh-de-hello-kitty-ve-sinh-bam-nut-sang-tao-tu-ngan-keo-tay-nam-cua-do-dung-phong-tam-trang-tri-nha","status":"publish","type":"product","link":"https:\/\/web-ban-le.mbws.vn\/dung-cu-tien-ich\/san-pham\/%e2%9c%a8%ef%b8%8f%e2%9c%a8%ef%b8%8fhoat-hinh-de-hello-kitty-ve-sinh-bam-nut-sang-tao-tu-ngan-keo-tay-nam-cua-do-dung-phong-tam-trang-tri-nha\/","title":{"rendered":"\u2728\ufe0f\u2728\ufe0fHo\u1ea1t H\u00ecnh D\u1ec5 Hello Kitty V\u1ec7 Sinh B\u1ea5m N\u00fat S\u00e1ng T\u1ea1o T\u1ee7 Ng\u0103n K\u00e9o Tay N\u1eafm C\u1eeda \u0110\u1ed3 D\u00f9ng Ph\u00f2ng T\u1eafm Trang Tr\u00ed Nh\u00e0"},"content":{"rendered":"<div class=\"e8lZp3\">\n<p class=\"QN2lPu\">N\u00fat nh\u1ea5n b\u1ed3n c\u1ea7u Kitty Toilet Press N\u00fat chuy\u1ec3n \u0111\u1ed5i b\u1ed3n c\u1ea7u s\u00e1ng t\u1ea1o N\u1eafp b\u1ed3n c\u1ea7u n\u00e2ng T\u00ednh n\u0103ng Thi\u1ebft k\u1ebf s\u00e1ng t\u1ea1o, d\u1ec5 th\u01b0\u01a1ng, ti\u1ec7n l\u1ee3i<\/p>\n<p class=\"QN2lPu\">\n<p class=\"QN2lPu\">\u0110a ch\u1ee9c n\u0103ng: N\u00fat ph\u1ee5 b\u1ed3n n\u01b0\u1edbc n\u00e0y c\u00f3 h\u00ecnh Kitty, r\u1ea5t ti\u1ec7n l\u1ee3i v\u00e0 thi\u1ebft th\u1ef1c. \u0110\u00e2y l\u00e0 m\u1ed9t n\u00fat th\u1eddi trang. <\/p>\n<p class=\"QN2lPu\">\n<p class=\"QN2lPu\">L\u00e0 m\u1ed9t v\u1eadt trang tr\u00ed nh\u00e0 c\u1eeda, n\u00f3 c\u00f3 th\u1ec3 t\u0103ng c\u01b0\u1eddng h\u1ea1nh ph\u00fac v\u00e0 s\u1ef1 thu\u1eadn l\u1ee3i trong cu\u1ed9c s\u1ed1ng h\u00e0ng ng\u00e0y. <\/p>\n<p class=\"QN2lPu\">\n<p class=\"QN2lPu\">\u0110a ch\u1ee9c n\u0103ng: C\u00f4ng t\u1eafc ph\u1ee5 n\u00e0y d\u1ec5 nh\u1ea5n h\u01a1n n\u00fat g\u1ed1c, \u0111\u1eb7c bi\u1ec7t ph\u00f9 h\u1ee3p v\u1edbi nh\u1eefng ng\u01b0\u1eddi c\u00f3 m\u00f3ng tay d\u00e0i.<\/p>\n<p class=\"QN2lPu\">\n<p class=\"QN2lPu\">B\u1ea1n kh\u00f4ng ph\u1ea3i lo l\u1eafng v\u1ec1 vi\u1ec7c m\u00f3ng tay b\u1ecb k\u1eb9t ho\u1eb7c g\u00e3y. Ngo\u00e0i ra, n\u1ebfu t\u1ee7 qu\u1ea7n \u00e1o ho\u1eb7c t\u1ee7 c\u1ee7a b\u1ea1n kh\u00f4ng c\u00f3 v\u00f2ng c\u1eeda, b\u1ea1n c\u00f3 th\u1ec3 l\u1eafp hai n\u00fat nh\u01b0 v\u1eady tr\u00ean c\u1eeda \u0111\u1ec3 m\u1edf c\u1eeda t\u1ee7 d\u1ec5 d\u00e0ng h\u01a1n. <\/p>\n<p class=\"QN2lPu\">\n<p class=\"QN2lPu\">B\u1ea1n c\u0169ng c\u00f3 th\u1ec3 l\u1eafp v\u00e0o b\u1ec7 b\u1ed3n c\u1ea7u \u0111\u1ec3 d\u1ec5 d\u00e0ng nh\u1ea5c l\u00ean v\u00e0 v\u1ec7 sinh m\u00e0 kh\u00f4ng l\u00e0m b\u1ea9n tay. <\/p>\n<p class=\"QN2lPu\">\n<p class=\"QN2lPu\">Th\u00f4ng s\u1ed1 k\u1ef9 thu\u1eadt Ch\u1ea5t li\u1ec7u: PVC<\/p>\n<p class=\"QN2lPu\">\n<p class=\"QN2lPu\"> K\u00edch th\u01b0\u1edbc s\u1ea3n ph\u1ea9m: 5 x 4 x 4cm <\/p>\n<p class=\"QN2lPu\">\n<p class=\"QN2lPu\">G\u00f3i h\u00e0ng bao g\u1ed3m 1 x N\u00fat nh\u1ea5n b\u1ed3n c\u1ea7u KH\u00d4NG C\u00d3 H\u1ed9p b\u00e1n l\u1ebb. <\/p>\n<p class=\"QN2lPu\">\n<p class=\"QN2lPu\">\u0110\u00f3ng g\u00f3i an to\u00e0n trong T\u00fai. <\/p>\n<p class=\"QN2lPu\">L\u01b0u \u00fd: C\u00f3 th\u1ec3 c\u00f3 m\u1ed9t s\u1ed1 kh\u00e1c bi\u1ec7t nh\u1ecf trong t\u00f4ng m\u00e0u c\u1ee7a h\u00ecnh \u1ea3nh v\u00e0 s\u1ea3n ph\u1ea9m th\u1ef1c t\u1ebf. <\/p>\n<p class=\"QN2lPu\">\n<p class=\"QN2lPu\">Vui l\u00f2ng cho ph\u00e9p ch\u00eanh l\u1ec7ch 1-2mm do \u0111o l\u01b0\u1eddng th\u1ee7 c\u00f4ng, c\u1ea3m \u01a1n.<\/p>\n<\/div>\n","protected":false},"excerpt":{"rendered":"<p>N\u00fat nh\u1ea5n b\u1ed3n c\u1ea7u Kitty Toilet Press N\u00fat chuy\u1ec3n \u0111\u1ed5i b\u1ed3n c\u1ea7u s\u00e1ng t\u1ea1o N\u1eafp b\u1ed3n c\u1ea7u n\u00e2ng T\u00ednh n\u0103ng Thi\u1ebft k\u1ebf s\u00e1ng t\u1ea1o, d\u1ec5 th\u01b0\u01a1ng, ti\u1ec7n l\u1ee3i \u0110a ch\u1ee9c n\u0103ng: N\u00fat ph\u1ee5 b\u1ed3n n\u01b0\u1edbc n\u00e0y c\u00f3 h\u00ecnh Kitty, r\u1ea5t ti\u1ec7n l\u1ee3i v\u00e0 thi\u1ebft th\u1ef1c. \u0110\u00e2y l\u00e0 m\u1ed9t n\u00fat th\u1eddi trang. L\u00e0 m\u1ed9t v\u1eadt trang&#8230;<\/p>\n","protected":false},"featured_media":15244,"comment_status":"open","ping_status":"closed","template":"","meta":[],"product_brand":[],"product_cat":[1492,1493],"product_tag":[],"class_list":{"0":"post-15156","1":"product","2":"type-product","3":"status-publish","4":"has-post-thumbnail","6":"product_cat-chau-ve-sinh","7":"product_cat-ghe-ngoi-nap-day","9":"first","10":"instock","11":"sale","12":"shipping-taxable","13":"purchasable","14":"product-type-variable"},"_links":{"self":[{"href":"https:\/\/web-ban-le.mbws.vn\/dung-cu-tien-ich\/wp-json\/wp\/v2\/product\/15156","targetHints":{"allow":["GET"]}}],"collection":[{"href":"https:\/\/web-ban-le.mbws.vn\/dung-cu-tien-ich\/wp-json\/wp\/v2\/product"}],"about":[{"href":"https:\/\/web-ban-le.mbws.vn\/dung-cu-tien-ich\/wp-json\/wp\/v2\/types\/product"}],"replies":[{"embeddable":true,"href":"https:\/\/web-ban-le.mbws.vn\/dung-cu-tien-ich\/wp-json\/wp\/v2\/comments?post=15156"}],"wp:featuredmedia":[{"embeddable":true,"href":"https:\/\/web-ban-le.mbws.vn\/dung-cu-tien-ich\/wp-json\/wp\/v2\/media\/15244"}],"wp:attachment":[{"href":"https:\/\/web-ban-le.mbws.vn\/dung-cu-tien-ich\/wp-json\/wp\/v2\/media?parent=15156"}],"wp:term":[{"taxonomy":"product_brand","embeddable":true,"href":"https:\/\/web-ban-le.mbws.vn\/dung-cu-tien-ich\/wp-json\/wp\/v2\/product_brand?post=15156"},{"taxonomy":"product_cat","embeddable":true,"href":"https:\/\/web-ban-le.mbws.vn\/dung-cu-tien-ich\/wp-json\/wp\/v2\/product_cat?post=15156"},{"taxonomy":"product_tag","embeddable":true,"href":"https:\/\/web-ban-le.mbws.vn\/dung-cu-tien-ich\/wp-json\/wp\/v2\/product_tag?post=15156"}],"curies":[{"name":"wp","href":"https:\/\/api.w.org\/{rel}","templated":true}]}}