{"id":15157,"date":"2025-10-31T11:28:42","date_gmt":"2025-10-31T04:28:42","guid":{"rendered":"https:\/\/web-ban-le.mbws.vn\/dung-cu-tien-ich\/?post_type=product&#038;p=15157"},"modified":"2025-10-31T11:29:54","modified_gmt":"2025-10-31T04:29:54","slug":"%e2%9c%a8%ef%b8%8f%e2%9c%a8%ef%b8%8f50pcs-que-han-xanh-2-0mm-que-han-xanh-han-sat-mong-que-han-xanh-que-han-vat-lieu-mong-que-han-2-0mm","status":"publish","type":"product","link":"https:\/\/web-ban-le.mbws.vn\/dung-cu-tien-ich\/san-pham\/%e2%9c%a8%ef%b8%8f%e2%9c%a8%ef%b8%8f50pcs-que-han-xanh-2-0mm-que-han-xanh-han-sat-mong-que-han-xanh-que-han-vat-lieu-mong-que-han-2-0mm\/","title":{"rendered":"\u2728\ufe0f\u2728\ufe0f50pcs Que H\u00e0n Xanh 2.0mm\/Que H\u00e0n Xanh H\u00e0n S\u1eaft M\u1ecfng\/Que H\u00e0n Xanh\/Que H\u00e0n V\u1eadt Li\u1ec7u M\u1ecfng\/Que H\u00e0n 2.0mm"},"content":{"rendered":"<div class=\"e8lZp3\">\n<p class=\"QN2lPu\">\u1ed0ng m\u1ea1 k\u1ebdm Si\u00eau m\u1ecbn h\u00e0n Rod 2.0mm Thanh h\u00e0n th\u00e9p cacbon Ph\u1ea7n m\u1ecfng h\u01a1n Rod h\u00e0n<\/p>\n<p class=\"QN2lPu\">\n<p class=\"QN2lPu\">T\u00ednh n\u0103ng<\/p>\n<p class=\"QN2lPu\">Si\u00eau m\u1ecbn, ph\u1ed5 qu\u00e1t, h\u00e0n ch\u1eafc ch\u1eafn, h\u1ed3 quang \u1ed5n \u0111\u1ecbnh<\/p>\n<p class=\"QN2lPu\">Thi\u1ebft k\u1ebf: Thi\u1ebft k\u1ebf thanh h\u00e0n si\u00eau m\u1ecfng, ph\u1ea9y nh\u1ecf, lo\u1ea1i b\u1ecf slag d\u1ec5 d\u00e0ng, h\u1ed3 quang \u1ed5n \u0111\u1ecbnh, th\u00edch h\u1ee3p cho c\u1ea3 h\u00e0n AC v\u00e0 DC c\u1ee7a c\u00e1c b\u1ed9 ph\u1eadn m\u1ecfng 0,5 &#8211; 2mm.<\/p>\n<p class=\"QN2lPu\">Ch\u1ea5t li\u1ec7u: Thanh h\u00e0n \u0111\u01b0\u1ee3c l\u00e0m b\u1eb1ng th\u00e9p carbon, ch\u1ed1ng \u0103n m\u00f2n, ch\u1ed1ng oxy h\u00f3a, d\u1ec5 h\u00e0n v\u00e0 kh\u00f4ng \u0111\u00e2m th\u1ee7ng.<\/p>\n<p class=\"QN2lPu\">\n<p class=\"QN2lPu\">\u0110\u1eb7c \u0111i\u1ec3m k\u1ef9 thu\u1eadt<\/p>\n<p class=\"QN2lPu\">Ch\u1ea5t li\u1ec7u: th\u00e9p carbon<\/p>\n<p class=\"QN2lPu\">K\u00edch th\u01b0\u1edbc g\u00f3i: 30 x 3,2 x 2,5 cm<\/p>\n<p class=\"QN2lPu\">\n<p class=\"QN2lPu\">G\u00f3i bao g\u1ed3m<\/p>\n<p class=\"QN2lPu\">1 x H\u1ed9p Thanh h\u00e0n<\/p>\n<p class=\"QN2lPu\">\u0110\u00f3ng g\u00f3i an to\u00e0n trong h\u1ed9p ch\u1ed1ng \u1ea9m.<\/p>\n<p class=\"QN2lPu\">\n<p class=\"QN2lPu\">L\u01b0u \u00fd:<\/p>\n<p class=\"QN2lPu\">C\u00f3 th\u1ec3 c\u00f3 m\u1ed9t s\u1ed1 s\u1ef1 kh\u00e1c bi\u1ec7t nh\u1ecf trong t\u00f4ng m\u00e0u c\u1ee7a h\u00ecnh \u1ea3nh v\u00e0 m\u1eb7t h\u00e0ng th\u1ef1c t\u1ebf.<\/p>\n<p class=\"QN2lPu\">Xin cho ph\u00e9p 1-2mm kh\u00e1c nhau do \u0111o b\u1eb1ng tay, c\u1ea3m \u01a1n.<\/p>\n<\/div>\n","protected":false},"excerpt":{"rendered":"<p>\u1ed0ng m\u1ea1 k\u1ebdm Si\u00eau m\u1ecbn h\u00e0n Rod 2.0mm Thanh h\u00e0n th\u00e9p cacbon Ph\u1ea7n m\u1ecfng h\u01a1n Rod h\u00e0n T\u00ednh n\u0103ng Si\u00eau m\u1ecbn, ph\u1ed5 qu\u00e1t, h\u00e0n ch\u1eafc ch\u1eafn, h\u1ed3 quang \u1ed5n \u0111\u1ecbnh Thi\u1ebft k\u1ebf: Thi\u1ebft k\u1ebf thanh h\u00e0n si\u00eau m\u1ecfng, ph\u1ea9y nh\u1ecf, lo\u1ea1i b\u1ecf slag d\u1ec5 d\u00e0ng, h\u1ed3 quang \u1ed5n \u0111\u1ecbnh, th\u00edch h\u1ee3p cho c\u1ea3 h\u00e0n AC&#8230;<\/p>\n","protected":false},"featured_media":15261,"comment_status":"open","ping_status":"closed","template":"","meta":[],"product_brand":[],"product_cat":[1505],"product_tag":[],"class_list":{"0":"post-15157","1":"product","2":"type-product","3":"status-publish","4":"has-post-thumbnail","6":"product_cat-dung-cu-han-dien","8":"first","9":"instock","10":"sale","11":"shipping-taxable","12":"purchasable","13":"product-type-simple"},"_links":{"self":[{"href":"https:\/\/web-ban-le.mbws.vn\/dung-cu-tien-ich\/wp-json\/wp\/v2\/product\/15157","targetHints":{"allow":["GET"]}}],"collection":[{"href":"https:\/\/web-ban-le.mbws.vn\/dung-cu-tien-ich\/wp-json\/wp\/v2\/product"}],"about":[{"href":"https:\/\/web-ban-le.mbws.vn\/dung-cu-tien-ich\/wp-json\/wp\/v2\/types\/product"}],"replies":[{"embeddable":true,"href":"https:\/\/web-ban-le.mbws.vn\/dung-cu-tien-ich\/wp-json\/wp\/v2\/comments?post=15157"}],"wp:featuredmedia":[{"embeddable":true,"href":"https:\/\/web-ban-le.mbws.vn\/dung-cu-tien-ich\/wp-json\/wp\/v2\/media\/15261"}],"wp:attachment":[{"href":"https:\/\/web-ban-le.mbws.vn\/dung-cu-tien-ich\/wp-json\/wp\/v2\/media?parent=15157"}],"wp:term":[{"taxonomy":"product_brand","embeddable":true,"href":"https:\/\/web-ban-le.mbws.vn\/dung-cu-tien-ich\/wp-json\/wp\/v2\/product_brand?post=15157"},{"taxonomy":"product_cat","embeddable":true,"href":"https:\/\/web-ban-le.mbws.vn\/dung-cu-tien-ich\/wp-json\/wp\/v2\/product_cat?post=15157"},{"taxonomy":"product_tag","embeddable":true,"href":"https:\/\/web-ban-le.mbws.vn\/dung-cu-tien-ich\/wp-json\/wp\/v2\/product_tag?post=15157"}],"curies":[{"name":"wp","href":"https:\/\/api.w.org\/{rel}","templated":true}]}}