{"id":15233,"date":"2025-10-31T11:29:31","date_gmt":"2025-10-31T04:29:31","guid":{"rendered":"https:\/\/web-ban-le.mbws.vn\/dung-cu-tien-ich\/?post_type=product&#038;p=15233"},"modified":"2025-11-04T13:45:00","modified_gmt":"2025-11-04T06:45:00","slug":"%e2%9c%a8%ef%b8%8f%e2%9c%a8%ef%b8%8fdao-roc-giay-can-inox-co-luoi-thep-cat-sac-ben-cho-cong-viec-van-phong-co-oc-tang-dua-vo-cung-tien-dung-can-dao-ban","status":"publish","type":"product","link":"https:\/\/web-ban-le.mbws.vn\/dung-cu-tien-ich\/san-pham\/%e2%9c%a8%ef%b8%8f%e2%9c%a8%ef%b8%8fdao-roc-giay-can-inox-co-luoi-thep-cat-sac-ben-cho-cong-viec-van-phong-co-oc-tang-dua-vo-cung-tien-dung-can-dao-ban\/","title":{"rendered":"\u2728\ufe0f\u2728\ufe0fDao r\u1ecdc gi\u1ea5y c\u00e1n inox c\u00f3 l\u01b0\u1ee1i th\u00e9p c\u1eaft s\u1eafc b\u00e9n cho c\u00f4ng vi\u1ec7c v\u0103n ph\u00f2ng, c\u00f3 \u1ed1c t\u0103ng \u0111\u01b0a v\u00f4 c\u00f9ng ti\u1ec7n d\u1ee5ng c\u00e1n dao b\u1eb1n"},"content":{"rendered":"<div class=\"e8lZp3\">\n<p class=\"QN2lPu\">M\u00e1y c\u1eaft ngh\u1ec7 thu\u1eadt b\u1eb1ng th\u00e9p kh\u00f4ng g\u1ec9 M\u00e1y c\u1eaft ngh\u1ec7 thu\u1eadt \u0111a ch\u1ee9c n\u0103ng M\u00e1y c\u1eaft gi\u1ea5y d\u00e0y h\u1ea1ng n\u1eb7ng T\u00ednh n\u0103ng Th\u00e9p kh\u00f4ng g\u1ec9, c\u00f3 th\u1ec3 thu v\u00e0o, d\u00e0y, n\u1eb7ng, s\u1eafc n\u00e9t<\/p>\n<p class=\"QN2lPu\">\n<p class=\"QN2lPu\"> Ngo\u1ea1i h\u00ecnh b\u1eaft m\u1eaft: D\u1ee5ng c\u1ee5 c\u1eaft n\u00e0y kh\u00e1c v\u1edbi c\u00e1c d\u1ee5ng c\u1ee5 c\u1eaft th\u00f4ng th\u01b0\u1eddng, v\u1edbi t\u1ed5ng th\u1ec3 l\u01b0\u1ee1i dao b\u1eb1ng th\u00e9p kh\u00f4ng g\u1ec9, Tay c\u1ea7m tinh t\u1ebf v\u00e0 tho\u1ea3i m\u00e1i, kh\u00f4ng th\u1ea5m n\u01b0\u1edbc v\u00e0 kh\u00f4ng d\u1ec5 b\u1ecb r\u1ec9 s\u00e9t.<\/p>\n<p class=\"QN2lPu\">\n<p class=\"QN2lPu\"> Thi\u1ebft k\u1ebf: Kh\u00f3a kh\u00f3a tr\u00ean m\u00e1y c\u1eaft ngh\u1ec7 thu\u1eadt s\u1eed d\u1ee5ng thi\u1ebft k\u1ebf kh\u00f3a xoay, b\u1ec1n h\u01a1n khi s\u1eed d\u1ee5ng. L\u01b0\u1ee1i dao s\u1eed d\u1ee5ng tay c\u1ea7m h\u00ecnh v\u00f2ng cung, ph\u00f9 h\u1ee3p v\u1edbi thi\u1ebft k\u1ebf c\u00f4ng th\u00e1i h\u1ecdc v\u00e0 mang l\u1ea1i c\u1ea3m gi\u00e1c c\u1ea7m n\u1eafm tho\u1ea3i m\u00e1i h\u01a1n. <\/p>\n<p class=\"QN2lPu\">\n<p class=\"QN2lPu\">\u0110a n\u0103ng: Lo\u1ea1i m\u00e1y c\u1eaft n\u00e0y r\u1ea5t s\u1eafc b\u00e9n v\u00e0 c\u00f3 th\u1ec3 d\u00f9ng l\u00e0m c\u00f4ng c\u1ee5 \u0111\u1ec3 m\u1edf bao b\u00ec, C\u1eaft gi\u1ea5y, l\u00e0m \u0111\u1ed3 th\u1ee7 c\u00f4ng, v.v. V\u00ec r\u1ea5t s\u1eafc b\u00e9n n\u00ean c\u1ea7n s\u1eed d\u1ee5ng h\u1ebft s\u1ee9c c\u1ea9n th\u1eadn v\u00e0 c\u00f3 thi\u1ebft k\u1ebf c\u00f3 th\u1ec3 thu v\u00e0o \u0111\u1ec3 tr\u00e1nh b\u1ecb th\u01b0\u01a1ng v\u00e0 h\u01b0 h\u1ecfng. t\u1ea1o \u0111i\u1ec1u ki\u1ec7n thu\u1eadn l\u1ee3i cho vi\u1ec7c l\u01b0u tr\u1eef.<\/p>\n<p class=\"QN2lPu\">\n<p class=\"QN2lPu\"> Th\u00f4ng s\u1ed1 k\u1ef9 thu\u1eadt Ch\u1ea5t li\u1ec7u: Th\u00e9p kh\u00f4ng g\u1ec9 <\/p>\n<p class=\"QN2lPu\">K\u00edch th\u01b0\u1edbc s\u1ea3n ph\u1ea9m: 14 x 3,8 x 1cm <\/p>\n<p class=\"QN2lPu\">\n<p class=\"QN2lPu\">G\u00f3i h\u00e0ng bao g\u1ed3m 1 x M\u00e1y c\u1eaft ngh\u1ec7 thu\u1eadt Kh\u00f4ng c\u00f3 h\u1ed9p b\u00e1n l\u1ebb. \u0110\u00f3ng g\u00f3i An To\u00e0n trong T\u00fai OPP. <\/p>\n<p class=\"QN2lPu\">\n<p class=\"QN2lPu\">L\u01b0u \u00fd: C\u00f3 th\u1ec3 c\u00f3 m\u1ed9t s\u1ed1 kh\u00e1c bi\u1ec7t nh\u1ecf v\u1ec1 t\u00f4ng m\u00e0u c\u1ee7a h\u00ecnh \u1ea3nh v\u00e0 s\u1ea3n ph\u1ea9m th\u1ef1c t\u1ebf. Vui l\u00f2ng cho ph\u00e9p sai s\u1ed1 1-2mm do \u0111o l\u01b0\u1eddng th\u1ee7 c\u00f4ng, c\u1ea3m \u01a1n.<\/p>\n<\/div>\n","protected":false},"excerpt":{"rendered":"<p>M\u00e1y c\u1eaft ngh\u1ec7 thu\u1eadt b\u1eb1ng th\u00e9p kh\u00f4ng g\u1ec9 M\u00e1y c\u1eaft ngh\u1ec7 thu\u1eadt \u0111a ch\u1ee9c n\u0103ng M\u00e1y c\u1eaft gi\u1ea5y d\u00e0y h\u1ea1ng n\u1eb7ng T\u00ednh n\u0103ng Th\u00e9p kh\u00f4ng g\u1ec9, c\u00f3 th\u1ec3 thu v\u00e0o, d\u00e0y, n\u1eb7ng, s\u1eafc n\u00e9t Ngo\u1ea1i h\u00ecnh b\u1eaft m\u1eaft: D\u1ee5ng c\u1ee5 c\u1eaft n\u00e0y kh\u00e1c v\u1edbi c\u00e1c d\u1ee5ng c\u1ee5 c\u1eaft th\u00f4ng th\u01b0\u1eddng, v\u1edbi t\u1ed5ng th\u1ec3 l\u01b0\u1ee1i dao&#8230;<\/p>\n","protected":false},"featured_media":15328,"comment_status":"open","ping_status":"closed","template":"","meta":[],"product_brand":[],"product_cat":[1519],"product_tag":[],"class_list":{"0":"post-15233","1":"product","2":"type-product","3":"status-publish","4":"has-post-thumbnail","6":"product_cat-but-cat-giay","8":"first","9":"instock","10":"sale","11":"featured","12":"shipping-taxable","13":"purchasable","14":"product-type-simple"},"_links":{"self":[{"href":"https:\/\/web-ban-le.mbws.vn\/dung-cu-tien-ich\/wp-json\/wp\/v2\/product\/15233","targetHints":{"allow":["GET"]}}],"collection":[{"href":"https:\/\/web-ban-le.mbws.vn\/dung-cu-tien-ich\/wp-json\/wp\/v2\/product"}],"about":[{"href":"https:\/\/web-ban-le.mbws.vn\/dung-cu-tien-ich\/wp-json\/wp\/v2\/types\/product"}],"replies":[{"embeddable":true,"href":"https:\/\/web-ban-le.mbws.vn\/dung-cu-tien-ich\/wp-json\/wp\/v2\/comments?post=15233"}],"wp:featuredmedia":[{"embeddable":true,"href":"https:\/\/web-ban-le.mbws.vn\/dung-cu-tien-ich\/wp-json\/wp\/v2\/media\/15328"}],"wp:attachment":[{"href":"https:\/\/web-ban-le.mbws.vn\/dung-cu-tien-ich\/wp-json\/wp\/v2\/media?parent=15233"}],"wp:term":[{"taxonomy":"product_brand","embeddable":true,"href":"https:\/\/web-ban-le.mbws.vn\/dung-cu-tien-ich\/wp-json\/wp\/v2\/product_brand?post=15233"},{"taxonomy":"product_cat","embeddable":true,"href":"https:\/\/web-ban-le.mbws.vn\/dung-cu-tien-ich\/wp-json\/wp\/v2\/product_cat?post=15233"},{"taxonomy":"product_tag","embeddable":true,"href":"https:\/\/web-ban-le.mbws.vn\/dung-cu-tien-ich\/wp-json\/wp\/v2\/product_tag?post=15233"}],"curies":[{"name":"wp","href":"https:\/\/api.w.org\/{rel}","templated":true}]}}