{"id":13877,"date":"2025-10-27T09:39:59","date_gmt":"2025-10-27T02:39:59","guid":{"rendered":"https:\/\/web-ban-le.mbws.vn\/giat-giu-cham-soc-nha-cua\/?post_type=product&#038;p=13877"},"modified":"2025-10-27T09:40:06","modified_gmt":"2025-10-27T02:40:06","slug":"hop-vien-rua-chen-bat-sunlight-5-in-1-danh-cho-may-rua-chen-28-vien-hop","status":"publish","type":"product","link":"https:\/\/web-ban-le.mbws.vn\/giat-giu-cham-soc-nha-cua\/san-pham\/hop-vien-rua-chen-bat-sunlight-5-in-1-danh-cho-may-rua-chen-28-vien-hop\/","title":{"rendered":"H\u1ed9p Vi\u00ean R\u1eeda Ch\u00e9n B\u00e1t Sunlight 5 in 1 D\u00e0nh Cho M\u00e1y R\u1eeda Ch\u00e9n (28 Vi\u00ean\/H\u1ed9p)"},"content":{"rendered":"<div class=\"e8lZp3\">\n<div class=\"QN2lPu\">\n<div style=\"position: relative; width: 100%; padding-bottom: 100%;\"><picture class=\"UkIsx8\"><source srcset=\"https:\/\/down-vn.img.susercontent.com\/file\/vn-11134208-7ras8-m27y3q11hcxg22@resize_w875_nl.webp 1x, https:\/\/down-vn.img.susercontent.com\/file\/vn-11134208-7ras8-m27y3q11hcxg22@resize_w1750_nl.webp 2x\" type=\"image\/webp\" class=\"UkIsx8\"><img decoding=\"async\" width=\"875\" loading=\"lazy\" class=\"uXN1L5 lazyload GqYslU\" srcset=\"https:\/\/down-vn.img.susercontent.com\/file\/vn-11134208-7ras8-m27y3q11hcxg22@resize_w875_nl 1x, https:\/\/down-vn.img.susercontent.com\/file\/vn-11134208-7ras8-m27y3q11hcxg22@resize_w1750_nl 2x\" src=\"https:\/\/down-vn.img.susercontent.com\/file\/vn-11134208-7ras8-m27y3q11hcxg22\" height=\"875\"><\/picture><\/div>\n<\/div>\n<div class=\"QN2lPu\">\n<div style=\"position: relative; width: 100%; padding-bottom: 100%;\"><picture class=\"UkIsx8\"><source srcset=\"https:\/\/down-vn.img.susercontent.com\/file\/vn-11134208-7ras8-m27y3q11irhw28@resize_w875_nl.webp 1x, https:\/\/down-vn.img.susercontent.com\/file\/vn-11134208-7ras8-m27y3q11irhw28@resize_w1750_nl.webp 2x\" type=\"image\/webp\" class=\"UkIsx8\"><img decoding=\"async\" width=\"875\" loading=\"lazy\" class=\"uXN1L5 lazyload GqYslU\" srcset=\"https:\/\/down-vn.img.susercontent.com\/file\/vn-11134208-7ras8-m27y3q11irhw28@resize_w875_nl 1x, https:\/\/down-vn.img.susercontent.com\/file\/vn-11134208-7ras8-m27y3q11irhw28@resize_w1750_nl 2x\" src=\"https:\/\/down-vn.img.susercontent.com\/file\/vn-11134208-7ras8-m27y3q11irhw28\" height=\"875\"><\/picture><\/div>\n<\/div>\n<div class=\"QN2lPu\">\n<div style=\"position: relative; width: 100%; padding-bottom: 100%;\"><picture class=\"UkIsx8\"><source srcset=\"https:\/\/down-vn.img.susercontent.com\/file\/vn-11134208-7ras8-m27y3q11k62c1c@resize_w875_nl.webp 1x, https:\/\/down-vn.img.susercontent.com\/file\/vn-11134208-7ras8-m27y3q11k62c1c@resize_w1750_nl.webp 2x\" type=\"image\/webp\" class=\"UkIsx8\"><img decoding=\"async\" width=\"875\" loading=\"lazy\" class=\"uXN1L5 lazyload GqYslU\" srcset=\"https:\/\/down-vn.img.susercontent.com\/file\/vn-11134208-7ras8-m27y3q11k62c1c@resize_w875_nl 1x, https:\/\/down-vn.img.susercontent.com\/file\/vn-11134208-7ras8-m27y3q11k62c1c@resize_w1750_nl 2x\" src=\"https:\/\/down-vn.img.susercontent.com\/file\/vn-11134208-7ras8-m27y3q11k62c1c\" height=\"875\"><\/picture><\/div>\n<\/div>\n<div class=\"QN2lPu\">\n<div style=\"position: relative; width: 100%; padding-bottom: 100%;\"><picture class=\"UkIsx8\"><source srcset=\"https:\/\/down-vn.img.susercontent.com\/file\/vn-11134208-7ras8-m27y3q11lkmsbc@resize_w875_nl.webp 1x, https:\/\/down-vn.img.susercontent.com\/file\/vn-11134208-7ras8-m27y3q11lkmsbc@resize_w1750_nl.webp 2x\" type=\"image\/webp\" class=\"UkIsx8\"><img decoding=\"async\" width=\"875\" loading=\"lazy\" class=\"uXN1L5 lazyload GqYslU\" srcset=\"https:\/\/down-vn.img.susercontent.com\/file\/vn-11134208-7ras8-m27y3q11lkmsbc@resize_w875_nl 1x, https:\/\/down-vn.img.susercontent.com\/file\/vn-11134208-7ras8-m27y3q11lkmsbc@resize_w1750_nl 2x\" src=\"https:\/\/down-vn.img.susercontent.com\/file\/vn-11134208-7ras8-m27y3q11lkmsbc\" height=\"875\"><\/picture><\/div>\n<\/div>\n<div class=\"QN2lPu\">\n<div style=\"position: relative; width: 100%; padding-bottom: 100%;\"><picture class=\"UkIsx8\"><source srcset=\"https:\/\/down-vn.img.susercontent.com\/file\/vn-11134208-7ras8-m27y3q11mz7822@resize_w875_nl.webp 1x, https:\/\/down-vn.img.susercontent.com\/file\/vn-11134208-7ras8-m27y3q11mz7822@resize_w1750_nl.webp 2x\" type=\"image\/webp\" class=\"UkIsx8\"><img decoding=\"async\" width=\"875\" loading=\"lazy\" class=\"uXN1L5 lazyload GqYslU\" srcset=\"https:\/\/down-vn.img.susercontent.com\/file\/vn-11134208-7ras8-m27y3q11mz7822@resize_w875_nl 1x, https:\/\/down-vn.img.susercontent.com\/file\/vn-11134208-7ras8-m27y3q11mz7822@resize_w1750_nl 2x\" src=\"https:\/\/down-vn.img.susercontent.com\/file\/vn-11134208-7ras8-m27y3q11mz7822\" height=\"875\"><\/picture><\/div>\n<\/div>\n<p class=\"QN2lPu\">\n<p class=\"QN2lPu\">1. GI\u1ea2I PH\u00c1P CHO M\u00c1Y R\u1eecA CH\u00c9N M\u1edaI T\u1eea SUNLIGHT <\/p>\n<p class=\"QN2lPu\">B\u1ea1n \u0111ang t\u00ecm ki\u1ebfm s\u1ea3n ph\u1ea9m d\u00f9ng cho m\u00e1y r\u1eeda ch\u00e9n ho\u00e0n h\u1ea3o, c\u00f3 kh\u1ea3 n\u0103ng l\u00e0m s\u1ea1ch v\u01b0\u1ee3t tr\u1ed9i nh\u01b0ng kh\u00f4ng c\u1ea7n l\u1ec9nh k\u1ec9nh nhi\u1ec1u s\u1ea3n ph\u1ea9m ph\u1ee5? H\u00e3y s\u1eed d\u1ee5ng ngay Vi\u00ean R\u1eeda Ch\u00e9n B\u00e1t Sunlight Cho M\u00e1y R\u1eeda Ch\u00e9n B\u00e1t. \u0110\u01b0\u1ee3c nh\u1eadp kh\u1ea9u t\u1eeb Ph\u00e1p, v\u1edbi c\u00f4ng ngh\u1ec7 PureClean v\u01b0\u1ee3t tr\u1ed9i, gi\u00fap r\u1eeda s\u1ea1ch ch\u00e9n d\u0129a ch\u1ec9 trong 1 l\u1ea7n r\u1eeda, gi\u1eef ch\u00e9n d\u0129a lu\u00f4n s\u00e1ng b\u00f3ng. Vi\u00ean R\u1eeda Ch\u00e9n B\u00e1t Sunlight Cho M\u00e1y R\u1eeda Ch\u00e9n B\u00e1t s\u1ebd gi\u00fap mang \u0111\u1ebfn m\u1ed9t ph\u01b0\u01a1ng ph\u00e1p <\/p>\n<p class=\"QN2lPu\">\n<p class=\"QN2lPu\">\n<p class=\"QN2lPu\">tuy\u1ec7t v\u1eddi<\/p>\n<p class=\"QN2lPu\">\n<p class=\"QN2lPu\">\n<p class=\"QN2lPu\"> cho gia \u0111\u00ecnh b\u1ea1n.<\/p>\n<p class=\"QN2lPu\">\n<p class=\"QN2lPu\">2. \u01afU \u0110I\u1ec2M N\u1ed4I B\u1eacT <\/p>\n<p class=\"QN2lPu\">C\u00f4ng ngh\u1ec7 PureClean ti\u00ean ti\u1ebfn, t\u00edch h\u1ee3p t\u00ednh n\u0103ng l\u00e0m b\u00f3ng v\u00e0 l\u00e0m m\u1ec1m n\u01b0\u1edbc, vi\u00ean r\u1eeda b\u00e1t Sunlight mang \u0111\u1ebfn hi\u1ec7u qu\u1ea3 l\u00e0m s\u1ea1ch \u01b0u vi\u1ec7t m\u00e0 l\u1ea1i nhanh <\/p>\n<p class=\"QN2lPu\">ch\u00f3<\/p>\n<p class=\"QN2lPu\">ng ti\u1ec7n l\u1ee3i. Gi\u1edd \u0111\u00e2y, kh\u00f4ng c\u00f2n ph\u1ea3i lo mua th\u00eam n\u01b0\u1edbc l\u00e0m b\u00f3ng hay mu\u1ed1i r\u1eeda b\u00e1t kh\u00f4ng r\u00f5 ngu\u1ed3n g\u1ed1c.<\/p>\n<p class=\"QN2lPu\">\n<p class=\"QN2lPu\">3. HI\u1ec6U QU\u1ea2 S\u1eec D\u1ee4NG<\/p>\n<p class=\"QN2lPu\">&#8211; R\u1eeda ch\u00e9n <\/p>\n<p class=\"QN2lPu\">\u0111\u0129<\/p>\n<p class=\"QN2lPu\">a s\u1ea1ch b\u1ea9n ch\u1ec9 trong 1 l\u1ea7n r\u1eeda <\/p>\n<p class=\"QN2lPu\">&#8211; Ch\u1ed1ng \u1ed1 m\u00e0u do \u0111\u1ed3 \u0103n, n\u01b0\u1edbc u\u1ed1ng; gi\u1eef ch\u00e9n d\u0129a s\u00e1ng b\u00f3ng<\/p>\n<p class=\"QN2lPu\">&#8211; Kh\u1eed m\u00f9i h\u00f4i tanh c\u00f2n \u0111\u1ecdng l\u1ea1i tr\u00ean ch\u00e9n d\u0129a do d\u1ea7u m\u1ee1, gia v\u1ecb n\u1eb7ng m\u00f9i<\/p>\n<p class=\"QN2lPu\">&#8211; Vi\u00ean to, s\u1eed d\u1ee5ng 1 vi\u00ean cho m\u1ecdi lo\u1ea1i k\u00edch c\u1ee1 m\u00e1y.<\/p>\n<p class=\"QN2lPu\">&#8211; Kh\u00f4ng c\u1ea7n d\u00f9ng th\u00eam s\u1ea3n ph\u1ea9m ph\u1ee5 tr\u1ee3 nh\u01b0 n\u01b0\u1edbc b\u00f3ng, mu\u1ed1i r\u1eeda ch\u00e9n v\u00ec t\u00ednh n\u0103ng \u0111\u00e3 \u0111\u01b0\u1ee3c t\u00edch h\u1ee3p.<\/p>\n<p class=\"QN2lPu\">\n<p class=\"QN2lPu\">4. H\u01af\u1edaNG D\u1eaaN S\u1eec D\u1ee4NG<\/p>\n<p class=\"QN2lPu\">&#8211; \u0110\u1ea3m b\u1ea3o ch\u00e9n d\u0129a \u0111\u01b0\u1ee3c x\u1ebfp v\u00e0o m\u00e1y kh\u00f4ng v\u01b0\u1edbng c\u1ea7n phun n\u01b0\u1edbc v\u00e0 \u1edf v\u1ecb tr\u00ed ti\u1ebfp x\u00fac v\u1edbi n\u01b0\u1edbc<\/p>\n<p class=\"QN2lPu\">&#8211; \u0110\u1eb7t vi\u00ean r\u1eeda ch\u00e9n v\u00e0o ng\u0103n ch\u1ee9a ch\u1ea5t t\u1ea9y r\u1eeda c\u1ee7a m\u00e1y. Kh\u00f4ng x\u00e9 b\u1ecf l\u1edbp m\u00e0ng HYDROFILMTM b\u00ean ngo\u00e0i. Tr\u00e1nh \u0111\u1ec3 tay \u01b0\u1edbt khi c\u1ea7m m\u00e0ng n\u00e0y v\u00ec s\u1ebd l\u00e0m n\u00f3 tan ch\u1ea3y. B\u1ecf qua n\u1ebfu m\u00e1y b\u00e1o thi\u1ebfu mu\u1ed1i hay n\u01b0\u1edbc l\u00e0m b\u00f3ng<\/p>\n<p class=\"QN2lPu\">&#8211; \u0110\u00f3ng m\u00e1y v\u00e0 <\/p>\n<p class=\"QN2lPu\">\n<p class=\"QN2lPu\">\n<p class=\"QN2lPu\">kh\u1ecfi<\/p>\n<p class=\"QN2lPu\">\n<p class=\"QN2lPu\">\n<p class=\"QN2lPu\"> \u0111\u1ed9ng.<\/p>\n<p class=\"QN2lPu\">&#8211; N\u1ebfu ch\u1ecdn ch\u1ebf \u0111\u1ed9 r\u1eeda nhanh, \u0111\u1eb7t vi\u00ean r\u1eeda ch\u00e9n tr\u1ef1c ti\u1ebfp v\u00e0o trong m\u00e1y ho\u1eb7c r\u1ed5 r\u1eeda. <\/p>\n<p class=\"QN2lPu\">\n<p class=\"QN2lPu\">\n<p class=\"QN2lPu\">M\u1eb9<\/p>\n<p class=\"QN2lPu\">o \u0111\u1ec3 cho k\u1ebft qu\u1ea3 s\u1eed d\u1ee5ng t\u1ed1t h\u01a1n: Tr\u01b0\u1edbc khi cho ch\u00e9n d\u0129a v\u00e0o m\u00e1y, b\u1ea1n n\u00ean:<\/p>\n<p class=\"QN2lPu\">&#8211; \u0110\u1ea3m b\u1ea3o ch\u00e9n d\u0129a v\u00e0 v\u1eadt d\u1ee5ng c\u1ea7n r\u1eeda c\u00f3 th\u1ec3 r\u1eeda \u0111\u01b0\u1ee3c v\u1edbi m\u00e1y r\u1eeda ch\u00e9n.<\/p>\n<p class=\"QN2lPu\">&#8211; Lo\u1ea1i b\u1ecf th\u1ee9c \u0103n th\u1eeba c\u00f2n b\u00e1m l\u1ea1i tr\u00ean ch\u00e9n d\u0129a tr\u01b0\u1edbc khi cho v\u00e0o m\u00e1y.<\/p>\n<p class=\"QN2lPu\">&#8211; \u0110\u1ea3m b\u1ea3o c\u1ea7n phun n\u01b0\u1edbc kh\u00f4ng b\u1ecb v\u01b0\u1edbng khi ho\u1ea1t \u0111\u1ed9ng.<\/p>\n<p class=\"QN2lPu\">&#8211; Kh\u00f4ng cho qu\u00e1 nhi\u1ec1u ch\u00e9n d\u0129a ho\u1eb7c \u0111\u1eb7t \u1edf v\u1ecb tr\u00ed m\u00e0 n\u01b0\u1edbc kh\u00f4ng th\u1ec3 ti\u1ebfp x\u00fac \u0111\u1ec3 l\u00e0m s\u1ea1ch.<\/p>\n<p class=\"QN2lPu\">L\u01b0u \u00fd:<\/p>\n<p class=\"QN2lPu\">&#8211; B\u1ea3o qu\u1ea3n n\u01a1i tho\u00e1ng m\u00e1t, tr\u00e1nh \u00e1nh n\u1eafng ho\u1eb7c ngu\u1ed3n nhi\u1ec7t tr\u1ef1c ti\u1ebfp. Gi\u1eef s\u1ea3n ph\u1ea9m nguy\u00ean trong bao b\u00ec khi kh\u00f4ng s\u1eed d\u1ee5ng.<\/p>\n<p class=\"QN2lPu\">HSD: 2 n\u0103m k\u1ec3 t\u1eeb ng\u00e0y s\u1ea3n xu\u1ea5t<\/p>\n<p class=\"QN2lPu\">Xu\u1ea5t x\u1ee9: Ph\u00e1p&#8221;. Tr\u1ecdng l\u01b0\u1ee3ng: 490g<\/p>\n<\/div>\n","protected":false},"excerpt":{"rendered":"<p>1. GI\u1ea2I PH\u00c1P CHO M\u00c1Y R\u1eecA CH\u00c9N M\u1edaI T\u1eea SUNLIGHT B\u1ea1n \u0111ang t\u00ecm ki\u1ebfm s\u1ea3n ph\u1ea9m d\u00f9ng cho m\u00e1y r\u1eeda ch\u00e9n ho\u00e0n h\u1ea3o, c\u00f3 kh\u1ea3 n\u0103ng l\u00e0m s\u1ea1ch v\u01b0\u1ee3t tr\u1ed9i nh\u01b0ng kh\u00f4ng c\u1ea7n l\u1ec9nh k\u1ec9nh nhi\u1ec1u s\u1ea3n ph\u1ea9m ph\u1ee5? H\u00e3y s\u1eed d\u1ee5ng ngay Vi\u00ean R\u1eeda Ch\u00e9n B\u00e1t Sunlight Cho M\u00e1y R\u1eeda Ch\u00e9n B\u00e1t. \u0110\u01b0\u1ee3c nh\u1eadp&#8230;<\/p>\n","protected":false},"featured_media":13895,"comment_status":"open","ping_status":"closed","template":"","meta":[],"product_brand":[],"product_cat":[1267],"product_tag":[],"class_list":{"0":"post-13877","1":"product","2":"type-product","3":"status-publish","4":"has-post-thumbnail","6":"product_cat-khac-ve-sinh-bat-dia","8":"first","9":"instock","10":"sale","11":"shipping-taxable","12":"purchasable","13":"product-type-simple"},"_links":{"self":[{"href":"https:\/\/web-ban-le.mbws.vn\/giat-giu-cham-soc-nha-cua\/wp-json\/wp\/v2\/product\/13877","targetHints":{"allow":["GET"]}}],"collection":[{"href":"https:\/\/web-ban-le.mbws.vn\/giat-giu-cham-soc-nha-cua\/wp-json\/wp\/v2\/product"}],"about":[{"href":"https:\/\/web-ban-le.mbws.vn\/giat-giu-cham-soc-nha-cua\/wp-json\/wp\/v2\/types\/product"}],"replies":[{"embeddable":true,"href":"https:\/\/web-ban-le.mbws.vn\/giat-giu-cham-soc-nha-cua\/wp-json\/wp\/v2\/comments?post=13877"}],"wp:featuredmedia":[{"embeddable":true,"href":"https:\/\/web-ban-le.mbws.vn\/giat-giu-cham-soc-nha-cua\/wp-json\/wp\/v2\/media\/13895"}],"wp:attachment":[{"href":"https:\/\/web-ban-le.mbws.vn\/giat-giu-cham-soc-nha-cua\/wp-json\/wp\/v2\/media?parent=13877"}],"wp:term":[{"taxonomy":"product_brand","embeddable":true,"href":"https:\/\/web-ban-le.mbws.vn\/giat-giu-cham-soc-nha-cua\/wp-json\/wp\/v2\/product_brand?post=13877"},{"taxonomy":"product_cat","embeddable":true,"href":"https:\/\/web-ban-le.mbws.vn\/giat-giu-cham-soc-nha-cua\/wp-json\/wp\/v2\/product_cat?post=13877"},{"taxonomy":"product_tag","embeddable":true,"href":"https:\/\/web-ban-le.mbws.vn\/giat-giu-cham-soc-nha-cua\/wp-json\/wp\/v2\/product_tag?post=13877"}],"curies":[{"name":"wp","href":"https:\/\/api.w.org\/{rel}","templated":true}]}}