{"id":13881,"date":"2025-10-27T09:39:59","date_gmt":"2025-10-27T02:39:59","guid":{"rendered":"https:\/\/web-ban-le.mbws.vn\/giat-giu-cham-soc-nha-cua\/?post_type=product&#038;p=13881"},"modified":"2025-10-27T09:40:34","modified_gmt":"2025-10-27T02:40:34","slug":"combo-3-kem-danh-rang-dang-gel-close-up-trang-rang-diamond-attraction-100g","status":"publish","type":"product","link":"https:\/\/web-ban-le.mbws.vn\/giat-giu-cham-soc-nha-cua\/san-pham\/combo-3-kem-danh-rang-dang-gel-close-up-trang-rang-diamond-attraction-100g\/","title":{"rendered":"Combo 3 Kem \u0111\u00e1nh r\u0103ng d\u1ea1ng GEL Close up Tr\u1eafng r\u0103ng Diamond Attraction 100g"},"content":{"rendered":"<div class=\"e8lZp3\">\n<p class=\"QN2lPu\">H\u01a0I TH\u1ede TH\u01a0M M\u00c1T, S\u00c1T L\u1ea0I G\u1ea6N NHAU V\u1edaI KEM \u0110\u00c1NH R\u0102NG CLOSEUP TR\u1eaeNG R\u0102NG DIAMOND ATTRACTION<\/p>\n<p class=\"QN2lPu\">\n<p class=\"QN2lPu\">Kem \u0111\u00e1nh r\u0103ng Closeup &#8211; Tr\u1eafng R\u0103ng Diamond Attraction \u2013 s\u1ea3n ph\u1ea9m l\u00e0m tr\u1eafng r\u0103ng th\u1ebf h\u1ec7 m\u1edbi mang \u0111\u1ebfn n\u1ee5 c\u01b0\u1eddi tr\u1eafng s\u00e1ng quy\u1ebfn r\u0169. V\u1edbi c\u00f4ng ngh\u1ec7 \u00c1nh Xanh \u0111\u1ed9c \u0111\u00e1o, Kem \u0111\u00e1nh r\u0103ng Closeup &#8211; Tr\u1eafng R\u0103ng Diamond Attraction gi\u00fap r\u0103ng tr\u1eafng l\u00ean tr\u00f4ng th\u1ea5y ch\u1ec9 sau m\u1ed9t l\u1ea7n ch\u1ea3i \u0111\u1ec3 b\u1ea1n lu\u00f4n t\u1ef1 tin l\u00f4i cu\u1ed1n trong cu\u1ed9c s\u1ed1ng hi\u1ec7n \u0111\u1ea1i v\u00e0 n\u0103ng \u0111\u1ed9ng.<\/p>\n<p class=\"QN2lPu\">\n<p class=\"QN2lPu\">\u01afU \u0110I\u1ec2M N\u1ed4I B\u1eacT<\/p>\n<p class=\"QN2lPu\">&#8211; Kem \u0111\u00e1nh r\u0103ng d\u1ea1ng gel<\/p>\n<p class=\"QN2lPu\">&#8211; C\u00f4ng ngh\u1ec7 \u00c1nh Xanh \u0111\u1ed9c \u0111\u00e1o<\/p>\n<p class=\"QN2lPu\">\n<p class=\"QN2lPu\">HI\u1ec6U QU\u1ea2 S\u1eec D\u1ee4NG<\/p>\n<p class=\"QN2lPu\">&#8211; R\u0103ng tr\u1eafng l\u00ean tr\u00f4ng th\u1ea5y ch\u1ec9 sau 1 l\u1ea7n ch\u1ea3i<\/p>\n<p class=\"QN2lPu\">&#8211; S\u1eed d\u1ee5ng th\u01b0\u1eddng xuy\u00ean \u0111\u1ec3 tr\u1ea3 l\u1ea1i m\u00e0u tr\u1eafng t\u1ef1 nhi\u00ean c\u1ee7a men r\u0103ng.<\/p>\n<p class=\"QN2lPu\">\n<p class=\"QN2lPu\">H\u01af\u1edaNG D\u1eaaN S\u1eec D\u1ee4NG<\/p>\n<p class=\"QN2lPu\">&#8211; Ch\u1ea3i r\u0103ng \u00edt nh\u1ea5t m\u1ed7i ng\u00e0y 2 l\u1ea7n s\u00e1ng + t\u1ed1i ho\u1eb7c theo h\u01b0\u1edbng d\u1eabn c\u1ee7a nha s\u0129<\/p>\n<p class=\"QN2lPu\">&#8211; D\u00f9ng \u00edt nh\u1ea5t 1g kem \u0111\u00e1nh r\u0103ng m\u1ed7i l\u1ea7n<\/p>\n<p class=\"QN2lPu\">&#8211; Tr\u1ebb em d\u01b0\u1edbi 6 tu\u1ed5i ch\u1ec9 s\u1eed d\u1ee5ng m\u1ed9t l\u01b0\u1ee3ng kem \u0111\u00e1nh r\u0103ng nh\u1ecf b\u1eb1ng h\u1ea1t \u0111\u1eadu<\/p>\n<p class=\"QN2lPu\">&#8211; Ti\u1ebft ki\u1ec7m n\u01b0\u1edbc b\u1eb1ng c\u00e1ch \u0111\u00f3ng v\u00f2i n\u01b0\u1edbc trong khi ch\u1ea3i r\u0103ng<\/p>\n<p class=\"QN2lPu\">\n<p class=\"QN2lPu\">TH\u00d4NG TIN CHI TI\u1ebeT<\/p>\n<p class=\"QN2lPu\">&#8211; Tr\u1ecdng l\u01b0\u1ee3ng: 100g\/h\u1ed9p<\/p>\n<p class=\"QN2lPu\">&#8211; H\u1ea1n s\u1eed d\u1ee5ng: 3 n\u0103m k\u1ec3 t\u1eeb ng\u00e0y s\u1ea3n xu\u1ea5t<\/p>\n<p class=\"QN2lPu\">&#8211; Ng\u00e0y s\u1ea3n xu\u1ea5t: Xem tr\u00ean bao b\u00ec s\u1ea3n ph\u1ea9m<\/p>\n<p class=\"QN2lPu\">&#8211; Th\u00e0nh ph\u1ea7n: Xem tr\u00ean bao b\u00ec s\u1ea3n ph\u1ea9m<\/p>\n<p class=\"QN2lPu\">&#8211; H\u01b0\u1edbng d\u1eabn b\u1ea3o qu\u1ea3n: N\u01a1i tho\u00e1ng m\u00e1t, tr\u00e1nh \u00e1nh n\u1eafng tr\u1ef1c ti\u1ebfp, \u0111\u1eady k\u00edn n\u1eafp sau khi s\u1eed d\u1ee5ng<\/p>\n<p class=\"QN2lPu\">&#8211; Xu\u1ea5t x\u1ee9 th\u01b0\u01a1ng hi\u1ec7u: Xem tr\u00ean bao b\u00ec s\u1ea3n ph\u1ea9m<\/p>\n<p class=\"QN2lPu\">&#8211; Xu\u1ea5t x\u1ee9: s\u1ea3n xu\u1ea5t t\u1ea1i Vi\u1ec7t Nam<\/p>\n<p class=\"QN2lPu\">\n<p class=\"QN2lPu\">S\u1ea2N PH\u1ea8M C\u00d9NG TH\u01af\u01a0NG HI\u1ec6U<\/p>\n<p class=\"QN2lPu\">&#8211; Mang l\u1ea1i hi\u1ec7u qu\u1ea3 t\u1ed1t khi d\u00f9ng v\u1edbi c\u00e1c s\u1ea3n ph\u1ea9m b\u00e0n ch\u1ea3i \u0111\u00e1nh r\u0103ng Closeup<\/p>\n<p class=\"QN2lPu\">\n<p class=\"QN2lPu\">Tag<\/p>\n<p class=\"QN2lPu\">kem \u0111\u00e1nh r\u0103ng close up<\/p>\n<p class=\"QN2lPu\">kem danh rang closeup<\/p>\n<p class=\"QN2lPu\">kem \u0111anh rang ngan hoi mieng<\/p>\n<p class=\"QN2lPu\">kem \u0111\u1ea3nh \u0103ng ng\u0103n h\u00f4i mi\u1ec7ng<\/p>\n<p class=\"QN2lPu\">kem \u0111\u00e1nh r\u0103ng th\u01a1m m\u00e1t<\/p>\n<p class=\"QN2lPu\">kem danh rang thom mat<\/p>\n<p class=\"QN2lPu\">c\u00e1c lo\u1ea1i kem \u0111\u00e1nh r\u0103ng<\/p>\n<p class=\"QN2lPu\">cac loai kem danh rang<\/p>\n<p class=\"QN2lPu\">closeup kem \u0111\u00e1nh r\u0103ng<\/p>\n<p class=\"QN2lPu\">closeup kem danh rang<\/p>\n<p class=\"QN2lPu\">kem \u0111\u00e1nh r\u0103ng t\u1ed1t<\/p>\n<p class=\"QN2lPu\">kem danh rang tot<\/p>\n<p class=\"QN2lPu\">kem danh rang bac ha<\/p>\n<p class=\"QN2lPu\">kem \u0111\u00e1nh r\u0103ng b\u1ea1c h\u00e0<\/p>\n<p class=\"QN2lPu\">kem danh rang co cac hat nho<\/p>\n<p class=\"QN2lPu\">kem \u0111\u00e1nh r\u0103ng c\u00f3 c\u00e1c h\u1ea1y h\u1ecf<\/p>\n<p class=\"QN2lPu\">kem \u0111\u00e1nh r\u0103ng tr\u1eafng r\u0103ng<\/p>\n<p class=\"QN2lPu\">kem \u0111\u00e1nh r\u0103ng than ho\u1ea1t t\u00ednh<\/p>\n<p class=\"QN2lPu\">kem \u0111\u00e1nh r\u0103ng l\u00e0m tr\u1eafng r\u0103ng<\/p>\n<p class=\"QN2lPu\">lam trang rang<\/p>\n<\/div>\n","protected":false},"excerpt":{"rendered":"<p>H\u01a0I TH\u1ede TH\u01a0M M\u00c1T, S\u00c1T L\u1ea0I G\u1ea6N NHAU V\u1edaI KEM \u0110\u00c1NH R\u0102NG CLOSEUP TR\u1eaeNG R\u0102NG DIAMOND ATTRACTION Kem \u0111\u00e1nh r\u0103ng Closeup &#8211; Tr\u1eafng R\u0103ng Diamond Attraction \u2013 s\u1ea3n ph\u1ea9m l\u00e0m tr\u1eafng r\u0103ng th\u1ebf h\u1ec7 m\u1edbi mang \u0111\u1ebfn n\u1ee5 c\u01b0\u1eddi tr\u1eafng s\u00e1ng quy\u1ebfn r\u0169. V\u1edbi c\u00f4ng ngh\u1ec7 \u00c1nh Xanh \u0111\u1ed9c \u0111\u00e1o, Kem \u0111\u00e1nh r\u0103ng Closeup &#8211;&#8230;<\/p>\n","protected":false},"featured_media":13937,"comment_status":"open","ping_status":"closed","template":"","meta":[],"product_brand":[],"product_cat":[1212],"product_tag":[],"class_list":{"0":"post-13881","1":"product","2":"type-product","3":"status-publish","4":"has-post-thumbnail","6":"product_cat-kem-danh-rang","8":"first","9":"instock","10":"sale","11":"shipping-taxable","12":"purchasable","13":"product-type-simple"},"_links":{"self":[{"href":"https:\/\/web-ban-le.mbws.vn\/giat-giu-cham-soc-nha-cua\/wp-json\/wp\/v2\/product\/13881","targetHints":{"allow":["GET"]}}],"collection":[{"href":"https:\/\/web-ban-le.mbws.vn\/giat-giu-cham-soc-nha-cua\/wp-json\/wp\/v2\/product"}],"about":[{"href":"https:\/\/web-ban-le.mbws.vn\/giat-giu-cham-soc-nha-cua\/wp-json\/wp\/v2\/types\/product"}],"replies":[{"embeddable":true,"href":"https:\/\/web-ban-le.mbws.vn\/giat-giu-cham-soc-nha-cua\/wp-json\/wp\/v2\/comments?post=13881"}],"wp:featuredmedia":[{"embeddable":true,"href":"https:\/\/web-ban-le.mbws.vn\/giat-giu-cham-soc-nha-cua\/wp-json\/wp\/v2\/media\/13937"}],"wp:attachment":[{"href":"https:\/\/web-ban-le.mbws.vn\/giat-giu-cham-soc-nha-cua\/wp-json\/wp\/v2\/media?parent=13881"}],"wp:term":[{"taxonomy":"product_brand","embeddable":true,"href":"https:\/\/web-ban-le.mbws.vn\/giat-giu-cham-soc-nha-cua\/wp-json\/wp\/v2\/product_brand?post=13881"},{"taxonomy":"product_cat","embeddable":true,"href":"https:\/\/web-ban-le.mbws.vn\/giat-giu-cham-soc-nha-cua\/wp-json\/wp\/v2\/product_cat?post=13881"},{"taxonomy":"product_tag","embeddable":true,"href":"https:\/\/web-ban-le.mbws.vn\/giat-giu-cham-soc-nha-cua\/wp-json\/wp\/v2\/product_tag?post=13881"}],"curies":[{"name":"wp","href":"https:\/\/api.w.org\/{rel}","templated":true}]}}