{"id":13883,"date":"2025-10-27T09:39:59","date_gmt":"2025-10-27T02:39:59","guid":{"rendered":"https:\/\/web-ban-le.mbws.vn\/giat-giu-cham-soc-nha-cua\/?post_type=product&#038;p=13883"},"modified":"2025-11-04T23:17:55","modified_gmt":"2025-11-04T16:17:55","slug":"tui-5-vien-treo-ve-sinh-bon-cau-vim-power-5-sach-thom-den-300-lan-xa-50g-vien","status":"publish","type":"product","link":"https:\/\/web-ban-le.mbws.vn\/giat-giu-cham-soc-nha-cua\/san-pham\/tui-5-vien-treo-ve-sinh-bon-cau-vim-power-5-sach-thom-den-300-lan-xa-50g-vien\/","title":{"rendered":"T\u00fai 5 Vi\u00ean Treo V\u1ec7 Sinh B\u1ed3n C\u1ea7u Vim Power 5 | S\u1ea1ch Th\u01a1m \u0110\u1ebfn 300 L\u1ea7n X\u1ea3 (50g\/vi\u00ean)"},"content":{"rendered":"<div class=\"e8lZp3\">\n<div class=\"QN2lPu\">\n<div style=\"position: relative; width: 100%; padding-bottom: 104.384%;\"><picture class=\"UkIsx8\"><source srcset=\"https:\/\/down-vn.img.susercontent.com\/file\/sg-11134202-7rcc8-m67pmakbh3rs1d@resize_w875_nl.webp 1x, https:\/\/down-vn.img.susercontent.com\/file\/sg-11134202-7rcc8-m67pmakbh3rs1d@resize_w1750_nl.webp 2x\" type=\"image\/webp\" class=\"UkIsx8\"><img decoding=\"async\" width=\"875\" loading=\"lazy\" class=\"uXN1L5 lazyload GqYslU\" srcset=\"https:\/\/down-vn.img.susercontent.com\/file\/sg-11134202-7rcc8-m67pmakbh3rs1d@resize_w875_nl 1x, https:\/\/down-vn.img.susercontent.com\/file\/sg-11134202-7rcc8-m67pmakbh3rs1d@resize_w1750_nl 2x\" src=\"https:\/\/down-vn.img.susercontent.com\/file\/sg-11134202-7rcc8-m67pmakbh3rs1d\" height=\"913\"><\/picture><\/div>\n<\/div>\n<div class=\"QN2lPu\">\n<div style=\"position: relative; width: 100%; padding-bottom: 118.906%;\"><picture class=\"UkIsx8\"><source srcset=\"https:\/\/down-vn.img.susercontent.com\/file\/sg-11134202-7rccy-m67pmcqacezi59@resize_w875_nl.webp 1x, https:\/\/down-vn.img.susercontent.com\/file\/sg-11134202-7rccy-m67pmcqacezi59@resize_w1750_nl.webp 2x\" type=\"image\/webp\" class=\"UkIsx8\"><img decoding=\"async\" width=\"875\" loading=\"lazy\" class=\"uXN1L5 lazyload GqYslU\" srcset=\"https:\/\/down-vn.img.susercontent.com\/file\/sg-11134202-7rccy-m67pmcqacezi59@resize_w875_nl 1x, https:\/\/down-vn.img.susercontent.com\/file\/sg-11134202-7rccy-m67pmcqacezi59@resize_w1750_nl 2x\" src=\"https:\/\/down-vn.img.susercontent.com\/file\/sg-11134202-7rccy-m67pmcqacezi59\" height=\"1040\"><\/picture><\/div>\n<\/div>\n<div class=\"QN2lPu\">\n<div style=\"position: relative; width: 100%; padding-bottom: 114.943%;\"><picture class=\"UkIsx8\"><source srcset=\"https:\/\/down-vn.img.susercontent.com\/file\/sg-11134202-7rcej-m67pmeuv8czkf6@resize_w875_nl.webp 1x, https:\/\/down-vn.img.susercontent.com\/file\/sg-11134202-7rcej-m67pmeuv8czkf6@resize_w1750_nl.webp 2x\" type=\"image\/webp\" class=\"UkIsx8\"><img decoding=\"async\" width=\"875\" loading=\"lazy\" class=\"uXN1L5 lazyload GqYslU\" srcset=\"https:\/\/down-vn.img.susercontent.com\/file\/sg-11134202-7rcej-m67pmeuv8czkf6@resize_w875_nl 1x, https:\/\/down-vn.img.susercontent.com\/file\/sg-11134202-7rcej-m67pmeuv8czkf6@resize_w1750_nl 2x\" src=\"https:\/\/down-vn.img.susercontent.com\/file\/sg-11134202-7rcej-m67pmeuv8czkf6\" height=\"1006\"><\/picture><\/div>\n<\/div>\n<div class=\"QN2lPu\">\n<div style=\"position: relative; width: 100%; padding-bottom: 94.0734%;\"><picture class=\"UkIsx8\"><source srcset=\"https:\/\/down-vn.img.susercontent.com\/file\/sg-11134202-7rccs-m67pmh1e01lj5b@resize_w875_nl.webp 1x, https:\/\/down-vn.img.susercontent.com\/file\/sg-11134202-7rccs-m67pmh1e01lj5b@resize_w1750_nl.webp 2x\" type=\"image\/webp\" class=\"UkIsx8\"><img decoding=\"async\" width=\"875\" loading=\"lazy\" class=\"uXN1L5 lazyload GqYslU\" srcset=\"https:\/\/down-vn.img.susercontent.com\/file\/sg-11134202-7rccs-m67pmh1e01lj5b@resize_w875_nl 1x, https:\/\/down-vn.img.susercontent.com\/file\/sg-11134202-7rccs-m67pmh1e01lj5b@resize_w1750_nl 2x\" src=\"https:\/\/down-vn.img.susercontent.com\/file\/sg-11134202-7rccs-m67pmh1e01lj5b\" height=\"823\"><\/picture><\/div>\n<\/div>\n<div class=\"QN2lPu\">\n<div style=\"position: relative; width: 100%; padding-bottom: 106.724%;\"><picture class=\"UkIsx8\"><source srcset=\"https:\/\/down-vn.img.susercontent.com\/file\/sg-11134202-7rccp-m67pmithe8qy27@resize_w875_nl.webp 1x, https:\/\/down-vn.img.susercontent.com\/file\/sg-11134202-7rccp-m67pmithe8qy27@resize_w1750_nl.webp 2x\" type=\"image\/webp\" class=\"UkIsx8\"><img decoding=\"async\" width=\"875\" loading=\"lazy\" class=\"uXN1L5 lazyload GqYslU\" srcset=\"https:\/\/down-vn.img.susercontent.com\/file\/sg-11134202-7rccp-m67pmithe8qy27@resize_w875_nl 1x, https:\/\/down-vn.img.susercontent.com\/file\/sg-11134202-7rccp-m67pmithe8qy27@resize_w1750_nl 2x\" src=\"https:\/\/down-vn.img.susercontent.com\/file\/sg-11134202-7rccp-m67pmithe8qy27\" height=\"934\"><\/picture><\/div>\n<\/div>\n<div class=\"QN2lPu\">\n<div style=\"position: relative; width: 100%; padding-bottom: 103.306%;\"><picture class=\"UkIsx8\"><source srcset=\"https:\/\/down-vn.img.susercontent.com\/file\/sg-11134202-7rcdx-m67pml2i52zc96@resize_w875_nl.webp 1x, https:\/\/down-vn.img.susercontent.com\/file\/sg-11134202-7rcdx-m67pml2i52zc96@resize_w1750_nl.webp 2x\" type=\"image\/webp\" class=\"UkIsx8\"><img decoding=\"async\" width=\"875\" loading=\"lazy\" class=\"uXN1L5 lazyload GqYslU\" srcset=\"https:\/\/down-vn.img.susercontent.com\/file\/sg-11134202-7rcdx-m67pml2i52zc96@resize_w875_nl 1x, https:\/\/down-vn.img.susercontent.com\/file\/sg-11134202-7rcdx-m67pml2i52zc96@resize_w1750_nl 2x\" src=\"https:\/\/down-vn.img.susercontent.com\/file\/sg-11134202-7rcdx-m67pml2i52zc96\" height=\"904\"><\/picture><\/div>\n<\/div>\n<p class=\"QN2lPu\">\n<p class=\"QN2lPu\">VI\u00caN TREO V\u1ec6 SINH B\u1ed2N C\u1ea6U VIM POWER 5 | H\u01af\u01a0NG LAVENDER<\/p>\n<p class=\"QN2lPu\">\n<p class=\"QN2lPu\">S\u1ea0CH KHU\u1ea8N, TH\u01a0M M\u00c1T \u0110\u1ebeN 300 L\u1ea6N X\u1ea2<\/p>\n<p class=\"QN2lPu\">Cho b\u1ed3n c\u1ea7u th\u01a1m m\u00e1t s\u1ea1ch s\u1ebd v\u1edbi \u0111a d\u1ea1ng <\/p>\n<p class=\"QN2lPu\">\n<p class=\"QN2lPu\">\n<p class=\"QN2lPu\">\n<p class=\"QN2lPu\">\n<p class=\"QN2lPu\">l\u1ef1a ch\u1ecdn<\/p>\n<p class=\"QN2lPu\">\n<p class=\"QN2lPu\">\n<p class=\"QN2lPu\">\n<p class=\"QN2lPu\">\n<p class=\"QN2lPu\"> m\u00f9i h\u01b0\u01a1ng, b\u1ea3o v\u1ec7 gia \u0111\u00ecnh <\/p>\n<p class=\"QN2lPu\">\n<p class=\"QN2lPu\">\n<p class=\"QN2lPu\">\n<p class=\"QN2lPu\">\n<p class=\"QN2lPu\">kh\u1ecfi<\/p>\n<p class=\"QN2lPu\">\n<p class=\"QN2lPu\">\n<p class=\"QN2lPu\">\n<p class=\"QN2lPu\">\n<p class=\"QN2lPu\"> vi khu\u1ea9n g\u00e2y b\u1ec7nh, lo\u1ea1i b\u1ecf v\u00e0 <\/p>\n<p class=\"QN2lPu\">\n<p class=\"QN2lPu\">\n<p class=\"QN2lPu\">\n<p class=\"QN2lPu\">\n<p class=\"QN2lPu\">ng\u0103n ng\u1eeba<\/p>\n<p class=\"QN2lPu\">\n<p class=\"QN2lPu\">\n<p class=\"QN2lPu\">\n<p class=\"QN2lPu\">\n<p class=\"QN2lPu\"> m\u1ea3ng b\u00e1m quay tr\u1edf l\u1ea1i.<\/p>\n<p class=\"QN2lPu\">&nbsp;<\/p>\n<p class=\"QN2lPu\">T\u00cdCH H\u1ee2P 5 T\u00cdNH N\u0102NG V\u01af\u1ee2T TR\u1ed8I:<\/p>\n<p class=\"QN2lPu\">&nbsp;\u2022 Ng\u0103n m\u1ea3ng b\u00e1m &amp; Ng\u1eeba vi khu\u1ea9n*<\/p>\n<p class=\"QN2lPu\">&nbsp;\u2022 L\u01b0u h\u01b0\u01a1ng th\u01a1m m\u00e1t \u0111\u1ebfn 30 ng\u00e0y<\/p>\n<p class=\"QN2lPu\">&nbsp;\u2022 S\u1eed d\u1ee5ng \u0111\u1ebfn 300 l\u1ea7n x\u1ea3\/vi\u00ean**<\/p>\n<p class=\"QN2lPu\">&nbsp;\u2022 Nhi\u1ec1u b\u1ecdt, gi\u00fap cu\u1ed1n tr\u00f4i m\u1ea3ng b\u00e1m<\/p>\n<p class=\"QN2lPu\">&nbsp;\u2022 Duy tr\u00ec \u0111\u1ed9 s\u00e1ng b\u00f3ng<\/p>\n<p class=\"QN2lPu\">&nbsp;<\/p>\n<p class=\"QN2lPu\">M\u00d9I H\u01af\u01a0NG \u0110A D\u1ea0NG:<\/p>\n<p class=\"QN2lPu\">&nbsp;\u2022 H\u01b0\u01a1ng Hoa Lavender mang l\u1ea1i c\u1ea3m gi\u00e1c tho\u1ea3i m\u00e1i th\u01b0 th\u00e1i cho kh\u00f4ng gian nh\u00e0 v\u1ec7 sinh.<\/p>\n<p class=\"QN2lPu\">\u2022 H\u01b0\u01a1ng Tr\u00e0 Xanh &amp; Chanh V\u00e0ng m\u00e1t l\u00e0nh khi\u1ebfn cho toilet nh\u00e0 b\u1ea1n lu\u00f4n th\u01a1m m\u00e1t.<\/p>\n<p class=\"QN2lPu\">\u2022 H\u01b0\u01a1ng Chanh the m\u00e1t gi\u00fap kh\u00f4ng gian nh\u00e0 v\u1ec7 sinh tr\u1edf n\u00ean t\u01b0\u01a1i m\u1edbi h\u01a1n.<\/p>\n<p class=\"QN2lPu\">\u2022 H\u01b0\u01a1ng Hoa M\u1ed9c Lan v\u1edbi s\u1ef1 lan t\u1ecfa m\u00f9i h\u01b0\u01a1ng d\u1ecbu nh\u1eb9 l\u00e0m cho nh\u00e0 v\u1ec7 sinh c\u1ee7a b\u1ea1n lu\u00f4n th\u01a1m ng\u00e1t.<\/p>\n<p class=\"QN2lPu\">&nbsp;<\/p>\n<p class=\"QN2lPu\">H\u01af\u1edaNG D\u1eaaN S\u1eec D\u1ee4NG:<\/p>\n<p class=\"QN2lPu\">B\u01b0\u1edbc 1: L\u1ea5y v\u1ec9 treo ra <\/p>\n<p class=\"QN2lPu\">\n<p class=\"QN2lPu\">\n<p class=\"QN2lPu\">\n<p class=\"QN2lPu\">\n<p class=\"QN2lPu\">kh\u1ecfi<\/p>\n<p class=\"QN2lPu\">\n<p class=\"QN2lPu\">\n<p class=\"QN2lPu\">\n<p class=\"QN2lPu\">\n<p class=\"QN2lPu\"> h\u1ed9p ch\u1ee9a.<\/p>\n<p class=\"QN2lPu\">B\u01b0\u1edbc 2: Treo v\u1ec9 treo ph\u00eda b\u00ean trong th\u00e0nh b\u1ed3n c\u1ea7u sao cho vi\u00ean v\u1ec7 sinh ti\u1ebfp x\u00fac v\u1edbi d\u00f2ng ch\u1ea3y n\u01b0\u1edbc x\u1ea3.<\/p>\n<p class=\"QN2lPu\">B\u01b0\u1edbc 3: \u0110\u1ec3 v\u1ec9 treo t\u1ea1i v\u1ecb tr\u00ed treo ban \u0111\u1ea7u \u0111\u1ec3 s\u1eed d\u1ee5ng cho t\u1edbi khi vi\u00ean v\u1ec7 sinh ho\u00e0 tan h\u1ebft.<\/p>\n<p class=\"QN2lPu\">B\u01b0\u1edbc 4: Sau khi vi\u00ean v\u1ec7 sinh trong v\u1ec9 treo ho\u00e0 tan h\u1ebft, thay v\u1ec9 treo m\u1edbi.<\/p>\n<p class=\"QN2lPu\">&nbsp;<\/p>\n<p class=\"QN2lPu\">*Gi\u00fap lo\u1ea1i b\u1ecf m\u1ea3ng b\u00e1m k\u00e9m v\u1ec7 sinh l\u00e0 n\u01a1i vi khu\u1ea9n ph\u00e1t tri\u1ec3n<\/p>\n<p class=\"QN2lPu\">**Trong \u0111i\u1ec1u ki\u1ec7n th\u00ed nghi\u1ec7m, k\u1ebft qu\u1ea3 th\u1ef1c t\u1ebf c\u00f3 th\u1ec3 thay \u0111\u1ed5i<\/p>\n<p class=\"QN2lPu\">&nbsp;<\/p>\n<p class=\"QN2lPu\">Xu\u1ea5t x\u1ee9: Ba Lan<\/p>\n<p class=\"QN2lPu\">Ng\u00e0y s\u1ea3n xu\u1ea5t: Xem tr\u00ean bao b\u00ec s\u1ea3n ph\u1ea9m<\/p>\n<p class=\"QN2lPu\">H\u1ea1n s\u1eed d\u1ee5ng: 2 n\u0103m k\u1ec3 t\u1eeb ng\u00e0y s\u1ea3n xu\u1ea5t<\/p>\n<p class=\"QN2lPu\">Th\u00e0nh ph\u1ea7n: Xem tr\u00ean bao b\u00ec s\u1ea3n ph\u1ea9m<\/p>\n<p class=\"QN2lPu\">H\u01b0\u1edbng d\u1eabn b\u1ea3o qu\u1ea3n: B\u1ea3o qu\u1ea3n n\u01a1i tho\u00e1ng m\u00e1t tr\u00e1nh \u00e1nh n\u1eafng tr\u1ef1c ti\u1ebfp trong \u0111i\u1ec1u ki\u1ec7n nhi\u1ec7t \u0111\u1ed9 cao, s\u1ea3n ph\u1ea9m c\u00f3 th\u1ec3 b\u1ecb ch\u1ea3y, tr\u00e1nh va \u0111\u1eadp m\u1ea1nh l\u00e0m r\u00e1ch bao b\u00ec v\u00e0 g\u00e2y h\u1ecfng s\u1ea3n ph\u1ea9m.<\/p>\n<p class=\"QN2lPu\">L\u01b0u \u00fd: Bao b\u00ec c\u00f3 th\u1ec3 thay \u0111\u1ed5i theo t\u1eebng \u0111\u1ee3t nh\u1eadp h\u00e0ng<\/p>\n<p class=\"QN2lPu\">\n<p class=\"QN2lPu\">Tag: vi\u00ean th\u1ea3 b\u1ed3n c\u1ea7u, vien tha bon cau, vi\u00ean treo b\u1ed3n c\u1ea7u, vien treo bon cau, vi\u00ean v\u1ec7 sinh b\u1ed3n c\u1ea7u, vien ve sinh bon cau, vi\u00ean kh\u1eed m\u00f9i nh\u00e0 v\u1ec7 sinh, vien khu mui nha ve sinh, v\u1ec7 sinh nh\u00e0 t\u1eafm, ve sinh nha tam, vi\u00ean t\u1ea9y b\u1ed3n c\u1ea7u, v\u1ec7 sinh b\u1ed3n c\u1ea7u, vim, vi\u00ean t\u1ea9y b\u1ed3n c\u1ea7u vim, vi\u00ean t\u1ea9y b\u1ed3n c\u1ea7u vim, vi\u00ean kh\u1eed m\u00f9i, vien khu mui, vi\u00ean kh\u1eed m\u00f9i toilet, vien khu mui toilet<\/p>\n<\/div>\n","protected":false},"excerpt":{"rendered":"<p>VI\u00caN TREO V\u1ec6 SINH B\u1ed2N C\u1ea6U VIM POWER 5 | H\u01af\u01a0NG LAVENDER S\u1ea0CH KHU\u1ea8N, TH\u01a0M M\u00c1T \u0110\u1ebeN 300 L\u1ea6N X\u1ea2 Cho b\u1ed3n c\u1ea7u th\u01a1m m\u00e1t s\u1ea1ch s\u1ebd v\u1edbi \u0111a d\u1ea1ng l\u1ef1a ch\u1ecdn m\u00f9i h\u01b0\u01a1ng, b\u1ea3o v\u1ec7 gia \u0111\u00ecnh kh\u1ecfi vi khu\u1ea9n g\u00e2y b\u1ec7nh, lo\u1ea1i b\u1ecf v\u00e0 ng\u0103n ng\u1eeba m\u1ea3ng b\u00e1m quay tr\u1edf l\u1ea1i. &nbsp; T\u00cdCH&#8230;<\/p>\n","protected":false},"featured_media":13953,"comment_status":"open","ping_status":"closed","template":"","meta":[],"product_brand":[1378],"product_cat":[1222],"product_tag":[],"class_list":{"0":"post-13883","1":"product","2":"type-product","3":"status-publish","4":"has-post-thumbnail","6":"product_brand-vim","7":"product_cat-chat-tay-va-khu-mui-bon-cau","9":"first","10":"instock","11":"sale","12":"shipping-taxable","13":"purchasable","14":"product-type-variable"},"_links":{"self":[{"href":"https:\/\/web-ban-le.mbws.vn\/giat-giu-cham-soc-nha-cua\/wp-json\/wp\/v2\/product\/13883","targetHints":{"allow":["GET"]}}],"collection":[{"href":"https:\/\/web-ban-le.mbws.vn\/giat-giu-cham-soc-nha-cua\/wp-json\/wp\/v2\/product"}],"about":[{"href":"https:\/\/web-ban-le.mbws.vn\/giat-giu-cham-soc-nha-cua\/wp-json\/wp\/v2\/types\/product"}],"replies":[{"embeddable":true,"href":"https:\/\/web-ban-le.mbws.vn\/giat-giu-cham-soc-nha-cua\/wp-json\/wp\/v2\/comments?post=13883"}],"wp:featuredmedia":[{"embeddable":true,"href":"https:\/\/web-ban-le.mbws.vn\/giat-giu-cham-soc-nha-cua\/wp-json\/wp\/v2\/media\/13953"}],"wp:attachment":[{"href":"https:\/\/web-ban-le.mbws.vn\/giat-giu-cham-soc-nha-cua\/wp-json\/wp\/v2\/media?parent=13883"}],"wp:term":[{"taxonomy":"product_brand","embeddable":true,"href":"https:\/\/web-ban-le.mbws.vn\/giat-giu-cham-soc-nha-cua\/wp-json\/wp\/v2\/product_brand?post=13883"},{"taxonomy":"product_cat","embeddable":true,"href":"https:\/\/web-ban-le.mbws.vn\/giat-giu-cham-soc-nha-cua\/wp-json\/wp\/v2\/product_cat?post=13883"},{"taxonomy":"product_tag","embeddable":true,"href":"https:\/\/web-ban-le.mbws.vn\/giat-giu-cham-soc-nha-cua\/wp-json\/wp\/v2\/product_tag?post=13883"}],"curies":[{"name":"wp","href":"https:\/\/api.w.org\/{rel}","templated":true}]}}