{"id":14139,"date":"2025-10-27T09:42:34","date_gmt":"2025-10-27T02:42:34","guid":{"rendered":"https:\/\/web-ban-le.mbws.vn\/giat-giu-cham-soc-nha-cua\/?post_type=product&#038;p=14139"},"modified":"2025-10-27T09:43:09","modified_gmt":"2025-10-27T02:43:09","slug":"giay-thom-comfort-huong-mau-don-va-hoa-hong-ohara-40-to-danh-cho-may-say-quan-ao-tu-quan-ao","status":"publish","type":"product","link":"https:\/\/web-ban-le.mbws.vn\/giat-giu-cham-soc-nha-cua\/san-pham\/giay-thom-comfort-huong-mau-don-va-hoa-hong-ohara-40-to-danh-cho-may-say-quan-ao-tu-quan-ao\/","title":{"rendered":"Gi\u1ea5y Th\u01a1m Comfort H\u01b0\u01a1ng M\u1eabu \u0110\u01a1n V\u00e0 Hoa H\u1ed3ng Ohara 40 t\u1edd, D\u00e0nh Cho M\u00e1y S\u1ea5y Qu\u1ea7n \u00c1o, T\u1ee7 Qu\u1ea7n \u00c1o"},"content":{"rendered":"<div class=\"e8lZp3\">\n<p class=\"QN2lPu\">RA M\u1eaeT | GI\u1ea4Y TH\u01a0M COMFORT H\u01af\u01a0NG M\u1eaaU \u0110\u01a0N V\u00c0 HOA H\u1ed2NG OHARA &#8211; D\u00c0NH CHO M\u00c1Y S\u1ea4Y QU\u1ea6N \u00c1O, T\u1ee6 QU\u1ea6N \u00c1O, GI\u00c0Y D\u00c9P,&#8230;<\/p>\n<p class=\"QN2lPu\">\n<p class=\"QN2lPu\">Gi\u1ea5y th\u01a1m Comfort l\u00e0 b\u01b0\u1edbc cu\u1ed1i c\u00f9ng gi\u00fap ho\u00e0n thi\u1ec7n c\u00f4ng vi\u1ec7c ch\u0103m s\u00f3c qu\u1ea7n \u00e1o gi\u1eb7t &#8211; s\u1ea5y m\u00e1y ngay t\u1ea1i nh\u00e0. V\u1edbi ba t\u1ea7ng h\u01b0\u01a1ng hoa t\u1eeb Ph\u00e1p, gi\u1ea5y s\u1ea5y th\u01a1m Comfort s\u1ebd mang l\u1ea1i cho \u00e1o qu\u1ea7n gi\u1eb7t m\u00e1y l\u1edbp h\u01b0\u01a1ng d\u1ecbu d\u00e0ng, th\u01a1m m\u00e1t. \u0110\u1eb7c bi\u1ec7t, d\u00f9 tr\u1ea3i qua qu\u00e1 tr\u00ecnh s\u1ea5y v\u1edbi nhi\u1ec7t \u0111\u1ed9 cao nh\u01b0ng Gi\u1ea5y th\u01a1m Comfort v\u1eabn gi\u1eef h\u01b0\u01a1ng th\u01a1m lan to\u1ea3 cho \u00e1o qu\u1ea7n c\u1ea3 gia \u0111\u00ecnh.<\/p>\n<p class=\"QN2lPu\">\n<p class=\"QN2lPu\">Tr\u1ea3i nghi\u1ec7m th\u00eam h\u01b0\u01a1ng th\u01a1m c\u1ee7a Gi\u1ea5y th\u01a1m Comfort khi d\u00f9ng cho t\u1ee7 qu\u1ea7n \u00e1o gi\u00fap \u0111\u1ed3 lu\u00f4n bung t\u1ecfa h\u01b0\u01a1ng hoa; ng\u0103n m\u00f9i \u1ea9m m\u1ed1c \u1edf t\u1ee7 gi\u00e0y, t\u00fai x\u00e1ch,&#8230;<\/p>\n<p class=\"QN2lPu\">\n<p class=\"QN2lPu\">*\u01afU \u0110I\u1ec2M N\u1ed4I B\u1eacT<\/p>\n<p class=\"QN2lPu\">&#8211; Ch\u1ec9 v\u1edbi m\u1ed9t b\u01b0\u1edbc cho \u00e1o qu\u1ea7n c\u1ea3 gia \u0111\u00ecnh th\u01a1m ng\u1ea5t ng\u00e2y.<\/p>\n<p class=\"QN2lPu\">&#8211; H\u01b0\u01a1ng th\u01a1m ng\u1ecdt ng\u00e0o, d\u1ecbu d\u00e0ng h\u01b0\u01a1ng hoa Ph\u00e1p v\u1edbi ba t\u1ea7ng h\u01b0\u01a1ng:<\/p>\n<p class=\"QN2lPu\">+ T\u1ea7ng h\u01b0\u01a1ng \u0111\u1ea7u: Cam Bergamot, D\u01b0a h\u1ea5u, Qu\u1ea3 m\u01a1<\/p>\n<p class=\"QN2lPu\">+ T\u1ea7ng h\u01b0\u01a1ng gi\u1eefa: Hoa h\u1ed3ng Ohara, Hoa Nh\u00e0i, Hoa M\u1eabu \u0111\u01a1n<\/p>\n<p class=\"QN2lPu\">+ T\u1ea7ng h\u01b0\u01a1ng cu\u1ed1i: X\u1ea1 h\u01b0\u01a1ng, Vanilla, G\u1ed7 Cedar<\/p>\n<p class=\"QN2lPu\">&#8211; C\u00f4ng th\u1ee9c L\u01b0u h\u01b0\u01a1ng B\u1ec1n Nhi\u1ec7t \u0111\u1ed9c quy\u1ec1n t\u1eeb Comfort gi\u00fap h\u01b0\u01a1ng hoa v\u1eabn bung to\u1ea3 tr\u00ean \u00e1o qu\u1ea7n d\u00f9 sau qu\u00e1 tr\u00ecnh s\u1ea5y v\u1edbi nhi\u1ec7t \u0111\u1ed9 cao.<\/p>\n<p class=\"QN2lPu\">\n<p class=\"QN2lPu\">*HI\u1ec6U QU\u1ea2 S\u1eec D\u1ee4NG<\/p>\n<p class=\"QN2lPu\">&#8211; Gi\u00fap \u00e1o qu\u1ea7n c\u1ea3 gia \u0111\u00ecnh lu\u00f4n th\u01a1m ng\u00e1t v\u1edbi ch\u1ec9 m\u1ed9t gi\u00e2y cho gi\u1ea5y s\u1ea5y th\u01a1m v\u00e0o m\u00e1y.<\/p>\n<p class=\"QN2lPu\">&#8211; B\u01b0\u1edbc cu\u1ed1i c\u00f9ng ho\u00e0n thi\u1ec7n qu\u00e1 tr\u00ecnh ch\u0103m s\u00f3c \u00e1o qu\u1ea7n gi\u1eb7t &#8211; s\u1ea5y m\u00e1y.<\/p>\n<p class=\"QN2lPu\">&#8211; Cho tr\u1ef1c ti\u1ebfp Gi\u1ea5y s\u1ea5y th\u01a1m Comfort v\u00e0o t\u1ee7 qu\u1ea7n \u00e1o, k\u1ec7 gi\u00e0y d\u00e9p,&#8230;\u0111\u1ec3 kh\u1eed m\u00f9i v\u00e0 t\u1ea1o h\u01b0\u01a1ng th\u01a1m.<\/p>\n<p class=\"QN2lPu\">\n<p class=\"QN2lPu\">*H\u01af\u1edaNG D\u1eaaN S\u1eec D\u1ee4NG<\/p>\n<p class=\"QN2lPu\">&#8211; Cho 1 \u2013 2 t\u1edd* Gi\u1ea5y s\u1ea5y th\u01a1m Comfort v\u00e0o m\u00e1y s\u1ea5y qu\u1ea7n \u00e1o tr\u01b0\u1edbc khi b\u1eaft \u0111\u1ea7u chu tr\u00ecnh s\u1ea5y v\u00e0 s\u1ea5y chung v\u1edbi \u00e1o qu\u1ea7n v\u1eeba \u0111\u01b0\u1ee3c gi\u1eb7t s\u1ea1ch.<\/p>\n<p class=\"QN2lPu\">&#8211; \u0110\u00f3ng k\u0129 n\u1eafp h\u1ed9p sau khi s\u1eed d\u1ee5ng v\u00e0 r\u1eeda s\u1ea1ch tay<\/p>\n<p class=\"QN2lPu\">&#8211; B\u1ecf ph\u1ea7n x\u00e1c gi\u1ea5y s\u1ea5y th\u01a1m sau khi s\u1eed d\u1ee5ng v\u00e0o th\u00f9ng r\u00e1c.<\/p>\n<p class=\"QN2lPu\">(*) \u0110i\u1ec1u ch\u1ec9nh l\u01b0\u1ee3ng d\u00f9ng tu\u1ef3 theo ch\u1ea5t li\u1ec7u v\u00e0 s\u1ed1 l\u01b0\u1ee3ng qu\u1ea7n \u00e1o (1 t\u1edd cho kho\u1ea3ng 3kg)<\/p>\n<p class=\"QN2lPu\">\n<p class=\"QN2lPu\">*XU\u1ea4T X\u1ee8 TH\u01af\u01a0NG HI\u1ec6U<\/p>\n<p class=\"QN2lPu\">&#8211; Xu\u1ea5t x\u1ee9: S\u1ea3n xu\u1ea5t t\u1ea1i Vi\u1ec7t Nam<\/p>\n<p class=\"QN2lPu\">&#8211; Ng\u00e0y s\u1ea3n xu\u1ea5t: Xem tr\u00ean bao b\u00ec s\u1ea3n ph\u1ea9m<\/p>\n<p class=\"QN2lPu\">&#8211; H\u1ea1n s\u1eed d\u1ee5ng: 2 n\u0103m k\u1ec3 t\u1eeb Ng\u00e0y s\u1ea3n xu\u1ea5t<\/p>\n<p class=\"QN2lPu\">&#8211; Th\u00e0nh ph\u1ea7n: Xem tr\u00ean bao b\u00ec s\u1ea3n ph\u1ea9m<\/p>\n<p class=\"QN2lPu\">&#8211; H\u01b0\u1edbng d\u1eabn b\u1ea3o qu\u1ea3n: L\u01b0u tr\u1eef s\u1ea3n ph\u1ea9m n\u01a1i kh\u00f4 m\u00e1t, tr\u00e1nh \u00e1nh n\u1eafng tr\u1ef1c ti\u1ebfp.<\/p>\n<p class=\"QN2lPu\">\n<p class=\"QN2lPu\">*Tag<\/p>\n<p class=\"QN2lPu\">gi\u1ea5y s\u1ea5y th\u01a1m, gi\u1ea5y th\u01a1m, giay thom, giay say thom, gi\u1ea5y s\u1ea5y, giay say, giay say thom huong hoa, gi\u1ea5y s\u1ea5y th\u01a1m h\u01b0\u01a1ng hoa, giay say huong hoa, gi\u1ea5y s\u1ea5y h\u01b0\u01a1ng hoa, giay say Comfort, gi\u1ea5y s\u1ea5y Comfort, giay say thom Comfort, gi\u1ea5y s\u1ea5y th\u01a1m Comfort, giay say thom quan ao, gi\u1ea5y s\u1ea5y th\u01a1m qu\u1ea7n \u00e1o, giay say quan ao Comfort, gi\u1ea5y s\u1ea5y qu\u1ea7n \u00e1o Comfort, say quan ao, s\u1ea5y qu\u1ea7n \u00e1o, gi\u1ea5y th\u01a1m qu\u1ea7n \u00e1o, gi\u1ea5y th\u01a1m s\u1ea5y qu\u1ea7n \u00e1o, gi\u1ea5y th\u01a1m \u0111\u1ec3 t\u1ee7 qu\u1ea7n \u00e1o, gi\u1ea5y th\u01a1m t\u1ee7 qu\u1ea7n \u00e1o<\/p>\n<\/div>\n","protected":false},"excerpt":{"rendered":"<p>RA M\u1eaeT | GI\u1ea4Y TH\u01a0M COMFORT H\u01af\u01a0NG M\u1eaaU \u0110\u01a0N V\u00c0 HOA H\u1ed2NG OHARA &#8211; D\u00c0NH CHO M\u00c1Y S\u1ea4Y QU\u1ea6N \u00c1O, T\u1ee6 QU\u1ea6N \u00c1O, GI\u00c0Y D\u00c9P,&#8230; Gi\u1ea5y th\u01a1m Comfort l\u00e0 b\u01b0\u1edbc cu\u1ed1i c\u00f9ng gi\u00fap ho\u00e0n thi\u1ec7n c\u00f4ng vi\u1ec7c ch\u0103m s\u00f3c qu\u1ea7n \u00e1o gi\u1eb7t &#8211; s\u1ea5y m\u00e1y ngay t\u1ea1i nh\u00e0. V\u1edbi ba t\u1ea7ng h\u01b0\u01a1ng hoa t\u1eeb Ph\u00e1p,&#8230;<\/p>\n","protected":false},"featured_media":14196,"comment_status":"open","ping_status":"closed","template":"","meta":[],"product_brand":[],"product_cat":[1224],"product_tag":[],"class_list":{"0":"post-14139","1":"product","2":"type-product","3":"status-publish","4":"has-post-thumbnail","6":"product_cat-chat-lam-mem-quan-ao","8":"first","9":"instock","10":"sale","11":"shipping-taxable","12":"purchasable","13":"product-type-simple"},"_links":{"self":[{"href":"https:\/\/web-ban-le.mbws.vn\/giat-giu-cham-soc-nha-cua\/wp-json\/wp\/v2\/product\/14139","targetHints":{"allow":["GET"]}}],"collection":[{"href":"https:\/\/web-ban-le.mbws.vn\/giat-giu-cham-soc-nha-cua\/wp-json\/wp\/v2\/product"}],"about":[{"href":"https:\/\/web-ban-le.mbws.vn\/giat-giu-cham-soc-nha-cua\/wp-json\/wp\/v2\/types\/product"}],"replies":[{"embeddable":true,"href":"https:\/\/web-ban-le.mbws.vn\/giat-giu-cham-soc-nha-cua\/wp-json\/wp\/v2\/comments?post=14139"}],"wp:featuredmedia":[{"embeddable":true,"href":"https:\/\/web-ban-le.mbws.vn\/giat-giu-cham-soc-nha-cua\/wp-json\/wp\/v2\/media\/14196"}],"wp:attachment":[{"href":"https:\/\/web-ban-le.mbws.vn\/giat-giu-cham-soc-nha-cua\/wp-json\/wp\/v2\/media?parent=14139"}],"wp:term":[{"taxonomy":"product_brand","embeddable":true,"href":"https:\/\/web-ban-le.mbws.vn\/giat-giu-cham-soc-nha-cua\/wp-json\/wp\/v2\/product_brand?post=14139"},{"taxonomy":"product_cat","embeddable":true,"href":"https:\/\/web-ban-le.mbws.vn\/giat-giu-cham-soc-nha-cua\/wp-json\/wp\/v2\/product_cat?post=14139"},{"taxonomy":"product_tag","embeddable":true,"href":"https:\/\/web-ban-le.mbws.vn\/giat-giu-cham-soc-nha-cua\/wp-json\/wp\/v2\/product_tag?post=14139"}],"curies":[{"name":"wp","href":"https:\/\/api.w.org\/{rel}","templated":true}]}}