{"id":14212,"date":"2025-10-27T09:43:18","date_gmt":"2025-10-27T02:43:18","guid":{"rendered":"https:\/\/web-ban-le.mbws.vn\/giat-giu-cham-soc-nha-cua\/?post_type=product&#038;p=14212"},"modified":"2025-10-27T09:44:24","modified_gmt":"2025-10-27T02:44:24","slug":"combo-2-tui-nuoc-giat-omo-matic-cua-truoc-41kg-tui","status":"publish","type":"product","link":"https:\/\/web-ban-le.mbws.vn\/giat-giu-cham-soc-nha-cua\/san-pham\/combo-2-tui-nuoc-giat-omo-matic-cua-truoc-41kg-tui\/","title":{"rendered":"Combo 2 T\u00fai N\u01b0\u1edbc gi\u1eb7t OMO Matic C\u1eeda tr\u01b0\u1edbc 4,1kg\/t\u00fai"},"content":{"rendered":"<div class=\"e8lZp3\">\n<p class=\"QN2lPu\">N\u01af\u1edaC GI\u1eb6T OMO MATIC CHO QU\u1ea6N \u00c1O B\u00c9 Y\u00caU &#8211; S\u1ef0 L\u1ef0A CH\u1eccN TUY\u1ec6T V\u1edcI D\u00c0NH CHO ME\u0323<\/p>\n<p class=\"QN2lPu\">\n<p class=\"QN2lPu\">\u0110\u01b0\u1ee3c B\u1ec7nh Vi\u1ec7n Da Li\u1ec5u Trung \u01af\u01a1ng c\u00f4ng nh\u1eadn, N\u01b0\u1edbc gi\u1eb7t OMO Matic cho Qu\u1ea7n \u00e1o B\u00e9 y\u00eau mang \u0111\u1ebfn cho m\u1eb9 s\u1ef1 y\u00ean t\u00e2m khi s\u1eed d\u1ee5ng cho \u00e1o qu\u1ea7n v\u00e0 \u0111\u1ed3 d\u00f9ng c\u1ee7a b\u00e9.<\/p>\n<p class=\"QN2lPu\">\n<p class=\"QN2lPu\">V\u1edbi c\u00f4ng th\u1ee9c chuy\u00ean d\u1ee5ng l\u00e0m s\u1ea1ch d\u1ecbu nh\u1eb9 t\u1eeb Anh Qu\u1ed1c v\u00e0 th\u00e0nh ph\u1ea7n c\u00f3 ch\u1ee9a chi\u1ebft xu\u1ea5t tr\u00e0m tr\u00e0 v\u00e0 nha \u0111am, N\u01b0\u1edbc gi\u1eb7t OMO Matic cho Qu\u1ea7n \u00e1o B\u00e9 y\u00eau ch\u0103m s\u00f3c d\u1ecbu nh\u1eb9 t\u1eebng s\u1ee3i v\u1ea3i, gi\u00fap lo\u1ea1i b\u1ecf v\u1ebft b\u1ea9n c\u00e0 vi khu\u1ea9n, gi\u1eef \u00e1o qu\u1ea7n v\u00e0 \u0111\u1ed3 d\u00f9ng c\u1ee7a em b\u00e9 lu\u00f4n m\u1ec1m m\u1ea1i.<\/p>\n<p class=\"QN2lPu\">\n<p class=\"QN2lPu\">\u01afU \u0110I\u1ec2M N\u1ed4I B\u1eacT<\/p>\n<p class=\"QN2lPu\">&#8211; Th\u00e0nh ph\u1ea7n ch\u1ee9a chi\u1ebft xu\u1ea5t tr\u00e0m tra v\u00e0 nha \u0111am<\/p>\n<p class=\"QN2lPu\">&#8211; Ch\u1ee9ng nh\u1eadn an to\u00e0n b\u1edfi Vi\u1ec7n Da Li\u1ec5u Trung \u01af\u01a1ng<\/p>\n<p class=\"QN2lPu\">&#8211; C\u00f4ng th\u01b0\u0301c chuy\u00ean du\u0323ng cho be\u0301 t\u01b0\u0300 Anh Qu\u00f4\u0301c<\/p>\n<p class=\"QN2lPu\">&#8211; \u0110\u1ed9 pH c\u00e2n b\u1eb1ng. Kh\u00f4ng paraben, ch\u1ea5t t\u1ea1o m\u00e0u, ch\u1ea5t t\u1ea9y tr\u1eafng<\/p>\n<p class=\"QN2lPu\">&#8211; Ph\u00f9 h\u1ee3p v\u1edbi c\u1ea3 m\u00e1y gi\u1eb7t c\u1eeda tr\u01b0\u1edbc v\u00e0 c\u1eeda tr\u00ean<\/p>\n<p class=\"QN2lPu\">\n<p class=\"QN2lPu\">H\u01af\u1edaNG D\u1eaaN S\u1eec D\u1ee4NG<\/p>\n<p class=\"QN2lPu\">&#8211; \u0110\u1ed5 n\u01b0\u1edbc gi\u1eb7t v\u00e0o n\u1eafp v\u1edbi li\u1ec1u l\u01b0\u1ee3ng theo h\u01b0\u1edbng d\u1eabn. <\/p>\n<p class=\"QN2lPu\">&#8211; Thoa m\u1ed9t l\u01b0\u1ee3ng nh\u1ecf n\u01b0\u1edbc gi\u1eb7t tr\u1ef1c ti\u1ebfp l\u00ean v\u1ebft b\u1ea9n. <\/p>\n<p class=\"QN2lPu\">&#8211; \u0110\u1ed5 ph\u1ea7n n\u01b0\u1edbc gi\u1eb7t c\u00f2n l\u1ea1i trong n\u1eafp v\u00e0o m\u00e1y gi\u1eb7t c\u00f9ng v\u1edbi qu\u1ea7n \u00e1o.<\/p>\n<p class=\"QN2lPu\">\n<p class=\"QN2lPu\">S\u1ea2N PH\u1ea8M C\u00d9NG TH\u01af\u01a0NG HI\u1ec6U<\/p>\n<p class=\"QN2lPu\">\n<p class=\"QN2lPu\">n\u01b0\u1edbc gi\u1eb7t, nuoc giat, n\u01b0\u1edbc gi\u1eb7t c\u1eeda tr\u01b0\u1edbc, nuoc giat cua truoc, n\u01b0\u1edbc gi\u1eb7t th\u01a1m, nuoc giat thom, n\u01b0\u1edbc gi\u1eb7t m\u00e1y, nuoc giat may, n\u01b0\u1edbc gi\u1eb7t m\u00e1y c\u1eeda tr\u01b0\u1edbc, nuoc giat may cua truoc, n\u01b0\u1edbc gi\u1eb7t c\u1eeda ngang, nuoc giat cua ngang, n\u01b0\u1edbc gi\u1eb7t m\u00e1y c\u1eeda ngang, nuoc giat may cua ngang, n\u01b0\u1edbc gi\u1eb7t qu\u1ea7n \u00e1o, nuoc giat quan ao, n\u01b0\u1edbc gi\u1eb7t \u0111\u1ed3, nuoc giat do, n\u01b0\u1edbc gi\u1eb7t m\u00e1y c\u1eeda tr\u00ean, nuoc giat may cua tren<\/p>\n<p class=\"QN2lPu\">Tr\u1ecdng l\u01b0\u1ee3ng 3.6kg ho\u1eb7c 3.7kg t\u00f9y theo \u0111\u1ee3t nh\u1eadp h\u00e0ng<\/p>\n<p class=\"QN2lPu\">\n<p class=\"QN2lPu\">Xu\u1ea5t x\u1ee9: Vietnam<\/p>\n<p class=\"QN2lPu\">\n<p class=\"QN2lPu\">S\u1eed d\u1ee5ng t\u1ed1t nh\u1ea5t trong 24 th\u00e1ng k\u1ec3 t\u1eeb ng\u00e0y s\u1ea3n xu\u1ea5t<\/p>\n<\/div>\n","protected":false},"excerpt":{"rendered":"<p>N\u01af\u1edaC GI\u1eb6T OMO MATIC CHO QU\u1ea6N \u00c1O B\u00c9 Y\u00caU &#8211; S\u1ef0 L\u1ef0A CH\u1eccN TUY\u1ec6T V\u1edcI D\u00c0NH CHO ME\u0323 \u0110\u01b0\u1ee3c B\u1ec7nh Vi\u1ec7n Da Li\u1ec5u Trung \u01af\u01a1ng c\u00f4ng nh\u1eadn, N\u01b0\u1edbc gi\u1eb7t OMO Matic cho Qu\u1ea7n \u00e1o B\u00e9 y\u00eau mang \u0111\u1ebfn cho m\u1eb9 s\u1ef1 y\u00ean t\u00e2m khi s\u1eed d\u1ee5ng cho \u00e1o qu\u1ea7n v\u00e0 \u0111\u1ed3 d\u00f9ng c\u1ee7a b\u00e9. V\u1edbi&#8230;<\/p>\n","protected":false},"featured_media":14304,"comment_status":"open","ping_status":"closed","template":"","meta":[],"product_brand":[],"product_cat":[1225],"product_tag":[],"class_list":{"0":"post-14212","1":"product","2":"type-product","3":"status-publish","4":"has-post-thumbnail","6":"product_cat-nuoc-giat","8":"first","9":"instock","10":"sale","11":"shipping-taxable","12":"purchasable","13":"product-type-variable"},"_links":{"self":[{"href":"https:\/\/web-ban-le.mbws.vn\/giat-giu-cham-soc-nha-cua\/wp-json\/wp\/v2\/product\/14212","targetHints":{"allow":["GET"]}}],"collection":[{"href":"https:\/\/web-ban-le.mbws.vn\/giat-giu-cham-soc-nha-cua\/wp-json\/wp\/v2\/product"}],"about":[{"href":"https:\/\/web-ban-le.mbws.vn\/giat-giu-cham-soc-nha-cua\/wp-json\/wp\/v2\/types\/product"}],"replies":[{"embeddable":true,"href":"https:\/\/web-ban-le.mbws.vn\/giat-giu-cham-soc-nha-cua\/wp-json\/wp\/v2\/comments?post=14212"}],"wp:featuredmedia":[{"embeddable":true,"href":"https:\/\/web-ban-le.mbws.vn\/giat-giu-cham-soc-nha-cua\/wp-json\/wp\/v2\/media\/14304"}],"wp:attachment":[{"href":"https:\/\/web-ban-le.mbws.vn\/giat-giu-cham-soc-nha-cua\/wp-json\/wp\/v2\/media?parent=14212"}],"wp:term":[{"taxonomy":"product_brand","embeddable":true,"href":"https:\/\/web-ban-le.mbws.vn\/giat-giu-cham-soc-nha-cua\/wp-json\/wp\/v2\/product_brand?post=14212"},{"taxonomy":"product_cat","embeddable":true,"href":"https:\/\/web-ban-le.mbws.vn\/giat-giu-cham-soc-nha-cua\/wp-json\/wp\/v2\/product_cat?post=14212"},{"taxonomy":"product_tag","embeddable":true,"href":"https:\/\/web-ban-le.mbws.vn\/giat-giu-cham-soc-nha-cua\/wp-json\/wp\/v2\/product_tag?post=14212"}],"curies":[{"name":"wp","href":"https:\/\/api.w.org\/{rel}","templated":true}]}}