{"id":14296,"date":"2025-10-27T09:44:04","date_gmt":"2025-10-27T02:44:04","guid":{"rendered":"https:\/\/web-ban-le.mbws.vn\/giat-giu-cham-soc-nha-cua\/?post_type=product&#038;p=14296"},"modified":"2025-10-27T09:45:12","modified_gmt":"2025-10-27T02:45:12","slug":"tui-vien-giat-tien-loi-omo-3-trong-1-30-50vien-tui","status":"publish","type":"product","link":"https:\/\/web-ban-le.mbws.vn\/giat-giu-cham-soc-nha-cua\/san-pham\/tui-vien-giat-tien-loi-omo-3-trong-1-30-50vien-tui\/","title":{"rendered":"T\u00fai vi\u00ean gi\u1eb7t ti\u1ec7n l\u1ee3i OMO 3 trong 1 (30-50vi\u00ean\/t\u00fai)"},"content":{"rendered":"<div class=\"e8lZp3\">\n<div class=\"QN2lPu\">\n<div style=\"position: relative; width: 100%; padding-bottom: 169.205%;\"><picture class=\"UkIsx8\"><source srcset=\"https:\/\/down-vn.img.susercontent.com\/file\/sg-11134202-7rdx3-lz4j346tmdd427@resize_w875_nl.webp 1x, https:\/\/down-vn.img.susercontent.com\/file\/sg-11134202-7rdx3-lz4j346tmdd427@resize_w1750_nl.webp 2x\" type=\"image\/webp\" class=\"UkIsx8\"><img decoding=\"async\" width=\"875\" loading=\"lazy\" class=\"uXN1L5 lazyload GqYslU\" srcset=\"https:\/\/down-vn.img.susercontent.com\/file\/sg-11134202-7rdx3-lz4j346tmdd427@resize_w875_nl 1x, https:\/\/down-vn.img.susercontent.com\/file\/sg-11134202-7rdx3-lz4j346tmdd427@resize_w1750_nl 2x\" src=\"https:\/\/down-vn.img.susercontent.com\/file\/sg-11134202-7rdx3-lz4j346tmdd427\" height=\"1481\"><\/picture><\/div>\n<\/div>\n<div class=\"QN2lPu\">\n<div style=\"position: relative; width: 100%; padding-bottom: 189.394%;\"><picture class=\"UkIsx8\"><source srcset=\"https:\/\/down-vn.img.susercontent.com\/file\/sg-11134202-7rdwp-lz4j39e3yvs2b9@resize_w875_nl.webp 1x, https:\/\/down-vn.img.susercontent.com\/file\/sg-11134202-7rdwp-lz4j39e3yvs2b9@resize_w1750_nl.webp 2x\" type=\"image\/webp\" class=\"UkIsx8\"><img decoding=\"async\" width=\"875\" loading=\"lazy\" class=\"uXN1L5 lazyload GqYslU\" srcset=\"https:\/\/down-vn.img.susercontent.com\/file\/sg-11134202-7rdwp-lz4j39e3yvs2b9@resize_w875_nl 1x, https:\/\/down-vn.img.susercontent.com\/file\/sg-11134202-7rdwp-lz4j39e3yvs2b9@resize_w1750_nl 2x\" src=\"https:\/\/down-vn.img.susercontent.com\/file\/sg-11134202-7rdwp-lz4j39e3yvs2b9\" height=\"1657\"><\/picture><\/div>\n<\/div>\n<div class=\"QN2lPu\">\n<div style=\"position: relative; width: 100%; padding-bottom: 108.108%;\"><picture class=\"UkIsx8\"><source srcset=\"https:\/\/down-vn.img.susercontent.com\/file\/sg-11134202-7rdxs-lz4j3cdhlrhw6a@resize_w875_nl.webp 1x, https:\/\/down-vn.img.susercontent.com\/file\/sg-11134202-7rdxs-lz4j3cdhlrhw6a@resize_w1750_nl.webp 2x\" type=\"image\/webp\" class=\"UkIsx8\"><img decoding=\"async\" width=\"875\" loading=\"lazy\" class=\"uXN1L5 lazyload GqYslU\" srcset=\"https:\/\/down-vn.img.susercontent.com\/file\/sg-11134202-7rdxs-lz4j3cdhlrhw6a@resize_w875_nl 1x, https:\/\/down-vn.img.susercontent.com\/file\/sg-11134202-7rdxs-lz4j3cdhlrhw6a@resize_w1750_nl 2x\" src=\"https:\/\/down-vn.img.susercontent.com\/file\/sg-11134202-7rdxs-lz4j3cdhlrhw6a\" height=\"946\"><\/picture><\/div>\n<\/div>\n<div class=\"QN2lPu\">\n<div style=\"position: relative; width: 100%; padding-bottom: 137.552%;\"><picture class=\"UkIsx8\"><source srcset=\"https:\/\/down-vn.img.susercontent.com\/file\/sg-11134202-7rdwf-lz4j3fcb9fe4db@resize_w875_nl.webp 1x, https:\/\/down-vn.img.susercontent.com\/file\/sg-11134202-7rdwf-lz4j3fcb9fe4db@resize_w1750_nl.webp 2x\" type=\"image\/webp\" class=\"UkIsx8\"><img decoding=\"async\" width=\"875\" loading=\"lazy\" class=\"uXN1L5 lazyload GqYslU\" srcset=\"https:\/\/down-vn.img.susercontent.com\/file\/sg-11134202-7rdwf-lz4j3fcb9fe4db@resize_w875_nl 1x, https:\/\/down-vn.img.susercontent.com\/file\/sg-11134202-7rdwf-lz4j3fcb9fe4db@resize_w1750_nl 2x\" src=\"https:\/\/down-vn.img.susercontent.com\/file\/sg-11134202-7rdwf-lz4j3fcb9fe4db\" height=\"1204\"><\/picture><\/div>\n<\/div>\n<div class=\"QN2lPu\">\n<div style=\"position: relative; width: 100%; padding-bottom: 106.27%;\"><picture class=\"UkIsx8\"><source srcset=\"https:\/\/down-vn.img.susercontent.com\/file\/sg-11134202-7rdyl-lz4j3i3n828y58@resize_w875_nl.webp 1x, https:\/\/down-vn.img.susercontent.com\/file\/sg-11134202-7rdyl-lz4j3i3n828y58@resize_w1750_nl.webp 2x\" type=\"image\/webp\" class=\"UkIsx8\"><img decoding=\"async\" width=\"875\" loading=\"lazy\" class=\"uXN1L5 lazyload GqYslU\" srcset=\"https:\/\/down-vn.img.susercontent.com\/file\/sg-11134202-7rdyl-lz4j3i3n828y58@resize_w875_nl 1x, https:\/\/down-vn.img.susercontent.com\/file\/sg-11134202-7rdyl-lz4j3i3n828y58@resize_w1750_nl 2x\" src=\"https:\/\/down-vn.img.susercontent.com\/file\/sg-11134202-7rdyl-lz4j3i3n828y58\" height=\"930\"><\/picture><\/div>\n<\/div>\n<div class=\"QN2lPu\">\n<div style=\"position: relative; width: 100%; padding-bottom: 123.001%;\"><picture class=\"UkIsx8\"><source srcset=\"https:\/\/down-vn.img.susercontent.com\/file\/sg-11134202-7rdvg-lz4j3ky13nn87a@resize_w875_nl.webp 1x, https:\/\/down-vn.img.susercontent.com\/file\/sg-11134202-7rdvg-lz4j3ky13nn87a@resize_w1750_nl.webp 2x\" type=\"image\/webp\" class=\"UkIsx8\"><img decoding=\"async\" width=\"875\" loading=\"lazy\" class=\"uXN1L5 lazyload GqYslU\" srcset=\"https:\/\/down-vn.img.susercontent.com\/file\/sg-11134202-7rdvg-lz4j3ky13nn87a@resize_w875_nl 1x, https:\/\/down-vn.img.susercontent.com\/file\/sg-11134202-7rdvg-lz4j3ky13nn87a@resize_w1750_nl 2x\" src=\"https:\/\/down-vn.img.susercontent.com\/file\/sg-11134202-7rdvg-lz4j3ky13nn87a\" height=\"1076\"><\/picture><\/div>\n<\/div>\n<div class=\"QN2lPu\">\n<div style=\"position: relative; width: 100%; padding-bottom: 98.6193%;\"><picture class=\"UkIsx8\"><source srcset=\"https:\/\/down-vn.img.susercontent.com\/file\/sg-11134202-7rdvw-lz4j3n2w0krw08@resize_w875_nl.webp 1x, https:\/\/down-vn.img.susercontent.com\/file\/sg-11134202-7rdvw-lz4j3n2w0krw08@resize_w1750_nl.webp 2x\" type=\"image\/webp\" class=\"UkIsx8\"><img decoding=\"async\" width=\"875\" loading=\"lazy\" class=\"uXN1L5 lazyload QSLoEa GqYslU\" srcset=\"https:\/\/down-vn.img.susercontent.com\/file\/sg-11134202-7rdvw-lz4j3n2w0krw08@resize_w875_nl 1x, https:\/\/down-vn.img.susercontent.com\/file\/sg-11134202-7rdvw-lz4j3n2w0krw08@resize_w1750_nl 2x\" src=\"https:\/\/down-vn.img.susercontent.com\/file\/sg-11134202-7rdvw-lz4j3n2w0krw08\" height=\"863\"><\/picture><\/div>\n<\/div>\n<p class=\"QN2lPu\">\n<p class=\"QN2lPu\">VI\u00caN GI\u1eb6T OMO MATIC TI\u1ec6N L\u1ee2I 3 TRONG 1 \u2013 S\u1ee8C M\u1ea0NH GI\u1eb6T GI\u0168 V\u01af\u1ee2T TR\u1ed8I TRONG 1 B\u01af\u1edaC TH\u1ea2Y<\/p>\n<p class=\"QN2lPu\">\n<p class=\"QN2lPu\">Th\u1eeba h\u01b0\u1edfng s\u1ee9c m\u1ea1nh \u0111\u00e1nh bay v\u1ebft b\u1ea9n c\u1ee9ng \u0111\u1ea7u v\u00e0 m\u00f9i h\u00f4i t\u1eeb OMO, nay OMO mang \u0111\u1ebfn m\u1ed9t gi\u1ea3i ph\u00e1p gi\u1eb7t gi\u0169 ti\u1ec7n l\u1ee3i m\u1edbi  \u2013 g\u1ecdn, nh\u1eb9 v\u00e0 d\u1ec5 d\u00e0ng s\u1eed d\u1ee5ng.<\/p>\n<p class=\"QN2lPu\">Vi\u00ean gi\u1eb7t Ti\u1ec7n l\u1ee3i OMO 3 trong 1 \u2013 v\u1edbi s\u1ee9c m\u1ea1nh gi\u1eb7t gi\u0169 <\/p>\n<p class=\"QN2lPu\">\n<p class=\"QN2lPu\">\n<p class=\"QN2lPu\">h\u00e0ng \u0111\u1ea7u<\/p>\n<p class=\"QN2lPu\">\n<p class=\"QN2lPu\">\n<p class=\"QN2lPu\"> \u2013 \u0111\u00e1nh bay v\u1ebft b\u1ea9n c\u1ee9ng \u0111\u1ea7u, kh\u00f3a h\u01b0\u01a1ng d\u00e0i l\u00e2u v\u00e0 gi\u1eef qu\u1ea7n \u00e1o b\u1ec1n \u0111\u1eb9p \u2013 t\u1ea5t c\u1ea3 \u0111\u01b0\u1ee3c tinh g\u1ecdn trong 1 b\u01b0\u1edbc th\u1ea3y v\u00e0o l\u1ed3ng m\u00e1y gi\u1eb7t<\/p>\n<p class=\"QN2lPu\">&nbsp;<\/p>\n<p class=\"QN2lPu\">*\u01afU \u0110I\u1ec2M N\u1ed4I B\u1eacT<\/p>\n<p class=\"QN2lPu\">Th\u1ea3 nhanh 1 gi\u00e2y v\u00e0o l\u1ed3ng gi\u1eb7t \u0111\u1ec3 nh\u1eadn \u0111\u01b0\u1ee3c 3 l\u1ee3i \u00edch gi\u1eb7t gi\u0169 <\/p>\n<p class=\"QN2lPu\">&nbsp;Kh\u00f4ng c\u1ea7n x\u00e1ch n\u1eb7ng hay \u0111ong \u0111\u1ebfm. <\/p>\n<p class=\"QN2lPu\">\n<p class=\"QN2lPu\">*HI\u1ec6U QU\u1ea2 S\u1eec D\u1ee4NG<\/p>\n<p class=\"QN2lPu\">C\u00f4ng ngh\u1ec7 m\u00e0n ch\u1eafn Kh\u00e1ng b\u1ea9n Xanh Polyshield 2.0 \u0111\u00e1nh bay v\u1ebft b\u1ea9n c\u1ee9ng \u0111\u1ea7u<\/p>\n<p class=\"QN2lPu\">Kh\u00f3a h\u01b0\u01a1ng d\u00e0i l\u00e2u tr\u00ean qu\u1ea7n \u00e1o sau khi gi\u1eb7t<\/p>\n<p class=\"QN2lPu\">C\u00f4ng th\u1ee9c gi\u1eef m\u00e0u Polyshield gi\u1eef m\u00e0u b\u1ec1n \u0111\u1eb9p.<\/p>\n<p class=\"QN2lPu\">&nbsp;<\/p>\n<p class=\"QN2lPu\">*H\u01af\u1edaNG D\u1eaaN S\u1eec D\u1ee4NG<\/p>\n<p class=\"QN2lPu\">B\u01b0\u1edbc 1: Th\u1ea3 vi\u00ean gi\u1eb7t tr\u1ef1c ti\u1ebfp v\u00e0o l\u1ed3ng gi\u1eb7t tr\u1ed1ng<\/p>\n<p class=\"QN2lPu\">B\u01b0\u1edbc 2: Cho qu\u1ea7n \u00e1o v\u00e0o l\u1ed3ng gi\u1eb7t v\u00e0 b\u1eaft \u0111\u1ea7u quy tr\u00ecnh gi\u1eb7t<\/p>\n<p class=\"QN2lPu\">B\u01b0\u1edbc 3: T\u1eadn h\u01b0\u1edfng k\u1ebft qu\u1ea3 v\u01b0\u1ee3t tr\u1ed9i sau khi gi\u1eb7t<\/p>\n<p class=\"QN2lPu\">* D\u00f9ng 1 vi\u00ean cho m\u1ed7i l\u1ea7n gi\u1eb7t th\u00f4ng th\u01b0\u1eddng (kho\u1ea3ng 3-4kg qu\u1ea7n \u00e1o)<\/p>\n<p class=\"QN2lPu\">* V\u1edbi l\u01b0\u1ee3ng qu\u1ea7n \u00e1o l\u1edbn (kho\u1ea3ng 5-7kg) ho\u1eb7c nhi\u1ec1u v\u1ebft b\u1ea9n, khuy\u1ebfn kh\u00edch s\u1eed d\u1ee5ng 2 vi\u00ean cho 1 l\u1ea7n gi\u1eb7t.<\/p>\n<p class=\"QN2lPu\">&nbsp;<\/p>\n<p class=\"QN2lPu\">*XU\u1ea4T X\u1ee8 TH\u01af\u01a0NG HI\u1ec6U<\/p>\n<p class=\"QN2lPu\">&#8211; N\u01a1i s\u1ea3n xu\u1ea5t: Trung Qu\u1ed1c<\/p>\n<p class=\"QN2lPu\">&#8211; Ng\u00e0y s\u1ea3n xu\u1ea5t: Xem tr\u00ean bao b\u00ec s\u1ea3n ph\u1ea9m<\/p>\n<p class=\"QN2lPu\">&#8211; H\u1ea1n s\u1eed d\u1ee5ng: 2 n\u0103m k\u1ec3 t\u1eeb Ng\u00e0y s\u1ea3n xu\u1ea5t<\/p>\n<p class=\"QN2lPu\">&#8211; Th\u00e0nh ph\u1ea7n: Xem tr\u00ean bao b\u00ec s\u1ea3n ph\u1ea9m<\/p>\n<p class=\"QN2lPu\">H\u01b0\u1edbng d\u1eabn b\u1ea3o qu\u1ea3n: L\u01b0u tr\u1eef s\u1ea3n ph\u1ea9m n\u01a1i kh\u00f4 m\u00e1t, tr\u00e1nh \u00e1nh n\u1eafng tr\u1ef1c ti\u1ebfp.<\/p>\n<p class=\"QN2lPu\">\n<p class=\"QN2lPu\">L\u01b0u \u00fd khi s\u1eed d\u1ee5ng:<\/p>\n<p class=\"QN2lPu\">Vi\u00ean gi\u1eb7t dung \u0111\u01b0\u1ee3c cho c\u1ea3 m\u00e1y gi\u1eb7t c\u1eeda tr\u00ean v\u00e0 m\u00e1y gi\u1eb7t c\u1eeda tr\u01b0\u1edbc<\/p>\n<p class=\"QN2lPu\">Kh\u00f4ng \u0111\u1eb7t vi\u00ean gi\u1eb7t v\u00e0o ng\u0103n ch\u1ee9a n\u01b0\u1edbc x\u1ea3 v\u1ea3i\/b\u1ed9t gi\u1eb7t\/n\u01b0\u1edbc gi\u1eb7t<\/p>\n<p class=\"QN2lPu\">N\u1ebfu vi\u00ean gi\u1eb7t \u0111\u1ec3 l\u1ea1i c\u1eb7n tr\u00ean qu\u1ea7n \u00e1o, x\u1ea3 l\u1ea1i nh\u1eb9 nh\u00e0ng v\u1edbi n\u01b0\u1edbc \u1ea5m<\/p>\n<p class=\"QN2lPu\">\u0110\u1ecdc k\u0129 th\u00f4ng tin nh\u00e3n m\u00e1c tr\u00ean qu\u1ea7n \u00e1o tr\u01b0\u1edbc khi gi\u1eb7t<\/p>\n<p class=\"QN2lPu\">B\u1ea3o qu\u1ea3n s\u1ea3n ph\u1ea9m n\u01a1i kh\u00f4 r\u00e1o, tho\u00e1ng m\u00e1t v\u00e0 tr\u00e1nh \u00e1nh n\u1eafng tr\u1ef1c ti\u1ebfp<\/p>\n<p class=\"QN2lPu\">\u0110\u00f3ng k\u00edn bao b\u00ec tr\u01b0\u1edbc khi s\u1eed d\u1ee5ng \u0111\u1ec3 tr\u00e1nh vi\u00ean gi\u1eb7t b\u1ecb ch\u1ea3y do h\u00fat \u1ea9m.<\/p>\n<p class=\"QN2lPu\">\n<p class=\"QN2lPu\">Th\u1eddi gian \u201cs\u1eed d\u1ee5ng <\/p>\n<p class=\"QN2lPu\">\n<p class=\"QN2lPu\">\n<p class=\"QN2lPu\">t\u1ed1t nh\u1ea5t<\/p>\n<p class=\"QN2lPu\">\n<p class=\"QN2lPu\">\n<p class=\"QN2lPu\">\u201d c\u1ee7a c\u00e1c s\u1ea3n ph\u1ea9m vi\u00ean gi\u1eb7t OMO (Unilever Vi\u1ec7t Nam khuy\u1ebfn ngh\u1ecb, trong \u0111i\u1ec1u ki\u1ec7n l\u01b0u tr\u1eef nh\u01b0 \u0111\u01b0\u1ee3c h\u01b0\u1edbng d\u1eabn tr\u00ean bao b\u00ec): 12 th\u00e1ng t\u1eeb ng\u00e0y s\u1ea3n xu\u1ea5t. (Sau th\u1eddi h\u1ea1n \u201cs\u1eed d\u1ee5ng <\/p>\n<p class=\"QN2lPu\">\n<p class=\"QN2lPu\">\n<p class=\"QN2lPu\">t\u1ed1t nh\u1ea5t<\/p>\n<p class=\"QN2lPu\">\n<p class=\"QN2lPu\">\n<p class=\"QN2lPu\">\u201d \u0111\u01b0\u1ee3c khuy\u1ebfn ngh\u1ecb nh\u01b0 tr\u00ean, s\u1ea3n ph\u1ea9m v\u1eabn c\u00f3 th\u1ec3 ti\u1ebfp t\u1ee5c s\u1eed d\u1ee5ng n\u1ebfu \u0111\u01b0\u1ee3c l\u01b0u tr\u1eef \u0111\u00fang nh\u01b0 h\u01b0\u1edbng d\u1eabn tr\u00ean bao b\u00ec. Tuy nhi\u00ean, m\u1ed9t s\u1ed1 c\u00e1c t\u00ednh ch\u1ea5t v\u1ec1 c\u1ea3m quan nh\u01b0 m\u00f9i h\u01b0\u01a1ng, m\u00e0u s\u1eafc ho\u1eb7c t\u00ednh ch\u1ea5t h\u00f3a l\u00fd c\u1ee7a s\u1ea3n ph\u1ea9m c\u00f3 th\u1ec3 thay \u0111\u1ed5i t\u00f9y v\u00e0o \u0111i\u1ec1u ki\u1ec7n l\u01b0u tr\u1eef v\u00e0 b\u1ea3o qu\u1ea3n th\u1ef1c t\u1ebf.)&#8221;&#8221;<\/p>\n<p class=\"QN2lPu\">\n<p class=\"QN2lPu\">*Tag<\/p>\n<p class=\"QN2lPu\">Vi\u00ean gi\u1eb7t, vi\u00ean gi\u1eb7t qu\u1ea7n \u00e1o, vien giat, vien giat quan ao, vi\u00ean gi\u1eb7t omo, vien giat omo, vi\u00ean gi\u1eb7t ti\u1ec7n l\u1ee3i, vien giat tien loi, vi\u00ean gi\u1eb7t ti\u1ec7n l\u1ee3i 3 trong 1, vien giat tien loi 3 trong 1, vi\u00ean gi\u1eb7t ti\u1ec7n l\u1ee3i omo, vien giat tien loi omo, n\u01b0\u1edbc gi\u1eb7t, nuoc giat, b\u1ed9t gi\u1eb7t, bot giat&#8221;<\/p>\n<\/div>\n","protected":false},"excerpt":{"rendered":"<p>VI\u00caN GI\u1eb6T OMO MATIC TI\u1ec6N L\u1ee2I 3 TRONG 1 \u2013 S\u1ee8C M\u1ea0NH GI\u1eb6T GI\u0168 V\u01af\u1ee2T TR\u1ed8I TRONG 1 B\u01af\u1edaC TH\u1ea2Y Th\u1eeba h\u01b0\u1edfng s\u1ee9c m\u1ea1nh \u0111\u00e1nh bay v\u1ebft b\u1ea9n c\u1ee9ng \u0111\u1ea7u v\u00e0 m\u00f9i h\u00f4i t\u1eeb OMO, nay OMO mang \u0111\u1ebfn m\u1ed9t gi\u1ea3i ph\u00e1p gi\u1eb7t gi\u0169 ti\u1ec7n l\u1ee3i m\u1edbi \u2013 g\u1ecdn, nh\u1eb9 v\u00e0 d\u1ec5 d\u00e0ng s\u1eed d\u1ee5ng&#8230;.<\/p>\n","protected":false},"featured_media":14369,"comment_status":"open","ping_status":"closed","template":"","meta":[],"product_brand":[],"product_cat":[1226],"product_tag":[],"class_list":{"0":"post-14296","1":"product","2":"type-product","3":"status-publish","4":"has-post-thumbnail","6":"product_cat-vien-giat","8":"first","9":"instock","10":"sale","11":"shipping-taxable","12":"purchasable","13":"product-type-variable"},"_links":{"self":[{"href":"https:\/\/web-ban-le.mbws.vn\/giat-giu-cham-soc-nha-cua\/wp-json\/wp\/v2\/product\/14296","targetHints":{"allow":["GET"]}}],"collection":[{"href":"https:\/\/web-ban-le.mbws.vn\/giat-giu-cham-soc-nha-cua\/wp-json\/wp\/v2\/product"}],"about":[{"href":"https:\/\/web-ban-le.mbws.vn\/giat-giu-cham-soc-nha-cua\/wp-json\/wp\/v2\/types\/product"}],"replies":[{"embeddable":true,"href":"https:\/\/web-ban-le.mbws.vn\/giat-giu-cham-soc-nha-cua\/wp-json\/wp\/v2\/comments?post=14296"}],"wp:featuredmedia":[{"embeddable":true,"href":"https:\/\/web-ban-le.mbws.vn\/giat-giu-cham-soc-nha-cua\/wp-json\/wp\/v2\/media\/14369"}],"wp:attachment":[{"href":"https:\/\/web-ban-le.mbws.vn\/giat-giu-cham-soc-nha-cua\/wp-json\/wp\/v2\/media?parent=14296"}],"wp:term":[{"taxonomy":"product_brand","embeddable":true,"href":"https:\/\/web-ban-le.mbws.vn\/giat-giu-cham-soc-nha-cua\/wp-json\/wp\/v2\/product_brand?post=14296"},{"taxonomy":"product_cat","embeddable":true,"href":"https:\/\/web-ban-le.mbws.vn\/giat-giu-cham-soc-nha-cua\/wp-json\/wp\/v2\/product_cat?post=14296"},{"taxonomy":"product_tag","embeddable":true,"href":"https:\/\/web-ban-le.mbws.vn\/giat-giu-cham-soc-nha-cua\/wp-json\/wp\/v2\/product_tag?post=14296"}],"curies":[{"name":"wp","href":"https:\/\/api.w.org\/{rel}","templated":true}]}}