{"id":22205,"date":"2025-11-14T11:19:13","date_gmt":"2025-11-14T04:19:13","guid":{"rendered":"https:\/\/web-ban-le.mbws.vn\/giay-dep-nam-nu\/?post_type=product&#038;p=22205"},"modified":"2025-11-14T11:19:33","modified_gmt":"2025-11-14T04:19:33","slug":"giay-nam-lucky-241-giay-the-thao-nam-phong-cach-ca-tinh-tre-trung-mau-moi","status":"publish","type":"product","link":"https:\/\/web-ban-le.mbws.vn\/giay-dep-nam-nu\/san-pham\/giay-nam-lucky-241-giay-the-thao-nam-phong-cach-ca-tinh-tre-trung-mau-moi\/","title":{"rendered":"Gi\u00e0y Nam Lucky 241, Gi\u00e0y Th\u1ec3 Thao Nam Phong C\u00e1ch C\u00e1 T\u00ednh Tr\u1ebb Trung M\u1eabu M\u1edbi"},"content":{"rendered":"<div class=\"e8lZp3\">\n<div class=\"QN2lPu\">\n<div style=\"position: relative; width: 100%; padding-bottom: 75.1315%;\"><picture class=\"UkIsx8\"><source srcset=\"https:\/\/down-vn.img.susercontent.com\/file\/sg-11134202-7rdwl-lzbtpwcs69iv29@resize_w875_nl.webp 1x, https:\/\/down-vn.img.susercontent.com\/file\/sg-11134202-7rdwl-lzbtpwcs69iv29@resize_w1750_nl.webp 2x\" type=\"image\/webp\" class=\"UkIsx8\"><img decoding=\"async\" width=\"875\" loading=\"lazy\" class=\"uXN1L5 lazyload GqYslU\" srcset=\"https:\/\/down-vn.img.susercontent.com\/file\/sg-11134202-7rdwl-lzbtpwcs69iv29@resize_w875_nl 1x, https:\/\/down-vn.img.susercontent.com\/file\/sg-11134202-7rdwl-lzbtpwcs69iv29@resize_w1750_nl 2x\" src=\"https:\/\/down-vn.img.susercontent.com\/file\/sg-11134202-7rdwl-lzbtpwcs69iv29\" height=\"657\"><\/picture><\/div>\n<\/div>\n<p class=\"QN2lPu\">Gi\u00e0y Sneaker Nam<\/p>\n<p class=\"QN2lPu\">Xu\u1ea5t X\u1ee9<\/p>\n<p class=\"QN2lPu\">Ngu\u1ed3n g\u1ed1c:<\/p>\n<p class=\"QN2lPu\">Qu\u1ea3ng Ch\u00e2u, Trung Qu\u1ed1c<\/p>\n<p class=\"QN2lPu\">Ch\u1ea5t Li\u1ec7u<\/p>\n<p class=\"QN2lPu\">\u0110\u1ebf gi\u00e0y:<\/p>\n<p class=\"QN2lPu\">Cao su non ch\u1ed1ng tr\u01b0\u1ee3t<\/p>\n<p class=\"QN2lPu\">Th\u00e2n gi\u00e0y:<\/p>\n<p class=\"QN2lPu\">Da PU<\/p>\n<p class=\"QN2lPu\">K\u00edch Th\u01b0\u1edbc<\/p>\n<p class=\"QN2lPu\">C\u00f3 s\u1eb5n c\u00e1c size:<\/p>\n<p class=\"QN2lPu\">39, 40, 41, 42, 43, 44<\/p>\n<p class=\"QN2lPu\">M\u00e0u S\u1eafc<\/p>\n<p class=\"QN2lPu\">Tr\u1eafng<\/p>\n<p class=\"QN2lPu\">H\u01b0\u1edbng D\u1eabn Ch\u1ecdn Size<\/p>\n<p class=\"QN2lPu\">\u0110\u1ec3 ch\u1ecdn size gi\u00e0y ph\u00f9 h\u1ee3p, chi\u1ec1u d\u00e0i v\u00e0 chi\u1ec1u r\u1ed9ng b\u00e0n ch\u00e2n c\u1ee7a b\u1ea1n c\u1ea7n nh\u1ecf h\u01a1n k\u00edch th\u01b0\u1edbc b\u00ean trong gi\u00e0y nh\u01b0 sau:<\/p>\n<p class=\"QN2lPu\">Size 39:<\/p>\n<p class=\"QN2lPu\">Chi\u1ec1u d\u00e0i b\u00ean trong 24.5cm, Chi\u1ec1u r\u1ed9ng b\u00ean trong 9.5cm<\/p>\n<p class=\"QN2lPu\">Size 40:<\/p>\n<p class=\"QN2lPu\">Chi\u1ec1u d\u00e0i b\u00ean trong 25cm, Chi\u1ec1u r\u1ed9ng b\u00ean trong 9.5cm &#8211; 10cm<\/p>\n<p class=\"QN2lPu\">Size 41:<\/p>\n<p class=\"QN2lPu\">Chi\u1ec1u d\u00e0i b\u00ean trong 25.5cm, Chi\u1ec1u r\u1ed9ng b\u00ean trong 10cm<\/p>\n<p class=\"QN2lPu\">Size 42:<\/p>\n<p class=\"QN2lPu\">Chi\u1ec1u d\u00e0i b\u00ean trong 26cm, Chi\u1ec1u r\u1ed9ng b\u00ean trong 10cm &#8211; 10.5cm<\/p>\n<p class=\"QN2lPu\">Size 43:<\/p>\n<p class=\"QN2lPu\">Chi\u1ec1u d\u00e0i b\u00ean trong 26.5cm, Chi\u1ec1u r\u1ed9ng b\u00ean trong 10.5cm<\/p>\n<p class=\"QN2lPu\">Size 44:<\/p>\n<p class=\"QN2lPu\">Chi\u1ec1u d\u00e0i b\u00ean trong 27cm, Chi\u1ec1u r\u1ed9ng b\u00ean trong 10.5cm &#8211; 11cm<\/p>\n<p class=\"QN2lPu\">\u0110\u1eb7c \u0110i\u1ec3m S\u1ea3n Ph\u1ea9m<\/p>\n<p class=\"QN2lPu\">Thi\u1ebft k\u1ebf:<\/p>\n<p class=\"QN2lPu\">D\u1ec5 ph\u1ed1i \u0111\u1ed3, ph\u00f9 h\u1ee3p cho c\u00e1c ho\u1ea1t \u0111\u1ed9ng h\u00e0ng ng\u00e0y v\u00e0 ch\u1ea1y b\u1ed9<\/p>\n<p class=\"QN2lPu\">\u0110\u1ebf gi\u00e0y:<\/p>\n<p class=\"QN2lPu\">\u0110\u01b0\u1ee3c thi\u1ebft k\u1ebf v\u1edbi c\u00e1c r\u00e3nh ch\u1ed1ng tr\u01b0\u1ee3t, t\u0103ng c\u01b0\u1eddng s\u1ef1 tho\u1ea3i m\u00e1i v\u00e0 b\u1ea3o v\u1ec7<\/p>\n<p class=\"QN2lPu\">Ch\u1ea5t li\u1ec7u:<\/p>\n<p class=\"QN2lPu\">Cao su t\u1ed5ng h\u1ee3p ch\u1ed1ng m\u00e0i m\u00f2n, nh\u1eb9 v\u00e0 tho\u00e1ng kh\u00ed<\/p>\n<p class=\"QN2lPu\">M\u00f9a s\u1eed d\u1ee5ng:<\/p>\n<p class=\"QN2lPu\">Th\u00edch h\u1ee3p cho m\u1ecdi m\u00f9a trong n\u0103m: Xu\u00e2n, H\u00e8, Thu, \u0110\u00f4ng<\/p>\n<p class=\"QN2lPu\">Phong c\u00e1ch:<\/p>\n<p class=\"QN2lPu\">\u00d4m ch\u00e2n, g\u1ecdn d\u00e1ng, d\u1ec5 d\u00e0ng ph\u1ed1i h\u1ee3p v\u1edbi nhi\u1ec1u lo\u1ea1i trang ph\u1ee5c<\/p>\n<p class=\"QN2lPu\">H\u01b0\u1edbng D\u1eabn B\u1ea3o Qu\u1ea3n<\/p>\n<p class=\"QN2lPu\">L\u01b0u tr\u1eef:<\/p>\n<p class=\"QN2lPu\">\u0110\u1ec3 gi\u00e0y \u1edf n\u01a1i kh\u00f4 r\u00e1o, tho\u00e1ng m\u00e1t \u0111\u1ec3 duy tr\u00ec \u0111\u1ed9 b\u1ec1n<\/p>\n<p class=\"QN2lPu\">V\u1ec7 sinh:<\/p>\n<p class=\"QN2lPu\">S\u1eed d\u1ee5ng kh\u0103n ho\u1eb7c b\u00e0n ch\u1ea3i l\u00f4ng m\u1ec1m c\u00f9ng v\u1edbi n\u01b0\u1edbc t\u1ea9y r\u1eeda chuy\u00ean d\u1ee5ng cho da PU. C\u00f3 th\u1ec3 gi\u1eb7t gi\u00e0y v\u1edbi ch\u1ea5t t\u1ea9y r\u1eeda nh\u1eb9<\/p>\n<p class=\"QN2lPu\">L\u01b0u \u00fd:<\/p>\n<p class=\"QN2lPu\">Tr\u00e1nh d\u00f9ng h\u00f3a ch\u1ea5t t\u1ea9y r\u1eeda m\u1ea1nh ho\u1eb7c b\u00e0n ch\u1ea3i c\u1ee9ng. Kh\u00f4ng \u0111\u1ec3 gi\u00e0y ti\u1ebfp x\u00fac l\u00e2u v\u1edbi n\u01b0\u1edbc ho\u1eb7c ph\u01a1i d\u01b0\u1edbi \u00e1nh n\u1eafng tr\u1ef1c ti\u1ebfp.<\/p>\n<p class=\"QN2lPu\">Khuy\u1ebfn C\u00e1o<\/p>\n<p class=\"QN2lPu\">Tr\u00e1nh:<\/p>\n<p class=\"QN2lPu\">S\u1eed d\u1ee5ng h\u00f3a ch\u1ea5t ho\u1eb7c b\u1ed9t gi\u1eb7t m\u1ea1nh, v\u00e0 kh\u00f4ng \u0111\u1ec3 gi\u00e0y ng\u00e2m n\u01b0\u1edbc l\u00e2u. Tr\u00e1nh ph\u01a1i gi\u00e0y d\u01b0\u1edbi \u00e1nh n\u1eafng gay g\u1eaft \u0111\u1ec3 b\u1ea3o qu\u1ea3n ch\u1ea5t l\u01b0\u1ee3ng gi\u00e0y l\u00e2u d\u00e0i.<\/p>\n<p class=\"QN2lPu\">Tags:<\/p>\n<p class=\"QN2lPu\">#giaythethao #giaynam #giaysneaker #giaysneakernam #giaythethaonam #giaynamsneaker #giaychaybonam #giaynamdep #giaynamthethao #sneakernam #giaynamtrang #giaynamcongso #giaynamdecao #giaythethaosneaker #giaysneakernamtrang #giaybuocday #giaycocao #giaycaoco<\/p>\n<div class=\"QN2lPu\">\n<div style=\"position: relative; width: 100%; padding-bottom: 100%;\"><picture class=\"UkIsx8\"><source srcset=\"https:\/\/down-vn.img.susercontent.com\/file\/sg-11134202-7rdw9-lzbtpwozmzsn47@resize_w875_nl.webp 1x, https:\/\/down-vn.img.susercontent.com\/file\/sg-11134202-7rdw9-lzbtpwozmzsn47@resize_w1750_nl.webp 2x\" type=\"image\/webp\" class=\"UkIsx8\"><img decoding=\"async\" width=\"875\" loading=\"lazy\" class=\"uXN1L5 lazyload GqYslU\" srcset=\"https:\/\/down-vn.img.susercontent.com\/file\/sg-11134202-7rdw9-lzbtpwozmzsn47@resize_w875_nl 1x, https:\/\/down-vn.img.susercontent.com\/file\/sg-11134202-7rdw9-lzbtpwozmzsn47@resize_w1750_nl 2x\" src=\"https:\/\/down-vn.img.susercontent.com\/file\/sg-11134202-7rdw9-lzbtpwozmzsn47\" height=\"875\"><\/picture><\/div>\n<\/div>\n<div class=\"QN2lPu\">\n<div style=\"position: relative; width: 100%; padding-bottom: 100%;\"><picture class=\"UkIsx8\"><source srcset=\"https:\/\/down-vn.img.susercontent.com\/file\/sg-11134202-7rdyd-lzbtpx0x5j6ide@resize_w875_nl.webp 1x, https:\/\/down-vn.img.susercontent.com\/file\/sg-11134202-7rdyd-lzbtpx0x5j6ide@resize_w1750_nl.webp 2x\" type=\"image\/webp\" class=\"UkIsx8\"><img decoding=\"async\" width=\"875\" loading=\"lazy\" class=\"uXN1L5 lazyload GqYslU\" srcset=\"https:\/\/down-vn.img.susercontent.com\/file\/sg-11134202-7rdyd-lzbtpx0x5j6ide@resize_w875_nl 1x, https:\/\/down-vn.img.susercontent.com\/file\/sg-11134202-7rdyd-lzbtpx0x5j6ide@resize_w1750_nl 2x\" src=\"https:\/\/down-vn.img.susercontent.com\/file\/sg-11134202-7rdyd-lzbtpx0x5j6ide\" height=\"875\"><\/picture><\/div>\n<\/div>\n<div class=\"QN2lPu\">\n<div style=\"position: relative; width: 100%; padding-bottom: 100%;\"><picture class=\"UkIsx8\"><source srcset=\"https:\/\/down-vn.img.susercontent.com\/file\/sg-11134202-7rdyr-lzbtpxj8eqlk81@resize_w875_nl.webp 1x, https:\/\/down-vn.img.susercontent.com\/file\/sg-11134202-7rdyr-lzbtpxj8eqlk81@resize_w1750_nl.webp 2x\" type=\"image\/webp\" class=\"UkIsx8\"><img decoding=\"async\" width=\"875\" loading=\"lazy\" class=\"uXN1L5 lazyload GqYslU\" srcset=\"https:\/\/down-vn.img.susercontent.com\/file\/sg-11134202-7rdyr-lzbtpxj8eqlk81@resize_w875_nl 1x, https:\/\/down-vn.img.susercontent.com\/file\/sg-11134202-7rdyr-lzbtpxj8eqlk81@resize_w1750_nl 2x\" src=\"https:\/\/down-vn.img.susercontent.com\/file\/sg-11134202-7rdyr-lzbtpxj8eqlk81\" height=\"875\"><\/picture><\/div>\n<\/div>\n<div class=\"QN2lPu\">\n<div style=\"position: relative; width: 100%; padding-bottom: 100%;\"><picture class=\"UkIsx8\"><source srcset=\"https:\/\/down-vn.img.susercontent.com\/file\/sg-11134202-7rdwt-lzbtpxv5yo7a2a@resize_w875_nl.webp 1x, https:\/\/down-vn.img.susercontent.com\/file\/sg-11134202-7rdwt-lzbtpxv5yo7a2a@resize_w1750_nl.webp 2x\" type=\"image\/webp\" class=\"UkIsx8\"><img decoding=\"async\" width=\"875\" loading=\"lazy\" class=\"uXN1L5 lazyload QSLoEa GqYslU\" srcset=\"https:\/\/down-vn.img.susercontent.com\/file\/sg-11134202-7rdwt-lzbtpxv5yo7a2a@resize_w875_nl 1x, https:\/\/down-vn.img.susercontent.com\/file\/sg-11134202-7rdwt-lzbtpxv5yo7a2a@resize_w1750_nl 2x\" src=\"https:\/\/down-vn.img.susercontent.com\/file\/sg-11134202-7rdwt-lzbtpxv5yo7a2a\" height=\"875\"><\/picture><\/div>\n<\/div>\n<div class=\"QN2lPu\">\n<div style=\"position: relative; width: 100%; padding-bottom: 100%;\"><picture class=\"UkIsx8\"><source srcset=\"https:\/\/down-vn.img.susercontent.com\/file\/sg-11134202-7rdww-lzbtpyg92ey43e@resize_w875_nl.webp 1x, https:\/\/down-vn.img.susercontent.com\/file\/sg-11134202-7rdww-lzbtpyg92ey43e@resize_w1750_nl.webp 2x\" type=\"image\/webp\" class=\"UkIsx8\"><img decoding=\"async\" width=\"875\" loading=\"lazy\" class=\"uXN1L5 lazyload QSLoEa GqYslU\" srcset=\"https:\/\/down-vn.img.susercontent.com\/file\/sg-11134202-7rdww-lzbtpyg92ey43e@resize_w875_nl 1x, https:\/\/down-vn.img.susercontent.com\/file\/sg-11134202-7rdww-lzbtpyg92ey43e@resize_w1750_nl 2x\" src=\"https:\/\/down-vn.img.susercontent.com\/file\/sg-11134202-7rdww-lzbtpyg92ey43e\" height=\"875\"><\/picture><\/div>\n<\/div>\n<\/div>\n","protected":false},"excerpt":{"rendered":"<p>Gi\u00e0y Sneaker Nam Xu\u1ea5t X\u1ee9 Ngu\u1ed3n g\u1ed1c: Qu\u1ea3ng Ch\u00e2u, Trung Qu\u1ed1c Ch\u1ea5t Li\u1ec7u \u0110\u1ebf gi\u00e0y: Cao su non ch\u1ed1ng tr\u01b0\u1ee3t Th\u00e2n gi\u00e0y: Da PU K\u00edch Th\u01b0\u1edbc C\u00f3 s\u1eb5n c\u00e1c size: 39, 40, 41, 42, 43, 44 M\u00e0u S\u1eafc Tr\u1eafng H\u01b0\u1edbng D\u1eabn Ch\u1ecdn Size \u0110\u1ec3 ch\u1ecdn size gi\u00e0y ph\u00f9 h\u1ee3p, chi\u1ec1u d\u00e0i v\u00e0 chi\u1ec1u r\u1ed9ng b\u00e0n&#8230;<\/p>\n","protected":false},"featured_media":22232,"comment_status":"open","ping_status":"closed","template":"","meta":[],"product_brand":[],"product_cat":[1313],"product_tag":[],"class_list":{"0":"post-22205","1":"product","2":"type-product","3":"status-publish","4":"has-post-thumbnail","6":"product_cat-giay-the-thao-sneakers","8":"first","9":"instock","10":"sale","11":"shipping-taxable","12":"product-type-variable"},"_links":{"self":[{"href":"https:\/\/web-ban-le.mbws.vn\/giay-dep-nam-nu\/wp-json\/wp\/v2\/product\/22205","targetHints":{"allow":["GET"]}}],"collection":[{"href":"https:\/\/web-ban-le.mbws.vn\/giay-dep-nam-nu\/wp-json\/wp\/v2\/product"}],"about":[{"href":"https:\/\/web-ban-le.mbws.vn\/giay-dep-nam-nu\/wp-json\/wp\/v2\/types\/product"}],"replies":[{"embeddable":true,"href":"https:\/\/web-ban-le.mbws.vn\/giay-dep-nam-nu\/wp-json\/wp\/v2\/comments?post=22205"}],"wp:featuredmedia":[{"embeddable":true,"href":"https:\/\/web-ban-le.mbws.vn\/giay-dep-nam-nu\/wp-json\/wp\/v2\/media\/22232"}],"wp:attachment":[{"href":"https:\/\/web-ban-le.mbws.vn\/giay-dep-nam-nu\/wp-json\/wp\/v2\/media?parent=22205"}],"wp:term":[{"taxonomy":"product_brand","embeddable":true,"href":"https:\/\/web-ban-le.mbws.vn\/giay-dep-nam-nu\/wp-json\/wp\/v2\/product_brand?post=22205"},{"taxonomy":"product_cat","embeddable":true,"href":"https:\/\/web-ban-le.mbws.vn\/giay-dep-nam-nu\/wp-json\/wp\/v2\/product_cat?post=22205"},{"taxonomy":"product_tag","embeddable":true,"href":"https:\/\/web-ban-le.mbws.vn\/giay-dep-nam-nu\/wp-json\/wp\/v2\/product_tag?post=22205"}],"curies":[{"name":"wp","href":"https:\/\/api.w.org\/{rel}","templated":true}]}}