{"id":15183,"date":"2025-10-31T13:32:40","date_gmt":"2025-10-31T06:32:40","guid":{"rendered":"https:\/\/web-ban-le.mbws.vn\/nha-sach\/?post_type=product&#038;p=15183"},"modified":"2025-11-01T19:42:38","modified_gmt":"2025-11-01T12:42:38","slug":"sach-di-tim-le-song-first-news","status":"publish","type":"product","link":"https:\/\/web-ban-le.mbws.vn\/nha-sach\/san-pham\/sach-di-tim-le-song-first-news\/","title":{"rendered":"S\u00e1ch \u0110i T\u00ecm L\u1ebd S\u1ed1ng &#8211; First News"},"content":{"rendered":"<div class=\"e8lZp3\">\n<p class=\"QN2lPu\">C\u00f4ng ty ph\u00e1t h\u00e0nh: First News &#8211; Tr\u00ed Vi\u1ec7t<\/p>\n<p class=\"QN2lPu\">T\u00e1c Gi\u1ea3: Viktor E. Frankl<\/p>\n<p class=\"QN2lPu\">Ng\u00e0y ph\u00e1t h\u00e0nh: 2025<\/p>\n<p class=\"QN2lPu\">S\u1ed1 trang: 224<\/p>\n<p class=\"QN2lPu\">K\u00edch th\u01b0\u1edbc: 14,5 x 20.5 cm<\/p>\n<p class=\"QN2lPu\">NXB: NXB T\u1ed5ng h\u1ee3p TP.HCM<\/p>\n<p class=\"QN2lPu\">Xu\u1ea5t x\u1ee9: Trong n\u01b0\u1edbc<\/p>\n<p class=\"QN2lPu\">Ng\u00f4n ng\u1eef: Ti\u1ebfng Vi\u1ec7t<\/p>\n<p class=\"QN2lPu\">Gi\u00e1 b\u00eca: 88.000 VND<\/p>\n<p class=\"QN2lPu\">Lo\u1ea1i B\u00eca: B\u00eca m\u1ec1m<\/p>\n<p class=\"QN2lPu\">M\u00f4 t\u1ea3 s\u1ea3n ph\u1ea9m:<\/p>\n<p class=\"QN2lPu\">\u0110I T\u00ccM L\u1ebc S\u1ed0NG<\/p>\n<p class=\"QN2lPu\">Cu\u1ed1n s\u00e1ch \u0110I T\u00ccM L\u1ebc S\u1ed0NG theo Harold S. Kushner: \u201c\u0110\u00e2y \u0111\u00fang l\u00e0 m\u1ed9t trong nh\u1eefng cu\u1ed1n s\u00e1ch kinh \u0111i\u1ec3n c\u1ee7a th\u1eddi \u0111\u1ea1i\u201d. T\u00e1c gi\u1ea3 Viktor E. Frankl (1905-1997) v\u00e0 c\u1ea3 gia \u0111\u00ecnh b\u1ecb ph\u00e1t x\u00edt \u0110\u1ee9c b\u1eaft. N\u0103m 1945 khi \u0111\u01b0\u1ee3c gi\u1ea3i tho\u00e1t kh\u1ecfi tr\u1ea1i t\u1eadp trung, \u00f4ng l\u00e0 ng\u01b0\u1eddi duy nh\u1ea5t s\u1ed1ng s\u00f3t trong gia \u0111\u00ecnh. \u00d4ng l\u00e0m vi\u1ec7c t\u1ea1i Vienna v\u1edbi t\u01b0 c\u00e1ch chuy\u00ean gia t\u00e2m th\u1ea7n h\u1ecdc ch\u1eefa tr\u1ecb cho c\u00e1c n\u1ea1n nh\u00e2n chi\u1ebfn tranh. N\u0103m 1946, ch\u1ec9 trong 9 ng\u00e0y \u00f4ng vi\u1ebft xong \u0110I T\u00ccM L\u1ebc S\u1ed0NG. \u00d4ng \u0111\u01b0\u1ee3c m\u1eddi di\u1ec5n thuy\u1ebft kh\u1eafp c\u00e1c ch\u00e2u l\u1ee5c, gi\u1ea3ng d\u1ea1y t\u1ea1i c\u00e1c tr\u01b0\u1eddng \u0111\u1ea1i h\u1ecdc nh\u01b0 Harvard, Stanford, Pittsburgh&#8230;  <\/p>\n<p class=\"QN2lPu\">\n<p class=\"QN2lPu\">Cu\u1ed1n s\u00e1ch k\u1ec3 v\u1ec1 nh\u1eefng ng\u00e0y \u00f4ng s\u1ed1ng trong tr\u1ea1i t\u1eadp trung \u0110\u1ee9c qu\u1ed1c x\u00e3 &#8211; l\u00e0 c\u01a1n \u00e1c m\u1ed9ng c\u1ee7a con ng\u01b0\u1eddi, l\u00e0 s\u1ef1 kh\u1ed1n c\u00f9ng c\u1ee7a th\u1ec3 x\u00e1c v\u00e0 t\u00e2m h\u1ed3n. \u0110\u00e2u l\u00e0 con \u0111\u01b0\u1eddng s\u1ed1ng s\u00f3t trong nh\u1eefng gi\u00e2y ph\u00fat hoang mang, s\u1ee3 h\u00e3i, \u0111\u1edbn \u0111au, m\u1ea5t hi v\u1ecdng, v\u00e0 l\u1ea7m l\u1ea1c l\u1ebd s\u1ed1ng&#8230; Ng\u01b0\u1eddi tr\u1edf v\u1ec1 \u0111\u01b0\u1ee3c th\u00ec sao? Tr\u1edf v\u1ec1 v\u00e0 bi\u1ebft r\u1eb1ng kh\u00f4ng c\u00f2n ai ch\u1edd \u0111\u1ee3i m\u00ecnh, tr\u1edf v\u1ec1 v\u1edbi nh\u1eefng v\u1ebft s\u1eb9o t\u00e2m h\u1ed3n, nh\u1eefng gi\u1eb1ng x\u00e9 n\u1ed9i t\u00e2m, nh\u1eefng \u1ea9n \u1ee9c t\u00e2m l\u00fd v\u00e0 ho\u00e0n to\u00e0n m\u1ea5t \u0111i l\u1ebd s\u1ed1ng, r\u1ed3i s\u1ebd b\u1ecb bi\u1ebfn d\u1ea1ng nh\u00e2n t\u00ednh, tr\u1edf n\u00ean cay \u0111\u1eafng v\u1edbi cu\u1ed9c \u0111\u1eddi.<\/p>\n<p class=\"QN2lPu\">\n<p class=\"QN2lPu\">V\u1edbi t\u01b0 c\u00e1ch l\u00e0 m\u1ed9t b\u00e1c s\u0129 t\u00e2m l\u00fd, sau khi tr\u1ea3i qua c\u1ea3nh \u0111\u1ecba ng\u1ee5c tr\u1ea7n gian \u0111\u00f3, Viktor E. Frankl k\u1ebft lu\u1eadn ngay c\u1ea3 trong ho\u00e0n c\u1ea3nh v\u00f4 ngh\u0129a, \u0111au \u0111\u1edbn, v\u00e0 nh\u1eabn t\u00e2m nh\u1ea5t, cu\u1ed9c s\u1ed1ng v\u1eabn ti\u1ec1m \u1ea9n \u00fd ngh\u0129a. \u00d4ng d\u1ea1y m\u00ecnh v\u00e0 ng\u01b0\u1eddi kh\u00e1c kh\u00f4ng bao gi\u1edd \u0111\u01b0\u1ee3c qu\u00ean r\u1eb1ng ch\u00fang ta v\u1eabn c\u00f3 th\u1ec3 t\u00ecm th\u1ea5y \u00fd ngh\u0129a c\u1ee7a cu\u1ed9c \u0111\u1eddi ngay c\u1ea3 khi \u0111\u1ed1i di\u1ec7n v\u1edbi m\u1ed9t t\u00ecnh hu\u1ed1ng v\u00f4 v\u1ecdng, m\u1ed9t s\u1ed1 ph\u1eadn kh\u00f4ng th\u1ec3 thay \u0111\u1ed5i. B\u1edfi l\u1ebd, \u00fd ngh\u0129a c\u1ee7a cu\u1ed9c s\u1ed1ng c\u00f3 th\u1ec3 t\u00ecm th\u1ea5y trong m\u1ecdi kho\u1ea3nh kh\u1eafc cu\u1ed9c s\u1ed1ng kh\u00f4ng bao gi\u1edd m\u1ea5t h\u1ebft \u00fd ngh\u0129a, ngay c\u1ea3 khi ph\u1ea3i ch\u1ecbu \u0111au \u0111\u1edbn v\u00e0 c\u00e1i ch\u1ebft.    <\/p>\n<p class=\"QN2lPu\">\n<p class=\"QN2lPu\">\u0110I T\u00ccM L\u1ebc S\u1ed0NG \u0111\u00e3 tr\u1edf th\u00e0nh m\u1ed9t cu\u1ed1n s\u00e1ch kinh \u0111i\u1ec3n v\u00e0 s\u1ebd lu\u00f4n l\u00e0 ph\u01b0\u01a1ng thu\u1ed1c h\u1eefu hi\u1ec7u n\u00e2ng \u0111\u1ee1 tinh th\u1ea7n con ng\u01b0\u1eddi, nh\u1ea5t l\u00e0 trong cu\u1ed9c s\u1ed1ng ng\u00e0y nay. Khi \u0111\u1ed1i m\u1eb7t v\u1edbi c\u1ea3m gi\u00e1c tuy\u1ec7t v\u1ecdng v\u00ec m\u1ea5t \u0111i t\u1ea5t c\u1ea3, h\u00e3y nh\u1edb r\u1eb1ng \u0111\u00e3 c\u00f3 nh\u1eefng ng\u01b0\u1eddi nh\u01b0 Frankl.<\/p>\n<\/div>\n","protected":false},"excerpt":{"rendered":"<p>C\u00f4ng ty ph\u00e1t h\u00e0nh: First News &#8211; Tr\u00ed Vi\u1ec7t T\u00e1c Gi\u1ea3: Viktor E. Frankl Ng\u00e0y ph\u00e1t h\u00e0nh: 2025 S\u1ed1 trang: 224 K\u00edch th\u01b0\u1edbc: 14,5 x 20.5 cm NXB: NXB T\u1ed5ng h\u1ee3p TP.HCM Xu\u1ea5t x\u1ee9: Trong n\u01b0\u1edbc Ng\u00f4n ng\u1eef: Ti\u1ebfng Vi\u1ec7t Gi\u00e1 b\u00eca: 88.000 VND Lo\u1ea1i B\u00eca: B\u00eca m\u1ec1m M\u00f4 t\u1ea3 s\u1ea3n ph\u1ea9m: \u0110I T\u00ccM L\u1ebc&#8230;<\/p>\n","protected":false},"featured_media":15221,"comment_status":"open","ping_status":"closed","template":"","meta":[],"product_brand":[1692],"product_cat":[1672],"product_tag":[],"class_list":{"0":"post-15183","1":"product","2":"type-product","3":"status-publish","4":"has-post-thumbnail","6":"product_brand-nxb-kim-dong","7":"product_cat-sach-huong-nghiep-phat-trien-ban-than","9":"first","10":"instock","11":"sale","12":"shipping-taxable","13":"purchasable","14":"product-type-simple"},"_links":{"self":[{"href":"https:\/\/web-ban-le.mbws.vn\/nha-sach\/wp-json\/wp\/v2\/product\/15183","targetHints":{"allow":["GET"]}}],"collection":[{"href":"https:\/\/web-ban-le.mbws.vn\/nha-sach\/wp-json\/wp\/v2\/product"}],"about":[{"href":"https:\/\/web-ban-le.mbws.vn\/nha-sach\/wp-json\/wp\/v2\/types\/product"}],"replies":[{"embeddable":true,"href":"https:\/\/web-ban-le.mbws.vn\/nha-sach\/wp-json\/wp\/v2\/comments?post=15183"}],"wp:featuredmedia":[{"embeddable":true,"href":"https:\/\/web-ban-le.mbws.vn\/nha-sach\/wp-json\/wp\/v2\/media\/15221"}],"wp:attachment":[{"href":"https:\/\/web-ban-le.mbws.vn\/nha-sach\/wp-json\/wp\/v2\/media?parent=15183"}],"wp:term":[{"taxonomy":"product_brand","embeddable":true,"href":"https:\/\/web-ban-le.mbws.vn\/nha-sach\/wp-json\/wp\/v2\/product_brand?post=15183"},{"taxonomy":"product_cat","embeddable":true,"href":"https:\/\/web-ban-le.mbws.vn\/nha-sach\/wp-json\/wp\/v2\/product_cat?post=15183"},{"taxonomy":"product_tag","embeddable":true,"href":"https:\/\/web-ban-le.mbws.vn\/nha-sach\/wp-json\/wp\/v2\/product_tag?post=15183"}],"curies":[{"name":"wp","href":"https:\/\/api.w.org\/{rel}","templated":true}]}}