{"id":15191,"date":"2025-10-31T13:32:41","date_gmt":"2025-10-31T06:32:41","guid":{"rendered":"https:\/\/web-ban-le.mbws.vn\/nha-sach\/?post_type=product&#038;p=15191"},"modified":"2025-11-01T19:42:38","modified_gmt":"2025-11-01T12:42:38","slug":"sach-nguyen-ngoc-ky-toi-di-hoc-first-news","status":"publish","type":"product","link":"https:\/\/web-ban-le.mbws.vn\/nha-sach\/san-pham\/sach-nguyen-ngoc-ky-toi-di-hoc-first-news\/","title":{"rendered":"S\u00e1ch Nguy\u1ec5n Ng\u1ecdc K\u00fd T\u00f4i \u0110i H\u1ecdc First News"},"content":{"rendered":"<div class=\"e8lZp3\">\n<p class=\"QN2lPu\">Nh\u00e0 ph\u00e1t h\u00e0nh: First News &#8211; Tr\u00ed Vi\u1ec7t<\/p>\n<p class=\"QN2lPu\">T\u00e1c gi\u1ea3: Nguy\u1ec5n Ng\u1ecdc K\u00fd<\/p>\n<p class=\"QN2lPu\">NXB: NXB T\u1ed5ng H\u1ee3p TPHCM<\/p>\n<p class=\"QN2lPu\">K\u00edch Th\u01b0\u1edbc: 14.5 x 20.5 cm<\/p>\n<p class=\"QN2lPu\">S\u1ed1 trang\t172<\/p>\n<p class=\"QN2lPu\">H\u00ecnh th\u1ee9c: B\u00eca M\u1ec1m<\/p>\n<p class=\"QN2lPu\">Xu\u1ea5t x\u1ee9: Trong n\u01b0\u1edbc<\/p>\n<p class=\"QN2lPu\">Ng\u00f4n ng\u1eef: Ti\u1ebfng Vi\u1ec7t<\/p>\n<p class=\"QN2lPu\">Gi\u00e1 b\u00eca: 76.000 VND<\/p>\n<p class=\"QN2lPu\">Ng\u00e0y ph\u00e1t h\u00e0nh: 2025<\/p>\n<p class=\"QN2lPu\">M\u00f4 t\u1ea3 s\u1ea3n ph\u1ea9m:<\/p>\n<p class=\"QN2lPu\">T\u1ef1 truy\u1ec7n T\u00f4i \u0111i h\u1ecdc \u0111\u01b0\u1ee3c Nguy\u1ec5n Ng\u1ecdc K\u00fd vi\u1ebft khi b\u1eaft \u0111\u1ea7u qu\u00e3ng \u0111\u1eddi sinh vi\u00ean c\u1ee7a m\u00ecnh v\u00e0o th\u00e1ng 9 n\u0103m 1966 t\u1ea1i khoa Ng\u1eef V\u0103n tr\u01b0\u1eddng \u0110\u1ea1i h\u1ecdc T\u1ed5ng h\u1ee3p H\u00e0 N\u1ed9i \u1edf khu s\u01a1 t\u00e1n v\u00f9ng n\u00fai \u0110\u1ea1i T\u1eeb &#8211; Th\u00e1i Nguy\u00ean. Trong th\u1eddi gian hai n\u0103m \u0111\u1ea7u tr\u1edf th\u00e0nh sinh vi\u00ean, gi\u1eefa gi\u1ea3ng \u0111\u01b0\u1eddng s\u01a1 t\u00e1n kh\u00f3 kh\u0103n thi\u1ebfu th\u1ed1n tr\u0103m b\u1ec1, v\u1eeba t\u1eadp trung h\u1ecdc trong \u0111i\u1ec1u ki\u1ec7n m\u1ecdi vi\u1ec7c ph\u1ea3i nh\u1edd \u0111\u1ebfn \u0111\u00f4i ch\u00e2n, l\u1ea1i li\u00ean t\u1ee5c ch\u1ed1ng \u0111\u1ee1 v\u1edbi gh\u1ebb l\u1edf, b\u1ec7nh t\u1eadt tri\u1ec1n mi\u00ean d\u01b0\u1edbi \u00e1nh \u0111\u00e8n d\u1ea7u h\u1eb1ng khuya, Nguy\u1ec5n Ng\u1ecdc K\u00fd \u0111\u00e3 ho\u00e0n t\u1ea5t b\u1ea3n th\u1ea3o v\u00e0o h\u00e8 1968 sau nhi\u1ec1u l\u1ea7n vi\u1ebft \u0111i vi\u1ebft l\u1ea1i, s\u1eeda \u0111i s\u1eeda l\u1ea1i.<\/p>\n<p class=\"QN2lPu\">\n<p class=\"QN2lPu\">N\u0103m 1970, ng\u00e0y sinh vi\u00ean Nguy\u1ec5n Ng\u1ecdc K\u00fd b\u1ea3o v\u1ec7 th\u00e0nh c\u00f4ng lu\u1eadn v\u0103n t\u1ed1t nghi\u1ec7p c\u0169ng l\u00e0 ng\u00e0y cu\u1ed1n s\u00e1ch \u0111\u01b0\u1ee3c ra m\u1eaft b\u1ea1n \u0111\u1ecdc c\u1ea3 n\u01b0\u1edbc v\u1edbi t\u1ef1a Nh\u1eefng n\u0103m th\u00e1ng kh\u00f4ng qu\u00ean. T\u1eeb \u0111\u00f3 \u0111\u1ebfn nay \u0111\u00e3 45 n\u0103m tr\u00f4i qua, cu\u1ed1n s\u00e1ch \u0111\u01b0\u1ee3c t\u00e1i b\u1ea3n nhi\u1ec1u l\u1ea7n kh\u00f4ng ch\u1ec9 \u1edf Nh\u00e0 xu\u1ea5t b\u1ea3n Kim \u0110\u1ed3ng m\u00e0 \u1edf nhi\u1ec1u nh\u00e0 xu\u1ea5t b\u1ea3n kh\u00e1c v\u1edbi t\u1ef1a m\u1edbi T\u00f4i \u0111i h\u1ecdc. Khi \u0111\u00e3 c\u00f3 m\u1ed9t th\u1eddi gian kh\u00e1 d\u00e0i s\u1ed1ng c\u00f9ng v\u1edbi T\u00f4i \u0111i h\u1ecdc, \u0111\u00e3 c\u1ea3m nh\u1eadn \u0111\u1ea7y \u0111\u1ee7 nh\u1eefng ni\u1ec1m vui, nh\u1eefng t\u00ecnh c\u1ea3m m\u00e0 \u0111\u1ed9c gi\u1ea3 d\u00e0nh cho m\u00ecnh, trong l\u1ea7n in n\u00e0y, kh\u00f4ng \u0111\u01a1n thu\u1ea7n ch\u1ec9 l\u00e0 in l\u1ea1i b\u1ea3n tr\u01b0\u1edbc m\u00e0 cu\u1ed1n s\u00e1ch s\u1ebd \u0111\u01b0\u1ee3c l\u00e0m m\u1edbi t\u1eeb h\u00ecnh th\u1ee9c c\u0169ng nh\u01b0 n\u1ed9i dung; \u0111\u1ed3ng th\u1eddi s\u1ebd c\u00f3 th\u00eam nh\u1eefng \u0111i\u1ec1u m\u00e0 nh\u00e0 gi\u00e1o Nguy\u1ec5n Ng\u1ecdc K\u00fd mu\u1ed1n g\u1eedi g\u1eafm: \u201cV\u1edbi s\u1ef1 h\u00e2m m\u1ed9 c\u1ee7a b\u1ea1n \u0111\u1ecdc g\u1ea7n xa d\u00e0nh cho quy\u1ec3n s\u00e1ch T\u00f4i \u0111i h\u1ecdc, sau 45 n\u0103m nh\u00ecn l\u1ea1i t\u00f4i th\u1ea5y ni\u1ec1m vui th\u1eadt l\u1edbn, nh\u01b0ng b\u0103n kho\u0103n c\u0169ng kh\u00f4ng ph\u1ea3i nh\u1ecf\u2026<\/p>\n<p class=\"QN2lPu\">\n<p class=\"QN2lPu\">V\u1edbi tr\u00e1ch nhi\u1ec7m c\u00f9ng b\u1ea1n \u0111\u1ecdc v\u00e0 gi\u00e1 tr\u1ecb \u0111\u00edch th\u1ef1c c\u1ee7a ch\u1ee7 \u0111\u1ec1 cu\u1ed1n s\u00e1ch, l\u1ea7n n\u00e0y khi Tr\u00ed Vi\u1ec7t &#8211; Firsts News t\u00e1i b\u1ea3n v\u00e0 \u0111\u01b0a v\u00e0o t\u1ee7 s\u00e1ch H\u1ea1t gi\u1ed1ng t\u00e2m h\u1ed3n, t\u00f4i quy\u1ebft \u0111\u1ecbnh d\u00e0nh th\u1eddi gian ch\u1ec9nh s\u1eeda l\u1ea1i m\u1ed9t s\u1ed1 chi ti\u1ebft ch\u01b0a th\u1eadt h\u1ee3p l\u00fd v\u00e0 b\u1ed5 sung, vi\u1ebft th\u00eam m\u1ed9t s\u1ed1 chi ti\u1ebft, t\u00ecnh ti\u1ebft m\u00e0 t\u00f4i th\u1ea5y c\u1ea7n thi\u1ebft. Hy v\u1ecdng l\u1ea7n t\u00e1i b\u1ea3n n\u00e0y cu\u1ed1n s\u00e1ch s\u1ebd \u0111\u00e1p \u1ee9ng tr\u1ecdn v\u1eb9n h\u01a1n s\u1ef1 mong ch\u1edd m\u00ea th\u00edch c\u1ee7a b\u1ea1n \u0111\u1ecdc g\u1ea7n xa\u201d. Cu\u1ed9c s\u1ed1ng lu\u00f4n c\u00f3 nh\u1eefng bi\u1ebfn c\u1ed1, nh\u1eefng \u0111\u1ed5i thay m\u00e0 ch\u00fang ta kh\u00f4ng bao gi\u1edd bi\u1ebft tr\u01b0\u1edbc. C\u0169ng c\u00f3 nh\u1eefng bi\u1ebfn c\u1ed1 khi\u1ebfn ch\u00fang ta r\u01a1i v\u00e0o ng\u00f5 c\u1ee5t, kh\u00f4ng l\u1ed1i tho\u00e1t. Nh\u01b0ng v\u1edbi Nguy\u1ec5n Ng\u1ecdc K\u00fd, bi\u1ebfn c\u1ed1 v\u00e0o n\u0103m 4 tu\u1ed5i, khi ph\u1ea3i tr\u1ea3i qua m\u1ed9t c\u01a1n s\u1ed1t b\u1ea1i li\u1ec7t, t\u1eeb \u0111\u00f3 khi\u1ebfn \u0111\u00f4i tay \u201cnh\u01b0 hai c\u1ee5c th\u1ecbt l\u1ee7ng l\u1eb3ng \u0111eo v\u00e0o hai b\u00ean m\u00ecnh\u201d l\u1ea1i l\u00e0 m\u1ed9t s\u1ef1 kh\u1edfi \u0111\u1ea7u cho m\u1ed9t cu\u1ed9c \u0111\u1eddi m\u1edbi. V\u00e0 \u0111\u00f3 c\u0169ng l\u00e0 l\u00fd do \u0111\u1ec3 c\u00f3 t\u1ef1 truy\u1ec7n T\u00f4i \u0111i h\u1ecdc, \u0111\u01b0\u1ee3c xem l\u00e0 cu\u1ed1n s\u00e1ch \u0111\u1ec3 \u0111\u1eddi c\u1ee7a Nguy\u1ec5n Ng\u1ecdc K\u00fd.<\/p>\n<\/div>\n","protected":false},"excerpt":{"rendered":"<p>Nh\u00e0 ph\u00e1t h\u00e0nh: First News &#8211; Tr\u00ed Vi\u1ec7t T\u00e1c gi\u1ea3: Nguy\u1ec5n Ng\u1ecdc K\u00fd NXB: NXB T\u1ed5ng H\u1ee3p TPHCM K\u00edch Th\u01b0\u1edbc: 14.5 x 20.5 cm S\u1ed1 trang 172 H\u00ecnh th\u1ee9c: B\u00eca M\u1ec1m Xu\u1ea5t x\u1ee9: Trong n\u01b0\u1edbc Ng\u00f4n ng\u1eef: Ti\u1ebfng Vi\u1ec7t Gi\u00e1 b\u00eca: 76.000 VND Ng\u00e0y ph\u00e1t h\u00e0nh: 2025 M\u00f4 t\u1ea3 s\u1ea3n ph\u1ea9m: T\u1ef1 truy\u1ec7n T\u00f4i \u0111i&#8230;<\/p>\n","protected":false},"featured_media":15298,"comment_status":"open","ping_status":"closed","template":"","meta":[],"product_brand":[1692],"product_cat":[1672],"product_tag":[],"class_list":{"0":"post-15191","1":"product","2":"type-product","3":"status-publish","4":"has-post-thumbnail","6":"product_brand-nxb-kim-dong","7":"product_cat-sach-huong-nghiep-phat-trien-ban-than","9":"first","10":"instock","11":"sale","12":"shipping-taxable","13":"purchasable","14":"product-type-simple"},"_links":{"self":[{"href":"https:\/\/web-ban-le.mbws.vn\/nha-sach\/wp-json\/wp\/v2\/product\/15191","targetHints":{"allow":["GET"]}}],"collection":[{"href":"https:\/\/web-ban-le.mbws.vn\/nha-sach\/wp-json\/wp\/v2\/product"}],"about":[{"href":"https:\/\/web-ban-le.mbws.vn\/nha-sach\/wp-json\/wp\/v2\/types\/product"}],"replies":[{"embeddable":true,"href":"https:\/\/web-ban-le.mbws.vn\/nha-sach\/wp-json\/wp\/v2\/comments?post=15191"}],"wp:featuredmedia":[{"embeddable":true,"href":"https:\/\/web-ban-le.mbws.vn\/nha-sach\/wp-json\/wp\/v2\/media\/15298"}],"wp:attachment":[{"href":"https:\/\/web-ban-le.mbws.vn\/nha-sach\/wp-json\/wp\/v2\/media?parent=15191"}],"wp:term":[{"taxonomy":"product_brand","embeddable":true,"href":"https:\/\/web-ban-le.mbws.vn\/nha-sach\/wp-json\/wp\/v2\/product_brand?post=15191"},{"taxonomy":"product_cat","embeddable":true,"href":"https:\/\/web-ban-le.mbws.vn\/nha-sach\/wp-json\/wp\/v2\/product_cat?post=15191"},{"taxonomy":"product_tag","embeddable":true,"href":"https:\/\/web-ban-le.mbws.vn\/nha-sach\/wp-json\/wp\/v2\/product_tag?post=15191"}],"curies":[{"name":"wp","href":"https:\/\/api.w.org\/{rel}","templated":true}]}}