{"id":15192,"date":"2025-10-31T13:32:42","date_gmt":"2025-10-31T06:32:42","guid":{"rendered":"https:\/\/web-ban-le.mbws.vn\/nha-sach\/?post_type=product&#038;p=15192"},"modified":"2025-11-01T19:43:33","modified_gmt":"2025-11-01T12:43:33","slug":"sach-barrons-essential-words-for-the-toeic-6th-edition-first-news","status":"publish","type":"product","link":"https:\/\/web-ban-le.mbws.vn\/nha-sach\/san-pham\/sach-barrons-essential-words-for-the-toeic-6th-edition-first-news\/","title":{"rendered":"S\u00e1ch &#8211; Barron&#8217;s Essential Words For The TOEIC (6th Edition) &#8211; First News"},"content":{"rendered":"<div class=\"e8lZp3\">\n<p class=\"QN2lPu\">C\u00f4ng ty ph\u00e1t h\u00e0nh: First News &#8211; Tr\u00ed Vi\u1ec7t<\/p>\n<p class=\"QN2lPu\">T\u00e1c gi\u1ea3: Barron&#8217;s<\/p>\n<p class=\"QN2lPu\">Ng\u00e0y xu\u1ea5t b\u1ea3n: 2025<\/p>\n<p class=\"QN2lPu\">K\u00edch th\u01b0\u1edbc: 19 x 26 cm<\/p>\n<p class=\"QN2lPu\">Nh\u00e0 xu\u1ea5t b\u1ea3n: NXB T\u1ed5ng h\u1ee3p TP.HCM<\/p>\n<p class=\"QN2lPu\">S\u1ed1 trang: 392<\/p>\n<p class=\"QN2lPu\">G\u00eda: 238.000 VN\u0110<\/p>\n<p class=\"QN2lPu\">M\u00f4 t\u1ea3 s\u1ea3n ph\u1ea9m:<\/p>\n<p class=\"QN2lPu\">C\u00e1c T\u1eeb V\u1ef1ng C\u1ea7n Thi\u1ebft \u0110\u1ec3 Thi TOEIC \u201cEssential Words for the TOEIC &#8211; 6th Edition\u201d l\u00e0 cu\u1ed1n s\u00e1ch \u0111\u01b0\u1ee3c c\u1eadp nh\u1eadt m\u1edbi nh\u1ea5t nh\u1eb1m cung c\u1ea5p nh\u1eefng t\u1eeb v\u1ef1ng c\u1ea7n thi\u1ebft \u0111\u1ec3 luy\u1ec7n thi TOEIC \u2013 k\u1ef3 thi Tr\u1eafc Nghi\u1ec7m Ti\u1ebfng Anh Trong Giao Ti\u1ebfp Qu\u1ed1c T\u1ebf (Test of English for International Communication). K\u1ef3 thi n\u00e0y \u0111\u00e1nh gi\u00e1 tr\u00ecnh \u0111\u1ed9 ti\u1ebfng Anh c\u1ee7a nh\u1eefng ng\u01b0\u1eddi l\u00e0m vi\u1ec7c trong l\u0129nh v\u1ef1c kinh doanh qu\u1ed1c t\u1ebf, ho\u1eb7c nh\u1eefng ng\u01b0\u1eddi h\u1ecdc ti\u1ebfng Anh v\u1edbi m\u1ee5c \u0111\u00edch giao ti\u1ebfp. \u0110\u00e2y l\u00e0 \u1ea5n b\u1ea3n m\u1edbi nh\u1ea5t (xu\u1ea5t b\u1ea3n l\u1ea7n th\u1ee9 4 t\u1ea1i Vi\u1ec7t Nam) \u0111\u01b0\u1ee3c c\u1eadp nh\u1eadt t\u1eeb nh\u1eefng b\u00e0i thi g\u1ea7n \u0111\u00e2y nh\u1ea5t c\u1ee7a vi\u1ec7n gi\u00e1o d\u1ee5c kh\u1ea3o th\u00ed Hoa K\u1ef3 (Educational Testing Service), bao g\u1ed3m 50 b\u00e0i h\u1ecdc v\u1ec1 c\u00e1ch x\u00e2y d\u1ef1ng v\u1ed1n t\u1eeb v\u1ef1ng trong ti\u1ebfng Anh.<\/p>\n<p class=\"QN2lPu\">\n<p class=\"QN2lPu\">Phi\u00ean b\u1ea3n m\u1edbi 6th t\u1eadp trung ch\u1ee7 y\u1ebfu v\u00e0o Ti\u1ebfng Anh \u2013 M\u1ef9 \u0111\u01b0\u1ee3c s\u1eed d\u1ee5ng nhi\u1ec1u nh\u1ea5t trong kinh doanh, c\u00f4ng nghi\u1ec7p, giao ti\u1ebfp v\u00e0 c\u00e1c l\u0129nh v\u1ef1c v\u0103n h\u00f3a kh\u00e1c. Cu\u1ed1n s\u00e1ch gi\u00fap b\u1ea1n n\u1eafm v\u1eefng nh\u1eefng n\u1ec1n t\u1ea3ng c\u01a1 b\u1ea3n \u0111\u1ec3 hi\u1ec3u nh\u1eefng ng\u1eef c\u1ea3nh \u0111\u1eb7c bi\u1ec7t th\u01b0\u1eddng g\u1eb7p trong m\u1ed9t b\u00e0i thi TOEIC. M\u1ed7i ch\u01b0\u01a1ng gi\u1edbi thi\u1ec7u m\u1ed9t ng\u1eef c\u1ea3nh chuy\u00ean m\u00f4n c\u1ee5 th\u1ec3 v\u00e0 nh\u1eefng t\u1eeb m\u1edbi k\u00e8m theo. Nh\u1eefng t\u1eeb n\u00e0y kh\u00f4ng ph\u1ea3i l\u00e0 t\u1eeb chuy\u00ean m\u00f4n, m\u00e0 l\u00e0 nh\u1eefng t\u1eeb v\u1ef1ng th\u00f4ng d\u1ee5ng c\u00f3 th\u1ec3 d\u00f9ng \u0111\u01b0\u1ee3c trong r\u1ea5t nhi\u1ec1u ng\u1eef c\u1ea3nh kh\u00e1c nhau. Tuy nhi\u00ean, v\u00ec \u0111\u01b0\u1ee3c s\u1eed d\u1ee5ng trong m\u1ed9t ng\u1eef c\u1ea3nh chuy\u00ean m\u00f4n, n\u00ean ng\u1eef ngh\u0129a c\u1ee7a ch\u00fang s\u1ebd thay \u0111\u1ed5i so v\u1edbi khi s\u1eed d\u1ee5ng trong nh\u1eefng t\u00ecnh hu\u1ed1ng ph\u1ed5 th\u00f4ng. Hi\u1ec3u \u0111\u01b0\u1ee3c \u0111i\u1ec1u n\u00e0y s\u1ebd gi\u00fap b\u1ea1n c\u1ea3i thi\u1ec7n \u0111\u00e1ng k\u1ec3 k\u1ebft qu\u1ea3 thi TOEIC.<\/p>\n<p class=\"QN2lPu\">\n<p class=\"QN2lPu\">C\u00e1c b\u00e0i t\u1eadp \u0111\u1ec1u li\u00ean quan \u0111\u1ebfn c\u00e1c c\u00e2u h\u1ecfi th\u1ef1c ti\u1ec5n h\u00e0ng ng\u00e0y gi\u00fap r\u00e8n luy\u1ec7n k\u1ef9 n\u0103ng Ti\u1ebfng Anh. Song h\u00e0nh v\u1edbi \u0111\u00f3, l\u00e0 h\u01b0\u1edbng d\u1eabn c\u1ee5 th\u1ec3 v\u1ec1 c\u00e1ch s\u1eed d\u1ee5ng Ti\u1ebfng Anh th\u1ef1c ti\u1ec5n theo t\u1eebng ng\u00e0nh ngh\u1ec1: So\u1ea1n th\u1ea3o h\u1ee3p \u0111\u1ed3ng, ti\u1ebfp th\u1ecb qu\u1ea3ng c\u00e1o, t\u00e0i ch\u00ednh ng\u00e2n h\u00e0ng v\u00e0 c\u00e1c ng\u00e0nh ngh\u1ec1 kh\u00e1c. Nh\u1eefng b\u00e0i t\u1eadp th\u00eam v\u00e0o gi\u00fap ng\u01b0\u1eddi d\u1ef1 thi ch\u1ee9ng ch\u1ec9 TOEIC m\u1edf r\u1ed9ng \u0111\u01b0\u1ee3c v\u1ed1n t\u1eeb v\u1ef1ng c\u1ee7a m\u00ecnh theo t\u1eebng l\u0129nh v\u1ef1c, ng\u00e0nh ngh\u1ec1 c\u00f3 li\u00ean quan \u0111\u1ebfn c\u00e1c ho\u1ea1t v\u0103n h\u00f3a nh\u01b0: Phim \u1ea3nh, \u00e2m nh\u1ea1c, v\u00e0 ngh\u1ec7 thu\u1eadt.<\/p>\n<\/div>\n","protected":false},"excerpt":{"rendered":"<p>C\u00f4ng ty ph\u00e1t h\u00e0nh: First News &#8211; Tr\u00ed Vi\u1ec7t T\u00e1c gi\u1ea3: Barron&#8217;s Ng\u00e0y xu\u1ea5t b\u1ea3n: 2025 K\u00edch th\u01b0\u1edbc: 19 x 26 cm Nh\u00e0 xu\u1ea5t b\u1ea3n: NXB T\u1ed5ng h\u1ee3p TP.HCM S\u1ed1 trang: 392 G\u00eda: 238.000 VN\u0110 M\u00f4 t\u1ea3 s\u1ea3n ph\u1ea9m: C\u00e1c T\u1eeb V\u1ef1ng C\u1ea7n Thi\u1ebft \u0110\u1ec3 Thi TOEIC \u201cEssential Words for the TOEIC &#8211; 6th Edition\u201d&#8230;<\/p>\n","protected":false},"featured_media":15302,"comment_status":"open","ping_status":"closed","template":"","meta":[],"product_brand":[1693],"product_cat":[1678],"product_tag":[],"class_list":{"0":"post-15192","1":"product","2":"type-product","3":"status-publish","4":"has-post-thumbnail","6":"product_brand-nxb-tre","7":"product_cat-sach-hoc-ngoai-ngu-tu-dien","9":"first","10":"instock","11":"sale","12":"shipping-taxable","13":"purchasable","14":"product-type-simple"},"_links":{"self":[{"href":"https:\/\/web-ban-le.mbws.vn\/nha-sach\/wp-json\/wp\/v2\/product\/15192","targetHints":{"allow":["GET"]}}],"collection":[{"href":"https:\/\/web-ban-le.mbws.vn\/nha-sach\/wp-json\/wp\/v2\/product"}],"about":[{"href":"https:\/\/web-ban-le.mbws.vn\/nha-sach\/wp-json\/wp\/v2\/types\/product"}],"replies":[{"embeddable":true,"href":"https:\/\/web-ban-le.mbws.vn\/nha-sach\/wp-json\/wp\/v2\/comments?post=15192"}],"wp:featuredmedia":[{"embeddable":true,"href":"https:\/\/web-ban-le.mbws.vn\/nha-sach\/wp-json\/wp\/v2\/media\/15302"}],"wp:attachment":[{"href":"https:\/\/web-ban-le.mbws.vn\/nha-sach\/wp-json\/wp\/v2\/media?parent=15192"}],"wp:term":[{"taxonomy":"product_brand","embeddable":true,"href":"https:\/\/web-ban-le.mbws.vn\/nha-sach\/wp-json\/wp\/v2\/product_brand?post=15192"},{"taxonomy":"product_cat","embeddable":true,"href":"https:\/\/web-ban-le.mbws.vn\/nha-sach\/wp-json\/wp\/v2\/product_cat?post=15192"},{"taxonomy":"product_tag","embeddable":true,"href":"https:\/\/web-ban-le.mbws.vn\/nha-sach\/wp-json\/wp\/v2\/product_tag?post=15192"}],"curies":[{"name":"wp","href":"https:\/\/api.w.org\/{rel}","templated":true}]}}