{"id":15203,"date":"2025-10-31T13:32:43","date_gmt":"2025-10-31T06:32:43","guid":{"rendered":"https:\/\/web-ban-le.mbws.vn\/nha-sach\/?post_type=product&#038;p=15203"},"modified":"2025-11-01T19:42:37","modified_gmt":"2025-11-01T12:42:37","slug":"sach-combo-me-teresa-tren-ca-tinh-yeu-phuc-cho-ai-khong-thay-ma-tin-first-news","status":"publish","type":"product","link":"https:\/\/web-ban-le.mbws.vn\/nha-sach\/san-pham\/sach-combo-me-teresa-tren-ca-tinh-yeu-phuc-cho-ai-khong-thay-ma-tin-first-news\/","title":{"rendered":"S\u00e1ch Combo M\u1eb9 Teresa Tr\u00ean C\u1ea3 T\u00ecnh Y\u00eau + Ph\u00fac Cho Ai Kh\u00f4ng Th\u1ea5y M\u00e0 Tin &#8211; First News"},"content":{"rendered":"<div class=\"e8lZp3\">\n<p class=\"QN2lPu\">Gi\u00e1 b\u1ed9: 176.000 VN\u0110<\/p>\n<p class=\"QN2lPu\">&#8212;&#8212;&#8212;-<\/p>\n<p class=\"QN2lPu\">Nh\u00e0 ph\u00e1t h\u00e0nh: First News &#8211; Tr\u00ed Vi\u1ec7t<\/p>\n<p class=\"QN2lPu\">T\u00e1c gi\u1ea3: Gene Edwards<\/p>\n<p class=\"QN2lPu\">NXB: NXB Thanh Ni\u00ean<\/p>\n<p class=\"QN2lPu\">K\u00edch Th\u01b0\u1edbc: 14.5 x 20.5 cm<\/p>\n<p class=\"QN2lPu\">S\u1ed1 trang: 200 trang<\/p>\n<p class=\"QN2lPu\">H\u00ecnh th\u1ee9c: B\u00eca M\u1ec1m<\/p>\n<p class=\"QN2lPu\">Xu\u1ea5t x\u1ee9: Trong n\u01b0\u1edbc<\/p>\n<p class=\"QN2lPu\">Ng\u00f4n ng\u1eef: Ti\u1ebfng Vi\u1ec7t<\/p>\n<p class=\"QN2lPu\">Gi\u00e1 b\u00eca: 88.000 VND<\/p>\n<p class=\"QN2lPu\">Ng\u00e0y ph\u00e1t h\u00e0nh: 2024<\/p>\n<p class=\"QN2lPu\">M\u00f4 t\u1ea3 s\u1ea3n ph\u1ea9m:<\/p>\n<p class=\"QN2lPu\">1. M\u1eb8 TERESA TR\u00caN C\u1ea2 T\u00ccNH Y\u00caU<\/p>\n<p class=\"QN2lPu\">M\u1eb9 Teresa \u0111\u00e3 th\u1ef1c s\u1ef1, v\u1edbi t\u1ea5t c\u1ea3 t\u1ea5m l\u00f2ng, \u201c\u0111\u01b0a tay ra \u0111\u1ec3 chia s\u1ebb &#8211; d\u00e0nh tr\u00e1i tim \u0111\u1ec3 y\u00eau th\u01b0\u01a1ng.\u201d Khi cu\u1ed1n s\u00e1ch n\u00e0y \u0111\u1ebfn tay b\u1ea1n \u0111\u1ecdc, M\u1eb9 Teresa kh\u00f4ng c\u00f2n kh\u00f4ng c\u00f2n tr\u00ean c\u00f5i \u0111\u1eddi n\u00e0y n\u1eefa. L\u00fac sinh th\u1eddi, M\u1eb9 t\u1eebng n\u00f3i: \u201cTheo huy\u1ebft th\u1ed1ng, t\u00f4i l\u00e0 ng\u01b0\u1eddi Anbani. Theo qu\u1ed1c t\u1ecbch, t\u00f4i l\u00e0 ng\u01b0\u1eddi \u1ea4n \u0110\u1ed9. Theo \u0111\u1ee9c tin, t\u00f4i l\u00e0 m\u1ed9t n\u1eef tu c\u00f4ng gi\u00e1o. Theo \u01a1n g\u1ecdi, t\u00f4i thu\u1ed9c v\u1ec1 th\u1ebf gian n\u00e0y. V\u00e0 theo con tim, t\u00f4i ho\u00e0n to\u00e0n thu\u1ed9c v\u1ec1 nh\u1eefng ng\u01b0\u1eddi b\u1ea5t h\u1ea1nh, kh\u1ed5 \u0111au.\u201d<\/p>\n<p class=\"QN2lPu\">\n<p class=\"QN2lPu\">M\u1eb9 \u0111\u00e3 s\u1ed1ng m\u1ed9t cu\u1ed9c \u0111\u1eddi c\u01a1 c\u1ef1c, v\u00ec nh\u01b0 M\u1eb9 n\u00f3i, ph\u1ea3i s\u1ed1ng gi\u1eefa ng\u01b0\u1eddi ngh\u00e8o, n\u1ebfm tr\u1ea3i s\u1ef1 \u0111\u00f3i kh\u1ed5 c\u00f9ng h\u1ecd m\u1edbi c\u00f3 th\u1ec3 th\u1ea5u hi\u1ec3u, v\u00e0 t\u1eeb \u0111\u00f3, m\u1edbi c\u00f3 th\u1ec3 gi\u00fap xoa d\u1ecbu n\u1ed7i \u0111au c\u1ee7a h\u1ecd. Khi c\u00f2n l\u00e0 m\u1ed9t n\u1eef tu d\u00f2ng Loreto, ch\u00ednh c\u1ea3nh s\u1ed1ng bi th\u1ea3m c\u1ee7a ng\u01b0\u1eddi ngh\u00e8o \u0111\u00e3 l\u00e0m s\u1ed1ng d\u1eady m\u00e3nh li\u1ec7t trong l\u00f2ng M\u1eb9 \u00fd nguy\u1ec7n \u0111\u01b0\u1ee3c s\u1ed1ng gi\u1eefa h\u1ecd, \u0111\u01b0\u1ee3c chia s\u1ebb v\u00e0 gi\u00fap \u0111\u1ee1 h\u1ecd &#8211; m\u1ed9t \u00fd nguy\u1ec7n \u0111\u00e3 \u0111\u01b0\u1ee3c \u1ea5p \u1ee7 t\u1eeb nh\u1eefng ng\u00e0y th\u01a1 \u1ea5u \u1edf qu\u00ea h\u01b0\u01a1ng Anbani. Ngay t\u1eeb b\u00e9, ng\u01b0\u1eddi m\u1eb9 y\u00eau qu\u00fd c\u1ee7a M\u1eb9 \u0111\u00e3 d\u1ea1y: \u201cT\u1ea5t c\u1ea3 nh\u1eefng ng\u01b0\u1eddi xung quanh ch\u00fang ta, d\u00f9 kh\u00f4ng ph\u1ea3i l\u00e0 m\u00e1u m\u1ee7 ru\u1ed9t r\u00e0, c\u0169ng \u0111\u1ec1u l\u00e0 anh ch\u1ecb em c\u1ee7a ch\u00fang ta.\u201d Ch\u00ednh nh\u1edd s\u1ef1 gi\u00e1o d\u1ee5c \u0111\u1ea7y nh\u00e2n b\u1ea3n c\u1ee7a gia \u0111\u00ecnh, c\u1ee7a \u0111\u1ee9c tin, c\u1ed9ng th\u00eam tr\u00e1i tim lu\u00f4n \u0111\u1ea7y \u1eafp y\u00eau th\u01b0\u01a1ng t\u1eeb ng\u00e0y c\u00f2n th\u01a1 b\u00e9 \u0111\u00e3 mang \u0111\u1ebfn cho ch\u00fang ta m\u1ed9t M\u1eb9 Teresa v\u1edbi t\u00ecnh y\u00eau kh\u00f4ng bi\u00ean gi\u1edbi, v\u1edbi s\u1ef1 th\u00e1nh thi\u1ec7n v\u00e0 bao dung \u0111\u1ee7 s\u1ee9c l\u00e0m lay \u0111\u1ed9ng nh\u1eefng t\u00e2m h\u1ed3n l\u1ea7m l\u1ea1c nh\u1ea5t.<\/p>\n<p class=\"QN2lPu\">\n<p class=\"QN2lPu\">2. PH\u00daC CHO AI KH\u00d4NG TH\u1ea4Y M\u00c0 TIN<\/p>\n<p class=\"QN2lPu\">Nh\u00e0 ph\u00e1t h\u00e0nh: First News &#8211; Tr\u00ed Vi\u1ec7t<\/p>\n<p class=\"QN2lPu\">T\u00e1c gi\u1ea3: Vikrom Kromadit<\/p>\n<p class=\"QN2lPu\">NXB: NXB T\u1ed5ng H\u1ee3p TPHCM<\/p>\n<p class=\"QN2lPu\">K\u00edch Th\u01b0\u1edbc: 14.5 x 20.5 cm<\/p>\n<p class=\"QN2lPu\">S\u1ed1 trang: 192 trang<\/p>\n<p class=\"QN2lPu\">H\u00ecnh th\u1ee9c: B\u00eca M\u1ec1m<\/p>\n<p class=\"QN2lPu\">Xu\u1ea5t x\u1ee9: Trong n\u01b0\u1edbc<\/p>\n<p class=\"QN2lPu\">Ng\u00f4n ng\u1eef: Ti\u1ebfng Vi\u1ec7t<\/p>\n<p class=\"QN2lPu\">Gi\u00e1 b\u00eca: 88.000 VND<\/p>\n<p class=\"QN2lPu\">Ng\u00e0y ph\u00e1t h\u00e0nh: 2024<\/p>\n<p class=\"QN2lPu\">M\u00f4 t\u1ea3 s\u1ea3n ph\u1ea9m:<\/p>\n<p class=\"QN2lPu\">Ai s\u1ed1ng cu\u1ed9c \u0111\u1eddi c\u00f4ng ch\u00ednh s\u1ebd \u0111\u01b0\u1ee3c nh\u00ecn th\u1ea5y Thi\u00ean Ch\u00faa, ai c\u00f3 t\u00e2m h\u1ed3n cao \u0111\u1eb9p v\u00e0 l\u00f2ng h\u01b0\u1edbng thi\u1ec7n s\u1ebd \u0111\u01b0\u1ee3c Thi\u00ean Ch\u00faa che ch\u1edf &#8211; \u0111\u00f3 l\u00e0 \u0111i\u1ec1u m\u00e0 m\u1ecdi ng\u01b0\u1eddi con c\u1ee7a Ch\u00faa \u0111\u1ec1u tin t\u01b0\u1edfng, th\u1eadm ch\u00ed l\u00e0 l\u1ea5y \u0111\u00f3 l\u00e0m l\u00fd t\u01b0\u1edfng s\u1ed1ng. Th\u1ebf nh\u01b0ng m\u1ea5y ai th\u1eadt s\u1ef1 c\u00f3 th\u1ec3 tin v\u00e0o h\u1ed3ng \u00e2n Thi\u00ean Ch\u00faa khi ch\u01b0a t\u1eadn m\u1eaft nh\u00ecn th\u1ea5y Ng\u00e0i?<\/p>\n<p class=\"QN2lPu\">\n<p class=\"QN2lPu\">Ch\u1eafc h\u1eb3n ai trong ch\u00fang ta c\u0169ng t\u1eebng \u00edt nh\u1ea5t m\u1ed9t l\u1ea7n tr\u1ea3i qua nh\u1eefng s\u1ef1 ki\u1ec7n tr\u00f9ng h\u1ee3p \u0111\u1ebfn kh\u00f3 tin, ho\u1eb7c th\u1ea7n k\u1ef3 \u0111\u1ebfn n\u1ed7i kh\u00f4ng th\u1ec3 l\u00fd gi\u1ea3i, nh\u01b0ng nh\u1eefng ng\u01b0\u1eddi c\u00f3 ni\u1ec1m tin t\u00f4n gi\u00e1o c\u00f3 l\u1ebd s\u1ebd d\u1ec5 l\u00fd gi\u1ea3i nh\u1eefng chuy\u1ec7n nh\u01b0 v\u1eady h\u01a1n. B\u1edfi h\u1ecd tin \u0111\u00f3 l\u00e0 nh\u1edd v\u00e0o \u01a1n tr\u00ean, ho\u1eb7c theo c\u00e1ch n\u00f3i c\u1ee7a c\u00e1c Kit\u00f4 h\u1eefu th\u00ec \u0111\u00f3 l\u00e0 h\u1ed3ng \u00e2n Thi\u00ean Ch\u00faa. Tuy nhi\u00ean, kh\u00f4ng ph\u1ea3i ai c\u0169ng c\u00f3 ni\u1ec1m tin v\u00e0o nh\u1eefng th\u1ee9 v\u00f4 h\u00ecnh v\u00e0 si\u00eau nhi\u00ean. \u0110\u00f4i khi ng\u01b0\u1eddi ta c\u1ea7n \u0111\u01b0\u1ee3c tr\u1ea3i nghi\u1ec7m v\u00e0 c\u1ea3m nh\u1eadn b\u1eb1ng c\u1ea3 tr\u00e1i tim th\u00ec m\u1edbi vun \u0111\u1eafp \u0111\u01b0\u1ee3c ni\u1ec1m tin \u0111\u00f3.<\/p>\n<p class=\"QN2lPu\">\n<p class=\"QN2lPu\">\u201cPh\u00fac cho ai kh\u00f4ng th\u1ea5y m\u00e0 tin\u201d bao g\u1ed3m hai m\u01b0\u01a1i l\u0103m c\u00e2u chuy\u1ec7n ng\u1eafn v\u1ec1 nh\u1eefng kho\u1ea3nh kh\u1eafc qu\u00fd gi\u00e1 v\u00e0 truy\u1ec1n c\u1ea3m h\u1ee9ng nh\u1ea5t m\u00e0 t\u00e1c gi\u1ea3 Gene Edwards \u0111\u00e3 t\u1eadp h\u1ee3p \u0111\u01b0\u1ee3c trong cu\u1ed9c \u0111\u1eddi l\u00e0m m\u1ee5c s\u01b0 c\u1ee7a m\u00ecnh. T\u1eeb l\u1eddi c\u1ea7u nguy\u1ec7n th\u00e0nh kh\u1ea9n \u0111\u00e3 gi\u00fap m\u1ed9t ng\u01b0\u1eddi cha t\u1ea1o ra k\u1ef3 t\u00edch v\u00e0 c\u1ee9u \u0111\u01b0\u1ee3c con m\u00ecnh tho\u00e1t kh\u1ecfi l\u01b0\u1ee1i h\u00e1i t\u1eed th\u1ea7n, cho \u0111\u1ebfn kho\u1ea3nh kh\u1eafc \u0111\u00e1ng nh\u1edb nh\u1ea5t c\u1ee7a t\u00e1c gi\u1ea3 khi g\u1eb7p \u0111\u01b0\u1ee3c Helen Keller &#8211; ng\u01b0\u1eddi ph\u1ee5 n\u1eef \u0111\u01b0\u1ee3c xem l\u00e0 v\u0129 nh\u00e2n v\u00e0 c\u00f3 cu\u1ed9c \u0111\u1eddi truy\u1ec1n c\u1ea3m h\u1ee9ng \u0111\u1ebfn m\u1ee9c \u0111\u00e3 \u0111\u01b0\u1ee3c d\u1ef1ng th\u00e0nh r\u1ea5t nhi\u1ec1u b\u1ed9 phim &#8211; d\u00f9 c\u00f3 mang m\u00e0u s\u1eafc k\u1ef3 \u1ea3o hay kh\u00f4ng th\u00ec theo Gene Edwards, ch\u00fang \u0111\u1ec1u l\u00e0 nh\u1eefng c\u00e2u chuy\u1ec7n ch\u1ee9a \u0111\u1ef1ng nh\u1eefng \u00fd ni\u1ec7m li\u00ean quan \u0111\u1ebfn Kinh th\u00e1nh v\u00e0 h\u1ed3ng \u00e2n Thi\u00ean Ch\u00faa. Nh\u1eefng nh\u00e2n v\u1eadt trong c\u00e1c c\u00e2u chuy\u1ec7n c\u00f3 th\u1eadt \u1ea5y s\u1ed1ng v\u1edbi t\u1ea5m l\u00f2ng h\u01b0\u1edbng thi\u1ec7n v\u00e0 h\u00e0nh x\u1eed d\u1ef1a v\u00e0o \u0111\u1ee9c tin ch\u1ee9 kh\u00f4ng ph\u1ea3i ch\u1ec9 ph\u1ea3n \u1ee9ng theo nh\u1eefng g\u00ec m\u1eaft th\u1ea5y tai nghe. H\u1ecd cho ta th\u1ea5y \u0111\u1ee9c tin ch\u00e2n ch\u00ednh \u0111\u1ebfn t\u1eeb nh\u1eefng tr\u1ea3i nghi\u1ec7m \u0111\u00e3 \u0111\u01b0\u1ee3c \u0111\u00fac r\u00fat v\u00e0 t\u1eeb tri th\u1ee9c thu th\u1eadp \u0111\u01b0\u1ee3c trong qu\u00e1 tr\u00ecnh s\u1ed1ng. \u0110\u1ee9c tin l\u00e0 ng\u1ecdn \u0111\u00e8n d\u1eabn l\u1ed1i cho h\u1ecd h\u00e0nh \u0111\u1ed9ng m\u00e0 kh\u00f4ng c\u1ea7n ph\u1ea3i lo \u0111\u01b0\u1ee3c &#8211; m\u1ea5t hay nh\u00ecn tr\u01b0\u1edbc ng\u00f3 sau.<\/p>\n<\/div>\n","protected":false},"excerpt":{"rendered":"<p>Gi\u00e1 b\u1ed9: 176.000 VN\u0110 &#8212;&#8212;&#8212;- Nh\u00e0 ph\u00e1t h\u00e0nh: First News &#8211; Tr\u00ed Vi\u1ec7t T\u00e1c gi\u1ea3: Gene Edwards NXB: NXB Thanh Ni\u00ean K\u00edch Th\u01b0\u1edbc: 14.5 x 20.5 cm S\u1ed1 trang: 200 trang H\u00ecnh th\u1ee9c: B\u00eca M\u1ec1m Xu\u1ea5t x\u1ee9: Trong n\u01b0\u1edbc Ng\u00f4n ng\u1eef: Ti\u1ebfng Vi\u1ec7t Gi\u00e1 b\u00eca: 88.000 VND Ng\u00e0y ph\u00e1t h\u00e0nh: 2024 M\u00f4 t\u1ea3 s\u1ea3n ph\u1ea9m:&#8230;<\/p>\n","protected":false},"featured_media":15389,"comment_status":"open","ping_status":"closed","template":"","meta":[],"product_brand":[1692],"product_cat":[1672],"product_tag":[],"class_list":{"0":"post-15203","1":"product","2":"type-product","3":"status-publish","4":"has-post-thumbnail","6":"product_brand-nxb-kim-dong","7":"product_cat-sach-huong-nghiep-phat-trien-ban-than","9":"first","10":"instock","11":"sale","12":"shipping-taxable","13":"purchasable","14":"product-type-simple"},"_links":{"self":[{"href":"https:\/\/web-ban-le.mbws.vn\/nha-sach\/wp-json\/wp\/v2\/product\/15203","targetHints":{"allow":["GET"]}}],"collection":[{"href":"https:\/\/web-ban-le.mbws.vn\/nha-sach\/wp-json\/wp\/v2\/product"}],"about":[{"href":"https:\/\/web-ban-le.mbws.vn\/nha-sach\/wp-json\/wp\/v2\/types\/product"}],"replies":[{"embeddable":true,"href":"https:\/\/web-ban-le.mbws.vn\/nha-sach\/wp-json\/wp\/v2\/comments?post=15203"}],"wp:featuredmedia":[{"embeddable":true,"href":"https:\/\/web-ban-le.mbws.vn\/nha-sach\/wp-json\/wp\/v2\/media\/15389"}],"wp:attachment":[{"href":"https:\/\/web-ban-le.mbws.vn\/nha-sach\/wp-json\/wp\/v2\/media?parent=15203"}],"wp:term":[{"taxonomy":"product_brand","embeddable":true,"href":"https:\/\/web-ban-le.mbws.vn\/nha-sach\/wp-json\/wp\/v2\/product_brand?post=15203"},{"taxonomy":"product_cat","embeddable":true,"href":"https:\/\/web-ban-le.mbws.vn\/nha-sach\/wp-json\/wp\/v2\/product_cat?post=15203"},{"taxonomy":"product_tag","embeddable":true,"href":"https:\/\/web-ban-le.mbws.vn\/nha-sach\/wp-json\/wp\/v2\/product_tag?post=15203"}],"curies":[{"name":"wp","href":"https:\/\/api.w.org\/{rel}","templated":true}]}}