{"id":15204,"date":"2025-10-31T13:32:43","date_gmt":"2025-10-31T06:32:43","guid":{"rendered":"https:\/\/web-ban-le.mbws.vn\/nha-sach\/?post_type=product&#038;p=15204"},"modified":"2025-11-01T19:42:37","modified_gmt":"2025-11-01T12:42:37","slug":"sach-the-forest-secret-bi-mat-cua-rung-bo-sach-the-gioi-dieu-ky-first-news","status":"publish","type":"product","link":"https:\/\/web-ban-le.mbws.vn\/nha-sach\/san-pham\/sach-the-forest-secret-bi-mat-cua-rung-bo-sach-the-gioi-dieu-ky-first-news\/","title":{"rendered":"S\u00e1ch &#8211; The Forest Secret B\u00ed M\u1eadt C\u1ee7a R\u1eebng &#8211; B\u1ed9 S\u00e1ch Th\u1ebf Gi\u1edbi Di\u1ec7u K\u1ef3 &#8211; First News"},"content":{"rendered":"<div class=\"e8lZp3\">\n<p class=\"QN2lPu\">C\u00f4ng ty ph\u00e1t h\u00e0nh First News &#8211; Tr\u00ed Vi\u1ec7t<\/p>\n<p class=\"QN2lPu\">T\u00e1c gi\u1ea3: Nhi\u1ec1u t\u00e1c gi\u1ea3<\/p>\n<p class=\"QN2lPu\">Ng\u00e0y xu\u1ea5t b\u1ea3n: 2023<\/p>\n<p class=\"QN2lPu\">K\u00edch th\u01b0\u1edbc: 21 x 24 cm<\/p>\n<p class=\"QN2lPu\">Nh\u00e0 xu\u1ea5t b\u1ea3n: NXB D\u00e2n Tr\u00ed<\/p>\n<p class=\"QN2lPu\">Lo\u1ea1i b\u00eca: B\u00eca m\u1ec1m<\/p>\n<p class=\"QN2lPu\">Xu\u1ea5t x\u1ee9: Trong n\u01b0\u1edbc<\/p>\n<p class=\"QN2lPu\">Ng\u00f4n ng\u1eef: Ti\u1ebfng Vi\u1ec7t<\/p>\n<p class=\"QN2lPu\">S\u1ed1 trang: 28<\/p>\n<p class=\"QN2lPu\">Gi\u00e1 B\u00eca: 45.000 VN\u0110<\/p>\n<p class=\"QN2lPu\">M\u00f4 t\u1ea3 s\u1ea3n ph\u1ea9m:<\/p>\n<p class=\"QN2lPu\">Ngh\u1ec9 h\u00e8 v\u1ec1 th\u0103m \u00f4ng ngo\u1ea1i, Lily h\u00e1o h\u1ee9c \u0111i d\u1ea1o trong r\u1eebng v\u1edbi \u00f4ng. <\/p>\n<p class=\"QN2lPu\">\u00d4ng bi\u1ebft nhi\u1ec1u th\u1ee9 v\u1ec1 th\u1ebf gi\u1edbi t\u1ef1 nhi\u00ean, ch\u1eb3ng h\u1ea1n nh\u01b0 v\u1ec1 n\u1ea5m, r\u1ec5 c\u00e2y v\u00e0 giun \u0111\u1ea5t\u2026 <\/p>\n<p class=\"QN2lPu\">V\u00e0 bi\u1ebft \u0111\u00e2u \u0111\u1ea5y, nh\u1eefng b\u1ea1n c\u00e2y trong r\u1eebng c\u0169ng c\u00f3 b\u00ed m\u1eadt mu\u1ed1n b\u1eadt m\u00ed v\u1edbi Lily!<\/p>\n<p class=\"QN2lPu\">\u0110\u1ebfn v\u1edbi&nbsp;\u201cB\u00ed m\u1eadt c\u1ee7a r\u1eebng\u201d, c\u00e1c b\u00e9 s\u1ebd c\u00f9ng b\u1ea1n Lily \u0111i d\u1ea1o trong khu r\u1eebng g\u1ea7n nh\u00e0 \u00f4ng ngo\u1ea1i c\u1ee7a Lily, ch\u1ea1m m\u1eb7t t\u1eebng lo\u00e0i c\u00e2y c\u1ecf, nghe \u00f4ng ngo\u1ea1i k\u1ec3 nh\u1eefng ki\u1ebfn th\u1ee9c th\u00fa v\u1ecb v\u1ec1 ch\u00fang. \u0110\u1eb7c bi\u1ec7t, Lily c\u00f2n nghe th\u1ea5y nh\u1eefng l\u1eddi th\u00ec th\u1ea7m t\u1eeb ch\u00ednh c\u00e2y s\u1ed3i gi\u00e0 c\u1ed5 th\u1ee5 n\u1eefa \u0111\u1ea5y! Kh\u00f4ng ch\u1ec9 kh\u01a1i g\u1ee3i \u00f3c t\u00f2 m\u00f2, nh\u1eefng s\u1eafc xanh thanh b\u00ecnh t\u1eeb t\u1eadp truy\u1ec7n s\u1ebd khi\u1ebfn c\u00e1c b\u1ea1n nh\u1ecf th\u00eam y\u00eau m\u1ebfn th\u1ebf gi\u1edbi t\u1ef1 nhi\u00ean, mu\u1ed1n r\u1ea3o b\u01b0\u1edbc v\u00e0o r\u1eebng ho\u1eb7c gieo h\u1ea1t tr\u1ed3ng c\u00e2y ngay t\u1ee9c th\u00ec.&nbsp;<\/p>\n<p class=\"QN2lPu\">&nbsp;<\/p>\n<p class=\"QN2lPu\">\u201cB\u00ed m\u1eadt c\u1ee7a r\u1eebng&#8221;&nbsp;n\u1eb1m trong b\u1ed9 truy\u1ec7n tranh thi\u1ebfu nhi \u201cTh\u1ebf gi\u1edbi di\u1ec7u k\u1ef3\u201d d\u00e0nh cho c\u00e1c b\u00e9 t\u1eeb 6 \u0111\u1ebfn 11 tu\u1ed5i. H\u00e3y c\u00f9ng b\u00e9 kh\u00e1m ph\u00e1 b\u1ed9 truy\u1ec7n tranh \u0111\u1ebfn t\u1eeb Mijade Publication, g\u1ed3m 5 t\u1eadp truy\u1ec7n v\u1edbi t\u1ef1a \u0111\u1ec1:&nbsp;\u201cBalthazar\u201d,&nbsp;\u201cB\u00ed m\u1eadt c\u1ee7a r\u1eebng\u201d,&nbsp;\u201cCerise trong v\u0169 tr\u1ee5\u201d,&nbsp;\u201cMissy \u00ed \u1eb9\u201d,&nbsp;\u201cM\u1ed9t tu\u1ea7n v\u1edbi c\u00e1c b\u1ea1n th\u00fa d\u1ec5 th\u01b0\u01a1ng\u201d&nbsp;s\u1ebd khu\u1ea5y \u0111\u1ed9ng \u00f3c s\u00e1ng t\u1ea1o, s\u1ef1 t\u00f2 m\u00f2 v\u00e0 t\u00ecnh y\u00eau c\u1ee7a tr\u1ebb d\u00e0nh cho v\u1ea1n v\u1eadt quanh m\u00ecnh.&nbsp;<\/p>\n<\/div>\n","protected":false},"excerpt":{"rendered":"<p>C\u00f4ng ty ph\u00e1t h\u00e0nh First News &#8211; Tr\u00ed Vi\u1ec7t T\u00e1c gi\u1ea3: Nhi\u1ec1u t\u00e1c gi\u1ea3 Ng\u00e0y xu\u1ea5t b\u1ea3n: 2023 K\u00edch th\u01b0\u1edbc: 21 x 24 cm Nh\u00e0 xu\u1ea5t b\u1ea3n: NXB D\u00e2n Tr\u00ed Lo\u1ea1i b\u00eca: B\u00eca m\u1ec1m Xu\u1ea5t x\u1ee9: Trong n\u01b0\u1edbc Ng\u00f4n ng\u1eef: Ti\u1ebfng Vi\u1ec7t S\u1ed1 trang: 28 Gi\u00e1 B\u00eca: 45.000 VN\u0110 M\u00f4 t\u1ea3 s\u1ea3n ph\u1ea9m: Ngh\u1ec9 h\u00e8&#8230;<\/p>\n","protected":false},"featured_media":15392,"comment_status":"open","ping_status":"closed","template":"","meta":[],"product_brand":[1692],"product_cat":[1683],"product_tag":[],"class_list":{"0":"post-15204","1":"product","2":"type-product","3":"status-publish","4":"has-post-thumbnail","6":"product_brand-nxb-kim-dong","7":"product_cat-sach-thieu-nhi","9":"first","10":"instock","11":"sale","12":"shipping-taxable","13":"purchasable","14":"product-type-simple"},"_links":{"self":[{"href":"https:\/\/web-ban-le.mbws.vn\/nha-sach\/wp-json\/wp\/v2\/product\/15204","targetHints":{"allow":["GET"]}}],"collection":[{"href":"https:\/\/web-ban-le.mbws.vn\/nha-sach\/wp-json\/wp\/v2\/product"}],"about":[{"href":"https:\/\/web-ban-le.mbws.vn\/nha-sach\/wp-json\/wp\/v2\/types\/product"}],"replies":[{"embeddable":true,"href":"https:\/\/web-ban-le.mbws.vn\/nha-sach\/wp-json\/wp\/v2\/comments?post=15204"}],"wp:featuredmedia":[{"embeddable":true,"href":"https:\/\/web-ban-le.mbws.vn\/nha-sach\/wp-json\/wp\/v2\/media\/15392"}],"wp:attachment":[{"href":"https:\/\/web-ban-le.mbws.vn\/nha-sach\/wp-json\/wp\/v2\/media?parent=15204"}],"wp:term":[{"taxonomy":"product_brand","embeddable":true,"href":"https:\/\/web-ban-le.mbws.vn\/nha-sach\/wp-json\/wp\/v2\/product_brand?post=15204"},{"taxonomy":"product_cat","embeddable":true,"href":"https:\/\/web-ban-le.mbws.vn\/nha-sach\/wp-json\/wp\/v2\/product_cat?post=15204"},{"taxonomy":"product_tag","embeddable":true,"href":"https:\/\/web-ban-le.mbws.vn\/nha-sach\/wp-json\/wp\/v2\/product_tag?post=15204"}],"curies":[{"name":"wp","href":"https:\/\/api.w.org\/{rel}","templated":true}]}}