{"id":15235,"date":"2025-10-31T13:33:04","date_gmt":"2025-10-31T06:33:04","guid":{"rendered":"https:\/\/web-ban-le.mbws.vn\/nha-sach\/?post_type=product&#038;p=15235"},"modified":"2025-11-01T19:42:37","modified_gmt":"2025-11-01T12:42:37","slug":"sach-5-ngon-ngu-yeu-thuong-first-news","status":"publish","type":"product","link":"https:\/\/web-ban-le.mbws.vn\/nha-sach\/san-pham\/sach-5-ngon-ngu-yeu-thuong-first-news\/","title":{"rendered":"S\u00e1ch 5 ng\u00f4n ng\u1eef y\u00eau th\u01b0\u01a1ng First News"},"content":{"rendered":"<div class=\"e8lZp3\">\n<p class=\"QN2lPu\">C\u00f4ng ty ph\u00e1t h\u00e0nh: First News &#8211; Tr\u00ed Vi\u1ec7t<\/p>\n<p class=\"QN2lPu\">T\u00e1c gi\u1ea3: Gary Chapman<\/p>\n<p class=\"QN2lPu\">Ng\u00e0y xu\u1ea5t b\u1ea3n: 2025<\/p>\n<p class=\"QN2lPu\">K\u00edch th\u01b0\u1edbc: 13 x 19 cm<\/p>\n<p class=\"QN2lPu\">Nh\u00e0 xu\u1ea5t b\u1ea3n: NXB T\u1ed5ng h\u1ee3p TP.HCM<\/p>\n<p class=\"QN2lPu\">Lo\u1ea1i b\u00eca: B\u00eca m\u1ec1m<\/p>\n<p class=\"QN2lPu\">S\u1ed1 trang: 240<\/p>\n<p class=\"QN2lPu\">G\u00eda: 128.000VN\u0110<\/p>\n<p class=\"QN2lPu\">M\u00f4 t\u1ea3 s\u1ea3n ph\u1ea9m:<\/p>\n<p class=\"QN2lPu\">5 NG\u00d4N NG\u1eee Y\u00caU TH\u01af\u01a0NG<\/p>\n<p class=\"QN2lPu\">T\u00ecnh y\u00eau l\u00e0 \u0111i\u1ec1u k\u1ef3 di\u1ec7u, l\u00e0 ni\u1ec1m h\u1ea1nh ph\u00fac, l\u00e0 s\u1ef1 tr\u1ecdn v\u1eb9n thu\u1ed9c v\u1ec1 nhau m\u00e0 b\u1ea1n, t\u00f4i, v\u00e0 t\u1ea5t c\u1ea3 ch\u00fang ta n\u00e2ng niu vun \u0111\u1eafp t\u1eebng ng\u00e0y. T\u1eeb nh\u1eefng \u0111\u00f4i l\u1ee9a \u0111ang y\u00eau \u0111\u1ebfn nh\u1eefng c\u1eb7p v\u1ee3 ch\u1ed3ng d\u00f9 son tr\u1ebb hay \u201cr\u0103ng long \u0111\u1ea7u b\u1ea1c\u201d, ch\u00fang ta lu\u00f4n nu\u00f4i d\u01b0\u1ee1ng v\u00e0 g\u00ecn gi\u1eef t\u00ecnh y\u00eau c\u1ee7a m\u00ecnh b\u1eb1ng s\u1ef1 th\u1ea5u hi\u1ec3u th\u1ec3 hi\u1ec7n qua ng\u00f4n ng\u1eef c\u1ee7a t\u00ecnh y\u00eau.<\/p>\n<p class=\"QN2lPu\">\n<p class=\"QN2lPu\">Theo Gary Chapman, \u0111\u00f3 ch\u00ednh l\u00e0 c\u00e1ch th\u1ec3 hi\u1ec7n c\u1ea3m x\u00fac thi\u00eang li\u00eang, tinh t\u1ebf nh\u1ea5t c\u1ee7a nh\u1eefng k\u1ebb y\u00eau nhau, m\u1ed9t b\u00ed \u1ea9n m\u00e0 ai c\u0169ng mu\u1ed1n kh\u00e1m ph\u00e1 v\u00e0 \u00e1p d\u1ee5ng \u0111\u1ec3 t\u1ea1o ra ngu\u1ed3n h\u1ea1nh ph\u00fac b\u1ea5t t\u1eadn cho t\u00ecnh y\u00eau c\u1ee7a m\u00ecnh. 5 Ng\u00f4n ng\u1eef Y\u00eau th\u01b0\u01a1ng c\u1ee7a Gary Chapman s\u1ebd h\u00e9 m\u1edf cho b\u1ea1n m\u1ed9t \u0111i\u1ec1u th\u00fa v\u1ecb r\u1eb1ng, m\u1ed7i ng\u01b0\u1eddi trong ch\u00fang ta \u0111\u1ec1u c\u00f3 m\u1ed9t \u201cng\u00f4n ng\u1eef t\u00ecnh y\u00eau\u201d kh\u00e1c nhau. Khi hi\u1ec3u \u0111\u01b0\u1ee3c s\u1ef1 kh\u00e1c bi\u1ec7t \u1ea5y v\u00e0 bi\u1ebft c\u00e1ch s\u1eed d\u1ee5ng \u0111\u00fang ng\u00f4n ng\u1eef t\u00ecnh y\u00eau c\u1ee7a m\u00ecnh, c\u00e1c b\u1ea1n s\u1ebd x\u00e2y d\u1ef1ng \u0111\u01b0\u1ee3c m\u1ed9t n\u1ec1n t\u1ea3ng v\u1eefng ch\u1eafc cho t\u00ecnh y\u00eau v\u00e0 m\u1ed9t gia \u0111\u00ecnh h\u1ea1nh ph\u00fac, n\u01a1i c\u1ea3 hai \u0111\u1ec1u c\u1ea3m th\u1ea5y m\u00ecnh \u0111\u01b0\u1ee3c quan t\u00e2m, y\u00eau th\u01b0\u01a1ng v\u00e0 chia s\u1ebb trong s\u1ef1 \u1ea5m \u00e1p, n\u1ed3ng n\u00e0n c\u1ee7a t\u00ecnh y\u00eau.<\/p>\n<p class=\"QN2lPu\">\n<p class=\"QN2lPu\">Trong cu\u1ed9c s\u1ed1ng h\u00f4n nh\u00e2n, h\u00e3y lu\u00f4n nh\u1edb r\u1eb1ng b\u1ea1n v\u00e0 ng\u01b0\u1eddi b\u1ea1n \u0111\u1eddi c\u1ee7a m\u00ecnh \u201ctuy hai m\u00e0 m\u1ed9t, tuy m\u1ed9t m\u00e0 hai\u201d, t\u1eebng ng\u01b0\u1eddi l\u00e0 m\u1ed9t c\u00e1 th\u1ec3 ri\u00eang bi\u1ec7t. H\u1ea1nh ph\u00fac tr\u1ecdn v\u1eb9n ch\u1ec9 c\u00f3 \u0111\u01b0\u1ee3c khi b\u1ea1n hi\u1ec3u r\u00f5 v\u00e0 bi\u1ebft c\u00e1ch ch\u1ea5p nh\u1eadn nh\u1eefng \u0111i\u1ec3m kh\u00e1c bi\u1ec7t c\u1ee7a \u201cn\u1eeda kia\u201d c\u1ee7a m\u00ecnh. Th\u1ef1c t\u1ebf cho th\u1ea5y r\u1ea5t nhi\u1ec1u \u0111\u00f4i l\u1ee9a h\u0103m h\u1edf, s\u1ed1ng trong tr\u00e0n ng\u1eadp y\u00eau th\u01b0\u01a1ng tr\u01b0\u1edbc ng\u00e0y c\u01b0\u1edbi, nh\u01b0ng sau \u0111\u00f3, khi v\u1ea5p ph\u1ea3i nh\u1eefng v\u1ea5n \u0111\u1ec1 ph\u1ee9c t\u1ea1p, kh\u00f3 kh\u0103n trong quan h\u1ec7 v\u1ee3 ch\u1ed3ng v\u00e0 trong cu\u1ed9c s\u1ed1ng, h\u1ecd l\u1ea1i l\u00fang t\u00fang kh\u00f4ng bi\u1ebft c\u00e1ch gi\u1ea3i quy\u1ebft. \u0110\u00f3 c\u0169ng l\u00e0 l\u00fd do ch\u1ee7 y\u1ebfu d\u1eabn \u0111\u1ebfn s\u1ef1 \u0111\u1ed5 v\u1ee1 c\u1ee7a r\u1ea5t nhi\u1ec1u cu\u1ed9c h\u00f4n nh\u00e2n. \u0110\u1ec3 c\u00f3 m\u1ed9t \u0111\u1eddi s\u1ed1ng gia \u0111\u00ecnh h\u1ea1nh ph\u00fac b\u1ec1n l\u00e2u, c\u1ea3 hai c\u1ea7n d\u00e0nh ra nh\u1eefng gi\u1edd ph\u00fat chia s\u1ebb, th\u1ea3o lu\u1eadn v\u1ec1 quan \u0111i\u1ec3m v\u00e0 nh\u1eefng \u0111i\u1ec1u m\u00ecnh mong mu\u1ed1n t\u1eeb h\u00e0nh \u0111\u1ed9ng, l\u1eddi n\u00f3i c\u1ee7a nhau. R\u1ea5t c\u00f3 th\u1ec3, ng\u00f4n ng\u1eef y\u00eau th\u01b0\u01a1ng c\u1ee7a b\u1ea1n v\u00e0 ch\u1ed3ng (ho\u1eb7c v\u1ee3 b\u1ea1n) l\u00e0 ho\u00e0n to\u00e0n kh\u00e1c nhau. Do \u0111\u00f3, ch\u00fang ta c\u1ea7n s\u1eb5n l\u00f2ng h\u1ecdc l\u1ea5y ng\u00f4n ng\u1eef t\u00ecnh y\u00eau c\u1ee7a ng\u01b0\u1eddi m\u00ecnh y\u00eau. V\u00e0, khi c\u00e1c b\u1ea1n c\u00f3 th\u1ec3 chia s\u1ebb v\u00e0 th\u00f4ng hi\u1ec3u nhau nhi\u1ec1u nh\u1ea5t, t\u00ecnh y\u00eau c\u1ee7a c\u00e1c b\u1ea1n s\u1ebd th\u0103ng hoa\u2026<\/p>\n<p class=\"QN2lPu\">\n<p class=\"QN2lPu\">V\u1edbi kinh nghi\u1ec7m ba m\u01b0\u01a1i n\u0103m t\u01b0 v\u1ea5n h\u00f4n nh\u00e2n, t\u00e1c gi\u1ea3 \u0111\u00e3 \u0111\u00fac k\u1ebft \u0111\u01b0\u1ee3c 5 Ng\u00f4n ng\u1eef Y\u00eau th\u01b0\u01a1ng c\u01a1 b\u1ea3n \u2013 \u0111\u00f3 l\u00e0 n\u0103m c\u00e1ch \u0111\u1ec3 bi\u1ec3u \u0111\u1ea1t v\u00e0 th\u1ea5u hi\u1ec3u c\u1ea3m x\u00fac trong t\u00ecnh y\u00eau. Tuy nhi\u00ean, m\u1ee9c \u0111\u1ed9 \u00e1p d\u1ee5ng c\u1ee7a m\u1ed7i ng\u01b0\u1eddi l\u1ea1i kh\u00e1c nhau. \u0110i\u1ec1u quan tr\u1ecdng nh\u1ea5t c\u1ea7n nh\u1edb l\u00e0, h\u00e3y n\u00f3i b\u1eb1ng ng\u00f4n ng\u1eef t\u00ecnh y\u00eau c\u1ee7a ng\u01b0\u1eddi b\u1ea1n \u0111\u1eddi ch\u1ee9 kh\u00f4ng ph\u1ea3i c\u1ee7a b\u1ea3n th\u00e2n b\u1ea1n. 5 Ng\u00f4n ng\u1eef Y\u00eau th\u01b0\u01a1ng mang \u0111\u1ebfn cho b\u1ea1n m\u1ed9t c\u00e1i nh\u00ecn m\u1edbi v\u1ec1 t\u00ecnh y\u00eau th\u00f4ng qua c\u00e1c \u0111\u1ec1 m\u1ee5c l\u1edbn m\u00e0 t\u00e1c gi\u1ea3 ch\u1ee7 \u00fd tr\u00ecnh b\u00e0y nh\u01b0 Giai \u0111o\u1ea1n \u201cph\u1ea3i l\u00f2ng\u201d, T\u00ecnh y\u00eau l\u00e0m n\u00ean s\u1ef1 kh\u00e1c bi\u1ec7t, T\u00ecnh y\u00eau sau ng\u00e0y c\u01b0\u1edbi\u2026 Nh\u1eefng c\u00e2u chuy\u1ec7n minh h\u1ecda sinh \u0111\u1ed9ng v\u00e0 c\u00f3 th\u1eadt \u0111\u01b0\u1ee3c l\u1ed3ng gh\u00e9p trong su\u1ed1t cu\u1ed1n s\u00e1ch s\u1ebd gi\u00fap b\u1ea1n \u0111\u1ecdc hi\u1ec3u r\u00f5 h\u01a1n v\u1ec1 c\u00e1c t\u00ecnh hu\u1ed1ng th\u01b0\u1eddng x\u1ea3y ra trong t\u00ecnh y\u00eau, trong h\u00f4n nh\u00e2n nh\u1eb1m bi\u1ebft c\u00e1ch x\u1eed tr\u00ed v\u00e0 v\u01b0\u1ee3t qua n\u00f3 m\u1ed9t c\u00e1ch s\u00e1ng su\u1ed1t. Ngo\u00e0i ra, cu\u1ed1n s\u00e1ch c\u00f2n c\u00f3 ph\u1ea7n Ph\u1ee5 l\u1ee5c v\u1edbi 30 c\u1eb7p c\u00e2u h\u1ecfi tr\u1eafc nghi\u1ec7m nh\u1eb1m gi\u00fap m\u1ed7i ng\u01b0\u1eddi t\u00ecm ra ng\u00f4n ng\u1eef y\u00eau th\u01b0\u01a1ng c\u01a1 b\u1ea3n nh\u1ea5t v\u1edbi ng\u01b0\u1eddi b\u1ea1n \u0111\u1eddi c\u1ee7a m\u00ecnh. Hy v\u1ecdng r\u1eb1ng 5 Ng\u00f4n ng\u1eef Y\u00eau th\u01b0\u01a1ng s\u1ebd kh\u01a1i d\u1eady v\u00e0 lu\u00f4n duy tr\u00ec ng\u1ecdn l\u1eeda \u0111am m\u00ea b\u1ea5t t\u1eadn trong t\u00ecnh y\u00eau c\u1ee7a b\u1ea1n.<\/p>\n<p class=\"QN2lPu\">\n<p class=\"QN2lPu\">V\u00e0i n\u00e9t v\u1ec1 t\u00e1c gi\u1ea3 Gary Chapman Kh\u00f4ng ch\u1ec9 l\u00e0 m\u1ed9t chuy\u00ean gia t\u00e2m l\u00fd n\u1ed5i ti\u1ebfng th\u1ebf gi\u1edbi trong l\u0129nh v\u1ef1c t\u01b0 v\u1ea5n c\u1ea3i thi\u1ec7n v\u00e0 vun \u0111\u1eafp c\u00e1c m\u1ed1i quan h\u1ec7, Gi\u00e1o s\u01b0 Gary Chapman c\u00f2n l\u00e0 Gi\u00e1m \u0111\u1ed1c T\u1eadp \u0111o\u00e0n T\u01b0 v\u1ea5n H\u00f4n nh\u00e2n v\u00e0 \u0110\u1eddi s\u1ed1ng Gia \u0111\u00ecnh (Marriage and Family Life Consultants, Inc.). \u00d4ng t\u1eebng nhi\u1ec1u l\u1ea7n tham gia thuy\u1ebft tr\u00ecnh t\u1ea1i c\u00e1c cu\u1ed9c h\u1ed9i th\u1ea3o tr\u00ean to\u00e0n th\u1ebf gi\u1edbi v\u00e0 tr\u00f2 chuy\u1ec7n tr\u1ef1c tuy\u1ebfn tr\u00ean c\u00e1c ch\u01b0\u01a1ng tr\u00ecnh c\u1ee7a h\u01a1n 100 \u0111\u00e0i ph\u00e1t thanh. Chuy\u00ean gia t\u00e2m l\u00fd, b\u00e1c s\u0129 t\u00ecnh y\u00eau, \u00f4ng t\u01a1 th\u1eddi hi\u1ec7n \u0111\u1ea1i. Gary t\u1ed1t nghi\u1ec7p H\u1ecdc vi\u1ec7n Kinh Th\u00e1nh Moody (Moody Bible Institute), r\u1ed3i l\u1ea5y b\u1eb1ng c\u1eed nh\u00e2n \u0110\u1ea1i h\u1ecdc Wheaton v\u00e0 b\u1eb1ng th\u1ea1c s\u0129 ng\u00e0nh nh\u00e2n lo\u1ea1i h\u1ecdc t\u1ea1i \u0110\u1ea1i h\u1ecdc Wake Forest. \u00d4ng c\u00f2n nh\u1eadn b\u1eb1ng th\u1ea1c s\u0129 ng\u00e0nh Gi\u00e1o d\u1ee5c T\u00f4n gi\u00e1o (M.R.E) v\u00e0 b\u1eb1ng ti\u1ebfn s\u0129 tri\u1ebft h\u1ecdc (Ph.D) t\u1ea1i Southwestern Baptist Theological Seminary. K\u1ec3 t\u1eeb n\u0103m 1979, ngo\u00e0i b\u1ed9 s\u00e1ch N\u0103m ng\u00f4n ng\u1eef t\u00ecnh y\u00eau, Gary Chapman \u0111\u00e3 vi\u1ebft h\u01a1n 20 quy\u1ec3n s\u00e1ch kh\u00e1c, trong \u0111\u00f3 c\u00f3: C\u1ea9m nang h\u01b0\u1edbng d\u1eabn d\u1ec5 th\u1ef1c hi\u1ec7n nh\u1ea5t th\u1ebf gi\u1edbi v\u1ec1 c\u00e1c m\u1ed1i quan h\u1ec7 gia \u0111\u00ecnh (The World\u2019s Easiest Guide to Family Relationships), M\u1eb7t kh\u00e1c c\u1ee7a T\u00ecnh y\u00eau (The Other Side of Love), N\u0103m d\u1ea5u hi\u1ec7u c\u1ee7a m\u1ed9t gia \u0111\u00ecnh y\u00eau th\u01b0\u01a1ng (Five Signs of a Loving Family), H\u01b0\u1edbng \u0111\u1ebfn cu\u1ed9c h\u00f4n nh\u00e2n ph\u00e1t tri\u1ec3n b\u1ec1n v\u1eefng (Toward a Growing Marriage), v\u00e0 Hy v\u1ecdng cho nh\u1eefng ng\u01b0\u1eddi ly th\u00e2n (Hope for the Separated). V\u1edbi h\u01a1n 45 n\u0103m kinh nghi\u1ec7m t\u1eeb cu\u1ed9c h\u00f4n nh\u00e2n b\u1ec1n v\u1eefng t\u1ed1t \u0111\u1eb9p v\u1edbi ng\u01b0\u1eddi v\u1ee3 l\u00e0 Karolyn, c\u0169ng nh\u01b0 h\u01a1n 30 n\u0103m  th\u1ef1c hi\u1ec7n s\u1ee9 m\u1ec7nh c\u1ee7a m\u1ed9t m\u1ee5c s\u01b0, m\u1ed9t nh\u00e0 t\u01b0 v\u1ea5n h\u00f4n nh\u00e2n, ti\u1ebfn s\u0129 Gary Chapman lu\u00f4n s\u1eb5n s\u00e0ng h\u1ed7 tr\u1ee3, gi\u00fap c\u1ea3i thi\u1ec7n v\u00e0 h\u00e0n g\u1eafn nh\u1eefng m\u1ed1i quan h\u1ec7 v\u00e0 nh\u1eefng cu\u1ed9c h\u00f4n nh\u00e2n, gi\u00fap cho cu\u1ed9c s\u1ed1ng gia \u0111\u00ecnh tr\u1edf n\u00ean t\u1ed1t \u0111\u1eb9p h\u01a1n.<\/p>\n<p class=\"QN2lPu\">#5Love #5ngonnguyeuthuong #firstnews #firstnewsbook<\/p>\n<\/div>\n","protected":false},"excerpt":{"rendered":"<p>C\u00f4ng ty ph\u00e1t h\u00e0nh: First News &#8211; Tr\u00ed Vi\u1ec7t T\u00e1c gi\u1ea3: Gary Chapman Ng\u00e0y xu\u1ea5t b\u1ea3n: 2025 K\u00edch th\u01b0\u1edbc: 13 x 19 cm Nh\u00e0 xu\u1ea5t b\u1ea3n: NXB T\u1ed5ng h\u1ee3p TP.HCM Lo\u1ea1i b\u00eca: B\u00eca m\u1ec1m S\u1ed1 trang: 240 G\u00eda: 128.000VN\u0110 M\u00f4 t\u1ea3 s\u1ea3n ph\u1ea9m: 5 NG\u00d4N NG\u1eee Y\u00caU TH\u01af\u01a0NG T\u00ecnh y\u00eau l\u00e0 \u0111i\u1ec1u k\u1ef3 di\u1ec7u, l\u00e0&#8230;<\/p>\n","protected":false},"featured_media":15434,"comment_status":"open","ping_status":"closed","template":"","meta":[],"product_brand":[1692],"product_cat":[1688],"product_tag":[],"class_list":{"0":"post-15235","1":"product","2":"type-product","3":"status-publish","4":"has-post-thumbnail","6":"product_brand-nxb-kim-dong","7":"product_cat-sach-tam-ly-hoc","9":"first","10":"instock","11":"sale","12":"shipping-taxable","13":"purchasable","14":"product-type-simple"},"_links":{"self":[{"href":"https:\/\/web-ban-le.mbws.vn\/nha-sach\/wp-json\/wp\/v2\/product\/15235","targetHints":{"allow":["GET"]}}],"collection":[{"href":"https:\/\/web-ban-le.mbws.vn\/nha-sach\/wp-json\/wp\/v2\/product"}],"about":[{"href":"https:\/\/web-ban-le.mbws.vn\/nha-sach\/wp-json\/wp\/v2\/types\/product"}],"replies":[{"embeddable":true,"href":"https:\/\/web-ban-le.mbws.vn\/nha-sach\/wp-json\/wp\/v2\/comments?post=15235"}],"wp:featuredmedia":[{"embeddable":true,"href":"https:\/\/web-ban-le.mbws.vn\/nha-sach\/wp-json\/wp\/v2\/media\/15434"}],"wp:attachment":[{"href":"https:\/\/web-ban-le.mbws.vn\/nha-sach\/wp-json\/wp\/v2\/media?parent=15235"}],"wp:term":[{"taxonomy":"product_brand","embeddable":true,"href":"https:\/\/web-ban-le.mbws.vn\/nha-sach\/wp-json\/wp\/v2\/product_brand?post=15235"},{"taxonomy":"product_cat","embeddable":true,"href":"https:\/\/web-ban-le.mbws.vn\/nha-sach\/wp-json\/wp\/v2\/product_cat?post=15235"},{"taxonomy":"product_tag","embeddable":true,"href":"https:\/\/web-ban-le.mbws.vn\/nha-sach\/wp-json\/wp\/v2\/product_tag?post=15235"}],"curies":[{"name":"wp","href":"https:\/\/api.w.org\/{rel}","templated":true}]}}