{"id":15262,"date":"2025-10-31T13:33:31","date_gmt":"2025-10-31T06:33:31","guid":{"rendered":"https:\/\/web-ban-le.mbws.vn\/nha-sach\/?post_type=product&#038;p=15262"},"modified":"2025-11-01T19:42:37","modified_gmt":"2025-11-01T12:42:37","slug":"sach-muon-kiep-nhan-sinh-tap-1-kho-nho-nguyen-phong-first-news","status":"publish","type":"product","link":"https:\/\/web-ban-le.mbws.vn\/nha-sach\/san-pham\/sach-muon-kiep-nhan-sinh-tap-1-kho-nho-nguyen-phong-first-news\/","title":{"rendered":"S\u00e1ch Mu\u00f4n Ki\u1ebfp Nh\u00e2n Sinh T\u1eadp 1 (Kh\u1ed5 Nh\u1ecf) &#8211; Nguy\u00ean Phong &#8211; First News"},"content":{"rendered":"<div class=\"e8lZp3\">\n<p class=\"QN2lPu\">T\u00e1c gi\u1ea3: Nguy\u00ean Phong<\/p>\n<p class=\"QN2lPu\">C\u00f4ng ty ph\u00e1t h\u00e0nh: First News &#8211; Tr\u00ed Vi\u1ec7t<\/p>\n<p class=\"QN2lPu\">Ng\u00e0y ph\u00e1t h\u00e0nh: 2024<\/p>\n<p class=\"QN2lPu\">S\u1ed1 trang: 442<\/p>\n<p class=\"QN2lPu\">K\u00edch th\u01b0\u1edbc: 11.5 x 16.5cm<\/p>\n<p class=\"QN2lPu\">NXB: NXB T\u1ed5ng h\u1ee3p TPHCM<\/p>\n<p class=\"QN2lPu\">Gi\u00e1 b\u00eca: 98.000 VN\u0110<\/p>\n<p class=\"QN2lPu\">Lo\u1ea1i B\u00eca: B\u00eca m\u1ec1m<\/p>\n<p class=\"QN2lPu\">M\u00f4 t\u1ea3 s\u1ea3n ph\u1ea9m:<\/p>\n<p class=\"QN2lPu\">MU\u00d4N KI\u1ebeP NH\u00c2N SINH T\u1eacP 1<\/p>\n<p class=\"QN2lPu\">\u201cMu\u00f4n ki\u1ebfp nh\u00e2n sinh\u201d l\u00e0 t\u00e1c ph\u1ea9m do Gi\u00e1o s\u01b0 John V\u0169 &#8211; Nguy\u00ean Phong vi\u1ebft t\u1eeb n\u0103m 2017 v\u00e0 ho\u00e0n t\u1ea5t \u0111\u1ea7u n\u0103m 2020 ghi l\u1ea1i nh\u1eefng c\u00e2u chuy\u1ec7n, tr\u1ea3i nghi\u1ec7m v\u1ec1 ti\u1ec1n ki\u1ebfp k\u1ef3 l\u1ea1 t\u1eeb nhi\u1ec1u ki\u1ebfp s\u1ed1ng tr\u01b0\u1edbc \u0111\u00e2y c\u1ee7a ng\u01b0\u1eddi b\u1ea1n t\u00e2m giao l\u00e2u n\u0103m, \u00f4ng Thomas \u2013 m\u1ed9t nh\u00e0 kinh doanh t\u00e0i ch\u00ednh \u1edf New York. Nh\u1eefng c\u00e2u chuy\u1ec7n ch\u01b0a t\u1eebng ti\u1ebft l\u1ed9 n\u00e0y s\u1ebd gi\u00fap m\u1ecdi ng\u01b0\u1eddi tr\u00ean th\u1ebf gi\u1edbi chi\u00eam nghi\u1ec7m, kh\u00e1m ph\u00e1 v\u1ec1 c\u00e1c quy lu\u1eadt v\u1ec1 lu\u1eadt Nh\u00e2n qu\u1ea3 v\u00e0 Nh\u00e2n h\u1ed3i c\u1ee7a v\u0169 tr\u1ee5 gi\u1eefa l\u00fac th\u1ebf gi\u1edbi \u0111ang \u0111ang g\u1eb7p nhi\u1ec1u cu\u1ed9c kh\u1ee7ng ho\u1ea3ng, tr\u1ea3i qua nhi\u1ec1u bi\u1ebfn \u0111\u1ed9ng h\u1eb1ng ng\u00e0y.<\/p>\n<p class=\"QN2lPu\">\n<p class=\"QN2lPu\">Trong \u201cMu\u00f4n ki\u1ebfp nh\u00e2n sinh\u201d, GS. John Vu &#8211; Nguy\u00ean Phong \u0111\u01b0a ng\u01b0\u1eddi \u0111\u1ecdc b\u01b0\u1edbc v\u00e0o cu\u1ed9c du h\u00e0nh th\u00e1m hi\u1ec3m v\u01b0\u1ee3t kh\u00f4ng gian v\u00e0 th\u1eddi gian. T\u1eeb cu\u1ed9c g\u1eb7p g\u1ee1 ti\u1ec1n \u0111\u1ecbnh t\u1ea1i \u0110\u00e0i Loan c\u1ee7a GS. John Vu v\u1edbi Thomas v\u00e0 c\u00e1c nh\u00e0 khoa h\u1ecdc n\u0103m 2008, ch\u00fang ta s\u1ebd \u0111\u01b0\u1ee3c tr\u1ef1c ti\u1ebfp tr\u1ea3i nghi\u1ec7m h\u00e0nh tr\u00ecnh nh\u00e2n qu\u1ea3 lu\u00e2n h\u1ed3i v\u00f4 ti\u1ec1n kho\u00e1ng h\u1eadu qua nhi\u1ec1u \u0111\u1eddi nhi\u1ec1u ki\u1ebfp c\u1ee7a Thomas \u2013 t\u1eeb n\u1ec1n v\u0103n minh Atlantic huy\u1ec1n tho\u1ea1i \u0111\u1ebfn nh\u1eefng v\u01b0\u01a1ng tri\u1ec1u Ai C\u1eadp c\u1ed5 \u0111\u1ea1i v\u00e0 tr\u1edf v\u1ec1 th\u1ebf gi\u1edbi hi\u1ec7n \u0111\u1ea1i t\u1ea1i n\u01b0\u1edbc M\u1ef9. Xuy\u00ean su\u1ed1t h\u00e0nh tr\u00ecnh mu\u00f4n l\u01b0\u1ee3ng ki\u1ebfp \u1ea5y, ta c\u00f3 th\u1ec3 nh\u00ecn ra s\u1ef1 li\u00ean k\u1ebft r\u00e0ng bu\u1ed9c ch\u1eb7t ch\u1ebd c\u1ee7a nh\u00e2n &#8211; qu\u1ea3, m\u1ed1i li\u00ean k\u1ebft gi\u1eefa con ng\u01b0\u1eddi v\u00e0 v\u1ea1n v\u1eadt, gi\u1eefa \u1ee9ng x\u1eed c\u1ee7a con ng\u01b0\u1eddi v\u00e0 qu\u1ed1c gia, s\u1ef1 \u0111i\u1ec1u khi\u1ec3n c\u1ee7a v\u0169 tr\u1ee5 v\u00e0 s\u1ed1 ph\u1eadn con ng\u01b0\u1eddi. T\u1eeb \u0111\u00f3, ta hi\u1ec3u \u0111\u01b0\u1ee3c r\u1eb1ng con ng\u01b0\u1eddi hay t\u1ea5t c\u1ea3 nh\u1eefng hi\u1ec7n th\u00e2n, d\u1ea1ng th\u1ee9c t\u1ed3n t\u1ea1i h\u00f4m nay b\u1eaft ngu\u1ed3n t\u1eeb m\u1ed9t ngu\u1ed3n n\u0103ng l\u01b0\u1ee3ng v\u0169 tr\u1ee5 ch\u1ecbu s\u1ef1 chi ph\u1ed1i c\u1ee7a lu\u1eadt nh\u00e2n qu\u1ea3 \u0111\u00e3 t\u1ed3n t\u1ea1i, h\u00ecnh th\u00e0nh, tr\u01b0\u1edfng th\u00e0nh t\u1eeb v\u00f4 l\u01b0\u1ee3ng ki\u1ebfp tr\u01b0\u1edbc \u0111\u00f3 theo m\u1ed9t quy lu\u1eadt, nh\u1ea5t qu\u00e1n, ho\u00e0n ch\u1ec9nh v\u00e0 kh\u00f4ng h\u1ec1 c\u00f3 s\u1ef1 t\u00ecnh c\u1edd, ng\u1eabu nhi\u00ean.<\/p>\n<p class=\"QN2lPu\">\n<p class=\"QN2lPu\">\u0110i\u1ec1u \u0111\u1eb7c bi\u1ec7t \u1edf \u201cMu\u00f4n ki\u1ebfp nh\u00e2n sinh\u201d ch\u00ednh l\u00e0 quy lu\u1eadt Nh\u00e2n qu\u1ea3 v\u00e0 Lu\u00e2n h\u1ed3i \u0111\u01b0\u1ee3c l\u00fd gi\u1ea3i, ph\u00e2n t\u00edch logic theo n\u0103ng l\u01b0\u1ee3ng h\u1ecdc qua nh\u1eefng c\u00e2u chuy\u1ec7n qu\u00e1 kh\u1ee9 &#8211; hi\u1ec7n t\u1ea1i \u2013 t\u01b0\u01a1ng lai, c\u00f9ng nh\u1eefng c\u00e2u chuy\u1ec7n t\u00ecnh y\u00eau s\u1ed1ng \u0111\u1ed9ng, huy\u1ec1n tho\u1ea1i; nh\u1eefng \u0111o\u1ea1n \u0111\u1ed1i tho\u1ea1i minh tri\u1ebft, th\u00f4ng tu\u1ec7 hi\u1ebfm c\u00f3, \u0111\u01b0\u1ee3c k\u1ebft n\u1ed1i ch\u1eb7t ch\u1ebd v\u1edbi nhau, t\u1ea1o n\u00ean m\u1ed9t h\u00e0nh tr\u00ecnh chi\u00eam nghi\u1ec7m, kh\u00e1m ph\u00e1 t\u00e2m linh, lu\u00e2n h\u1ed3i, nh\u00e2n qu\u1ea3 c\u00f3 m\u1ed9t kh\u00f4ng hai, c\u1ef1c k\u1ef3 b\u1ea5t ng\u1edd v\u00e0 l\u00f4i cu\u1ed1n.<\/p>\n<p class=\"QN2lPu\">\n<p class=\"QN2lPu\"> \u0110an xen trong \u201cMu\u00f4n ki\u1ebfp nh\u00e2n sinh\u201d l\u00e0 nh\u1eefng l\u1eddi ti\u00ean tri, ph\u00e2n t\u00edch b\u1ea5t ng\u1edd v\u1ec1 t\u01b0\u01a1ng lai lo\u00e0i ng\u01b0\u1eddi, v\u1eadn m\u1ec7nh c\u00e1c qu\u1ed1c gia, s\u1ef1 lu\u00e2n h\u1ed3i c\u1ee7a c\u00e1c n\u1ec1n v\u0103n minh v\u00e0 h\u00e0nh tinh. \u0110\u00e2y l\u00e0 quy lu\u1eadt Th\u00e0nh \u2013 Tr\u1ee5 &#8211; Ho\u1ea1i \u2013 Di\u1ec7t m\u00e0 kh\u00f4ng m\u1ed9t ai, kh\u00f4ng m\u1ed9t qu\u1ed1c gia n\u00e0o ngo\u1ea1i l\u1ec7 c\u1ea3. Quy lu\u1eadt chu k\u1ef3 c\u1ee7a v\u0169 tr\u1ee5 di\u1ec5n gi\u1ea3i m\u1ecdi s\u1ef1 t\u1ed3n t\u1ea1i \u0111\u1ec1u \u0111i theo l\u1ed9 tr\u00ecnh: Sinh th\u00e0nh, ph\u00e1t tri\u1ec3n h\u01b0ng th\u1ecbnh, suy tho\u00e1i r\u1ed3i \u1eaft ph\u1ea3i di\u1ec7t vong, sau \u0111\u00f3 m\u1ed9t chu k\u1ef3 m\u1edbi s\u1ebd b\u1eaft \u0111\u1ea7u. C\u00e1c b\u1eadc th\u00f4ng th\u00e1i khuy\u00ean con ng\u01b0\u1eddi h\u00e3y h\u01b0\u1edbng v\u00e0o n\u1ed9i t\u1ea1i v\u00e0 s\u1ee9c m\u1ea1nh b\u00ean trong con ng\u01b0\u1eddi, kh\u00e1m ph\u00e1, k\u1ebft n\u1ed1i v\u1edbi v\u0169 tr\u1ee5 h\u01a1n l\u00e0 ch\u1ec9 ph\u1ee5 thu\u1ed9c qu\u00e1 nhi\u1ec1u v\u00e0o c\u00e1c thi\u1ebft b\u1ecb c\u00f4ng ngh\u1ec7 hi\u1ec7n \u0111\u1ea1i nh\u01b0 con ng\u01b0\u1eddi ng\u00e0y nay \u0111ang v\u01b0\u1edbng ph\u1ea3i.<\/p>\n<\/div>\n","protected":false},"excerpt":{"rendered":"<p>T\u00e1c gi\u1ea3: Nguy\u00ean Phong C\u00f4ng ty ph\u00e1t h\u00e0nh: First News &#8211; Tr\u00ed Vi\u1ec7t Ng\u00e0y ph\u00e1t h\u00e0nh: 2024 S\u1ed1 trang: 442 K\u00edch th\u01b0\u1edbc: 11.5 x 16.5cm NXB: NXB T\u1ed5ng h\u1ee3p TPHCM Gi\u00e1 b\u00eca: 98.000 VN\u0110 Lo\u1ea1i B\u00eca: B\u00eca m\u1ec1m M\u00f4 t\u1ea3 s\u1ea3n ph\u1ea9m: MU\u00d4N KI\u1ebeP NH\u00c2N SINH T\u1eacP 1 \u201cMu\u00f4n ki\u1ebfp nh\u00e2n sinh\u201d l\u00e0 t\u00e1c ph\u1ea9m&#8230;<\/p>\n","protected":false},"featured_media":15475,"comment_status":"open","ping_status":"closed","template":"","meta":[],"product_brand":[1692],"product_cat":[1673],"product_tag":[],"class_list":{"0":"post-15262","1":"product","2":"type-product","3":"status-publish","4":"has-post-thumbnail","6":"product_brand-nxb-kim-dong","7":"product_cat-sach-ton-giao-triet-hoc","9":"first","10":"instock","11":"sale","12":"shipping-taxable","13":"purchasable","14":"product-type-simple"},"_links":{"self":[{"href":"https:\/\/web-ban-le.mbws.vn\/nha-sach\/wp-json\/wp\/v2\/product\/15262","targetHints":{"allow":["GET"]}}],"collection":[{"href":"https:\/\/web-ban-le.mbws.vn\/nha-sach\/wp-json\/wp\/v2\/product"}],"about":[{"href":"https:\/\/web-ban-le.mbws.vn\/nha-sach\/wp-json\/wp\/v2\/types\/product"}],"replies":[{"embeddable":true,"href":"https:\/\/web-ban-le.mbws.vn\/nha-sach\/wp-json\/wp\/v2\/comments?post=15262"}],"wp:featuredmedia":[{"embeddable":true,"href":"https:\/\/web-ban-le.mbws.vn\/nha-sach\/wp-json\/wp\/v2\/media\/15475"}],"wp:attachment":[{"href":"https:\/\/web-ban-le.mbws.vn\/nha-sach\/wp-json\/wp\/v2\/media?parent=15262"}],"wp:term":[{"taxonomy":"product_brand","embeddable":true,"href":"https:\/\/web-ban-le.mbws.vn\/nha-sach\/wp-json\/wp\/v2\/product_brand?post=15262"},{"taxonomy":"product_cat","embeddable":true,"href":"https:\/\/web-ban-le.mbws.vn\/nha-sach\/wp-json\/wp\/v2\/product_cat?post=15262"},{"taxonomy":"product_tag","embeddable":true,"href":"https:\/\/web-ban-le.mbws.vn\/nha-sach\/wp-json\/wp\/v2\/product_tag?post=15262"}],"curies":[{"name":"wp","href":"https:\/\/api.w.org\/{rel}","templated":true}]}}