{"id":15396,"date":"2025-10-31T13:35:32","date_gmt":"2025-10-31T06:35:32","guid":{"rendered":"https:\/\/web-ban-le.mbws.vn\/nha-sach\/?post_type=product&#038;p=15396"},"modified":"2025-11-01T19:42:36","modified_gmt":"2025-11-01T12:42:36","slug":"sach-suc-manh-cua-ngon-tu-first-news","status":"publish","type":"product","link":"https:\/\/web-ban-le.mbws.vn\/nha-sach\/san-pham\/sach-suc-manh-cua-ngon-tu-first-news\/","title":{"rendered":"S\u00e1ch S\u1ee9c M\u1ea1nh C\u1ee7a Ng\u00f4n T\u1eeb &#8211; First News"},"content":{"rendered":"<div class=\"e8lZp3\">\n<p class=\"QN2lPu\">T\u00e1c gi\u1ea3: Don Gabor<\/p>\n<p class=\"QN2lPu\">Ng\u00e0y ph\u00e1t h\u00e0nh: 2025<\/p>\n<p class=\"QN2lPu\">C\u00f4ng ty ph\u00e1t h\u00e0nh: FirstNews &#8211; Tr\u00ed Vi\u1ec7t<\/p>\n<p class=\"QN2lPu\">S\u1ed1 trang: 312<\/p>\n<p class=\"QN2lPu\">K\u00edch th\u01b0\u1edbc: 14.5 x 20.5cm<\/p>\n<p class=\"QN2lPu\">NXB: NXB T\u1ed5ng h\u1ee3p TPHCM<\/p>\n<p class=\"QN2lPu\">Gi\u00e1 b\u00eca: 108.000VN\u0110<\/p>\n<p class=\"QN2lPu\">Lo\u1ea1i B\u00eca: B\u00eca m\u1ec1m<\/p>\n<p class=\"QN2lPu\">M\u00f4 t\u1ea3 s\u1ea3n ph\u1ea9m:<\/p>\n<p class=\"QN2lPu\">S\u1ee8C M\u1ea0NH C\u1ee6A NG\u00d4N T\u1eea<\/p>\n<p class=\"QN2lPu\">S\u1eed d\u1ee5ng \u0111\u00fang ng\u00f4n t\u1eeb \u0111\u1ec3 \u0111\u1ea1t hi\u1ec7u qu\u1ea3 giao ti\u1ebfp cao nh\u1ea5t.<\/p>\n<p class=\"QN2lPu\">\n<p class=\"QN2lPu\">N\u1ebfu b\u1ea1n c\u0169ng gi\u1ed1ng nh\u01b0 h\u00e0ng tri\u1ec7u ng\u01b0\u1eddi th\u01b0\u1eddng ng\u1ed3i l\u1eb7ng y\u00ean trong c\u00e1c cu\u1ed9c h\u1ecdp, b\u1ecf l\u1ee1 nhi\u1ec1u c\u01a1 h\u1ed9i th\u0103ng ti\u1ebfn, c\u0103ng th\u1eb3ng trong c\u00e1c bu\u1ed5i g\u1eb7p m\u1eb7t, kh\u00f4ng bi\u1ebft n\u00f3i g\u00ec m\u1ed7i khi \u0111\u1ed1i di\u1ec7n v\u1edbi c\u1ea5p tr\u00ean, th\u01b0\u1eddng n\u00f3i v\u1edbi ng\u01b0\u1eddi th\u00e2n nh\u1eefng \u0111i\u1ec1u khi\u1ebfn sau n\u00e0y ph\u1ea3i h\u1ed1i h\u1eadn, ho\u1eb7c kh\u00f4ng bao gi\u1edd \u0111\u1ea1t \u0111\u01b0\u1ee3c k\u1ebft qu\u1ea3 nh\u01b0 \u00fd trong c\u00e1c cu\u1ed9c tranh lu\u1eadn\u2026 th\u00ec quy\u1ec3n s\u00e1ch n\u00e0y l\u00e0 m\u1ed9t l\u1ef1a ch\u1ecdn v\u00f4 c\u00f9ng \u0111\u00fang \u0111\u1eafn d\u00e0nh cho b\u1ea1n!<\/p>\n<p class=\"QN2lPu\">\n<p class=\"QN2lPu\">Quy\u1ec3n s\u00e1ch S\u1ee9c m\u1ea1nh c\u1ee7a Ng\u00f4n t\u1eeb \u0111\u01b0\u1ee3c chia l\u00e0m ba ph\u1ea7n g\u1ed3m 20 ch\u01b0\u01a1ng v\u1edbi c\u00e1c n\u1ed9i dung \u00e1p d\u1ee5ng trong c\u00f4ng vi\u1ec7c, quan h\u1ec7 kh\u00e1ch h\u00e0ng &#8211; nh\u00e0 cung c\u1ea5p v\u00e0 trong giao ti\u1ebfp x\u00e3 h\u1ed9i v\u1edbi h\u00e0ng tr\u0103m g\u1ee3i \u00fd, t\u00ecnh hu\u1ed1ng c\u00f9ng c\u00e1c v\u00ed d\u1ee5 th\u1ef1c t\u1ebf, sinh \u0111\u1ed9ng v\u1edbi nh\u1eefng l\u1eddi khuy\u00ean, nh\u1eefng b\u00ed quy\u1ebft giao ti\u1ebfp hi\u1ec7u qu\u1ea3 \u0111\u1ebfn ng\u1ea1c nhi\u00ean v\u00e0 th\u1ef1c s\u1ef1 h\u1eefu \u00edch trong c\u00f4ng vi\u1ec7c v\u00e0 cu\u1ed9c s\u1ed1ng c\u1ee7a b\u1ea1n. \u0110\u1ed3ng th\u1eddi s\u1ebd t\u1eb7ng b\u1ea1n r\u1ea5t nhi\u1ec1u t\u1eeb ng\u1eef k\u1ef3 di\u1ec7u, nh\u1eefng c\u00e2u ch\u1eef tinh t\u1ebf, nh\u1eefng c\u00e1ch m\u1edf \u0111\u1ea7u thu h\u00fat c\u1eed t\u1ecda \u0111\u1ebfn kh\u00f4ng ng\u1edd, c\u00e1c ng\u1eef c\u1ea3nh giao ti\u1ebfp v\u00e0 v\u00ed d\u1ee5 minh h\u1ecda c\u1ef1c k\u1ef3 sinh \u0111\u1ed9ng\u2026. Ch\u1eb3ng h\u1ea1n, b\u1ea1n n\u00ean s\u1eed d\u1ee5ng ng\u00f4n t\u1eeb nh\u01b0 th\u1ebf n\u00e0o \u0111\u1ec3:<\/p>\n<p class=\"QN2lPu\">\n<p class=\"QN2lPu\">&#8211; T\u1ea1o \u1ea5n t\u01b0\u1ee3ng v\u1edbi s\u1ebfp v\u00e0 th\u0103ng ti\u1ebfn tr\u00ean con \u0111\u01b0\u1eddng s\u1ef1 nghi\u1ec7p<\/p>\n<p class=\"QN2lPu\">\n<p class=\"QN2lPu\">&#8211; Dung h\u00f2a m\u1ed1i quan h\u1ec7 v\u1edbi nh\u1eefng \u0111\u1ed3ng nghi\u1ec7p hay kh\u00e1ch h\u00e0ng kh\u00f3 t\u00ednh<\/p>\n<p class=\"QN2lPu\">\n<p class=\"QN2lPu\">&#8211; Y\u00eau c\u1ea7u nh\u00e0 cung c\u1ea5p h\u00e0ng h\u00f3a, d\u1ecbch v\u1ee5 ph\u1ee5c v\u1ee5 b\u1ea1n t\u1ed1t h\u01a1n<\/p>\n<p class=\"QN2lPu\">\n<p class=\"QN2lPu\">&#8211; C\u00f3 bu\u1ed5i h\u1eb9n h\u00f2 nh\u01b0 \u00fd<\/p>\n<p class=\"QN2lPu\">\n<p class=\"QN2lPu\">&#8211; T\u1ea1o thi\u1ec7n c\u1ea3m v\u1edbi h\u00e0ng x\u00f3m c\u1ee7a b\u1ea1n<\/p>\n<p class=\"QN2lPu\">\n<p class=\"QN2lPu\">&#8211; X\u00e2y d\u1ef1ng m\u1ed1i quan h\u1ec7 b\u1ea1n b\u00e8, \u0111\u1ed3ng nghi\u1ec7p, gia \u0111\u00ecnh t\u1ed1t \u0111\u1eb9p<\/p>\n<p class=\"QN2lPu\">\n<p class=\"QN2lPu\">&#8211; \u0110\u1ec3 \u0111\u1ea1t \u0111\u01b0\u1ee3c nh\u1eefng \u0111i\u1ec1u b\u1ea1n mong mu\u1ed1n, giao ti\u1ebfp ch\u00ednh l\u00e0 chi\u1ebfc ch\u00eca kh\u00f3a \u0111\u1ea7u ti\u00ean<\/p>\n<p class=\"QN2lPu\">\n<p class=\"QN2lPu\">Ch\u1eafc ch\u1eafn S\u1ee9c m\u1ea1nh c\u1ee7a Ng\u00f4n t\u1eeb s\u1ebd gi\u00fap b\u1ea1n \u0111\u1ea1t \u0111\u01b0\u1ee3c \u0111i\u1ec1u b\u1ea1n mu\u1ed1n trong qu\u00e1 tr\u00ecnh giao ti\u1ebfp tr\u00ean nhi\u1ec1u ph\u01b0\u01a1ng di\u1ec7n cu\u1ed9c s\u1ed1ng: gia \u0111\u00ecnh, b\u1ea1n b\u00e8,\u2026 \u0111\u1eb7c bi\u1ec7t t\u1ea1i n\u01a1i l\u00e0m vi\u1ec7c v\u00e0 trong c\u00e1c cu\u1ed9c \u0111\u00e0m ph\u00e1n v\u1edbi \u0111\u1ed1i t\u00e1c.<\/p>\n<p class=\"QN2lPu\">\n<p class=\"QN2lPu\">Tin r\u1eb1ng khi \u00e1p d\u1ee5ng nh\u1eefng chi\u1ebfn l\u01b0\u1ee3c, b\u00ed quy\u1ebft v\u00e0 k\u1ef9 n\u0103ng giao ti\u1ebfp n\u00e0y, b\u1ea1n s\u1ebd tr\u1edf n\u00ean t\u1ef1 tin, cu\u1ed1n h\u00fat, chuy\u00ean nghi\u1ec7p v\u00e0 g\u1eb7t h\u00e1i nhi\u1ec1u th\u00e0nh c\u00f4ng h\u01a1n n\u1eefa.<\/p>\n<\/div>\n","protected":false},"excerpt":{"rendered":"<p>T\u00e1c gi\u1ea3: Don Gabor Ng\u00e0y ph\u00e1t h\u00e0nh: 2025 C\u00f4ng ty ph\u00e1t h\u00e0nh: FirstNews &#8211; Tr\u00ed Vi\u1ec7t S\u1ed1 trang: 312 K\u00edch th\u01b0\u1edbc: 14.5 x 20.5cm NXB: NXB T\u1ed5ng h\u1ee3p TPHCM Gi\u00e1 b\u00eca: 108.000VN\u0110 Lo\u1ea1i B\u00eca: B\u00eca m\u1ec1m M\u00f4 t\u1ea3 s\u1ea3n ph\u1ea9m: S\u1ee8C M\u1ea0NH C\u1ee6A NG\u00d4N T\u1eea S\u1eed d\u1ee5ng \u0111\u00fang ng\u00f4n t\u1eeb \u0111\u1ec3 \u0111\u1ea1t hi\u1ec7u qu\u1ea3 giao&#8230;<\/p>\n","protected":false},"featured_media":15548,"comment_status":"open","ping_status":"closed","template":"","meta":[],"product_brand":[1692],"product_cat":[1672],"product_tag":[],"class_list":{"0":"post-15396","1":"product","2":"type-product","3":"status-publish","4":"has-post-thumbnail","6":"product_brand-nxb-kim-dong","7":"product_cat-sach-huong-nghiep-phat-trien-ban-than","9":"first","10":"instock","11":"sale","12":"shipping-taxable","13":"purchasable","14":"product-type-simple"},"_links":{"self":[{"href":"https:\/\/web-ban-le.mbws.vn\/nha-sach\/wp-json\/wp\/v2\/product\/15396","targetHints":{"allow":["GET"]}}],"collection":[{"href":"https:\/\/web-ban-le.mbws.vn\/nha-sach\/wp-json\/wp\/v2\/product"}],"about":[{"href":"https:\/\/web-ban-le.mbws.vn\/nha-sach\/wp-json\/wp\/v2\/types\/product"}],"replies":[{"embeddable":true,"href":"https:\/\/web-ban-le.mbws.vn\/nha-sach\/wp-json\/wp\/v2\/comments?post=15396"}],"wp:featuredmedia":[{"embeddable":true,"href":"https:\/\/web-ban-le.mbws.vn\/nha-sach\/wp-json\/wp\/v2\/media\/15548"}],"wp:attachment":[{"href":"https:\/\/web-ban-le.mbws.vn\/nha-sach\/wp-json\/wp\/v2\/media?parent=15396"}],"wp:term":[{"taxonomy":"product_brand","embeddable":true,"href":"https:\/\/web-ban-le.mbws.vn\/nha-sach\/wp-json\/wp\/v2\/product_brand?post=15396"},{"taxonomy":"product_cat","embeddable":true,"href":"https:\/\/web-ban-le.mbws.vn\/nha-sach\/wp-json\/wp\/v2\/product_cat?post=15396"},{"taxonomy":"product_tag","embeddable":true,"href":"https:\/\/web-ban-le.mbws.vn\/nha-sach\/wp-json\/wp\/v2\/product_tag?post=15396"}],"curies":[{"name":"wp","href":"https:\/\/api.w.org\/{rel}","templated":true}]}}