{"id":13920,"date":"2025-10-24T10:07:56","date_gmt":"2025-10-24T03:07:56","guid":{"rendered":"https:\/\/web-ban-le.mbws.vn\/oto-xe-may-xe-dap\/?post_type=product&#038;p=13920"},"modified":"2025-11-04T00:19:19","modified_gmt":"2025-11-03T17:19:19","slug":"non-bao-hiem-xe-dap-tre-em-fornix-j-b019l-non-bao-hiem-tre-em","status":"publish","type":"product","link":"https:\/\/web-ban-le.mbws.vn\/oto-xe-may-xe-dap\/san-pham\/non-bao-hiem-xe-dap-tre-em-fornix-j-b019l-non-bao-hiem-tre-em\/","title":{"rendered":"N\u00f3n B\u1ea3o Hi\u1ec3m Xe \u0110\u1ea1p Tr\u1ebb Em FORNIX J-B019L &#8211; N\u00f3n B\u1ea3o Hi\u1ec3m Tr\u1ebb Em"},"content":{"rendered":"<div class=\"e8lZp3\">\n<p class=\"QN2lPu\">xXN\u00f3n B\u1ea3o Hi\u1ec3m Xe \u0110\u1ea1p Tr\u1ebb Em FORNIX J-B019L &#8211; SIZE XS &#8211; N\u00f3n B\u1ea3o Hi\u1ec3m Tr\u1ebb Em &#8211; M\u0169 B\u1ea3o Hi\u1ec3m Xe \u0110\u1ea1p Tr\u1ebb Em<\/p>\n<p class=\"QN2lPu\">N\u00f3n b\u1ea3o hi\u1ec3m J-B019L. Chi\u1ebfc n\u00f3n m\u1edbi n\u00e0y \u0111\u01b0\u1ee3c thi\u1ebft k\u1ebf v\u1edbi m\u1ee5c ti\u00eau v\u1eeba b\u1ea3o v\u1ec7, v\u1eeba t\u1ea1o c\u1ea3m h\u1ee9ng \u0111\u1ed9i m\u0169 cho b\u00e9. L\u1ea5y c\u1ea3m h\u1ee9ng t\u1eeb phong c\u00e1ch th\u1ec3 thao hi\u1ec7n \u0111\u1ea1i, n\u00f3n k\u1ebft h\u1ee3p gi\u1eefa v\u1ecf ABS ch\u1ecbu l\u1ef1c cao, l\u1edbp \u0111\u1ec7m EPS si\u00eau nh\u1eb9 v\u00e0 \u0111\u00e0n h\u1ed3i, c\u00f9ng nhi\u1ec1u khe th\u00f4ng gi\u00f3 mang l\u1ea1i s\u1ef1 an to\u00e0n t\u1ed1i \u0111a m\u00e0 v\u1eabn gi\u00fap b\u00e9 c\u1ea3m th\u1ea5y tho\u1ea3i m\u00e1i trong nh\u1eefng ng\u00e0y n\u0103ng \u0111\u1ed9ng<\/p>\n<div class=\"QN2lPu\">\n<div style=\"position: relative; width: 100%; padding-bottom: 100%;\"><picture class=\"UkIsx8\"><source srcset=\"https:\/\/down-vn.img.susercontent.com\/file\/vn-11134208-7ras8-mb7t47s8sxpvcb@resize_w875_nl.webp 1x, https:\/\/down-vn.img.susercontent.com\/file\/vn-11134208-7ras8-mb7t47s8sxpvcb@resize_w1750_nl.webp 2x\" type=\"image\/webp\" class=\"UkIsx8\"><img decoding=\"async\" width=\"875\" loading=\"lazy\" class=\"uXN1L5 lazyload GqYslU\" srcset=\"https:\/\/down-vn.img.susercontent.com\/file\/vn-11134208-7ras8-mb7t47s8sxpvcb@resize_w875_nl 1x, https:\/\/down-vn.img.susercontent.com\/file\/vn-11134208-7ras8-mb7t47s8sxpvcb@resize_w1750_nl 2x\" src=\"https:\/\/down-vn.img.susercontent.com\/file\/vn-11134208-7ras8-mb7t47s8sxpvcb\" height=\"875\"><\/picture><\/div>\n<\/div>\n<p class=\"QN2lPu\">**C\u00f4ng ngh\u1ec7 &amp; ch\u1ea5t li\u1ec7u n\u1ed5i b\u1eadt:<\/p>\n<p class=\"QN2lPu\">&#8211; V\u1ecf ngo\u00e0i ABS nguy\u00ean sinh: \u0111\u1ed9 b\u1ec1n cao, kh\u1ea3 n\u0103ng h\u1ea5p th\u1ee5 va \u0111\u1eadp t\u1ed1t, \u00edt b\u1ecb r\u1ea1n n\u1ee9t theo th\u1eddi gian<\/p>\n<p class=\"QN2lPu\">&#8211; L\u1edbp \u0111\u1ec7m EPS \u0111\u1eb7c bi\u1ec7t: gi\u00fap gi\u1ea3m ch\u1ea5n \u0111\u1ed9ng l\u00ean \u0111\u1ea7u \u2013 y\u1ebfu t\u1ed1 quan tr\u1ecdng \u0111\u1ec3 b\u1ea3o v\u1ec7 \u0111\u1ea7u cho b\u00e9<\/p>\n<p class=\"QN2lPu\">&#8211; Kho\u00e1 c\u00e0i ch\u1eafc ch\u1eafn, d\u1ec5 \u0111i\u1ec1u ch\u1ec9nh: quai v\u1ea3i t\u1ed5ng h\u1ee3p k\u1ebft h\u1ee3p v\u1edbi kh\u00f3a nh\u1ef1a cao c\u1ea5p \u0111\u1ea3m b\u1ea3o n\u00f3n gi\u1eef \u1ed5n \u0111\u1ecbnh, ph\u00f9 h\u1ee3p v\u1edbi m\u1ecdi ho\u1ea1t \u0111\u1ed9ng <\/p>\n<p class=\"QN2lPu\">**Thi\u1ebft k\u1ebf th\u00f4ng minh &amp; ti\u1ec7n \u00edch:<\/p>\n<p class=\"QN2lPu\">&#8211; Nhi\u1ec1u khe gi\u00f3 tho\u00e1t nhi\u1ec7t: gi\u00fap kh\u00f4ng kh\u00ed l\u01b0u th\u00f4ng t\u1ed1t, tr\u00e1nh m\u1ed3 h\u00f4i kh\u00f4ng kh\u00ed trong th\u1eddi ti\u1ebft n\u00f3ng \u1ea9m <\/p>\n<p class=\"QN2lPu\">&#8211; Tr\u1ecdng l\u01b0\u1ee3ng nh\u1eb9 (kho\u1ea3ng 200\u2013250g): gi\u1ea3m \u00e1p l\u1ef1c l\u00ean c\u1ed5 v\u00e0 gi\u00fap b\u00e9 d\u1ec5 d\u00e0ng di chuy\u1ec3n, v\u1eadn \u0111\u1ed9ng c\u1ea3 ng\u00e0y m\u00e0 kh\u00f4ng m\u1ecfi m\u1ec7t <\/p>\n<p class=\"QN2lPu\">&#8211; M\u00e0u s\u1eafc s\u1eb7c s\u1ee1, c\u00f3 th\u1ec3 trang tr\u00ed: thi\u1ebft k\u1ebf n\u1ec1n xanh, h\u1ed3ng, cam, tr\u1eafng&#8230; n\u1ed5i b\u1eadt v\u1edbi h\u1ecda ti\u1ebft d\u1ec5 th\u01b0\u01a1ng ho\u1eb7c sticker, gi\u00fap b\u00e9 th\u00eam th\u00edch th\u00fa khi \u0111\u1ed9i n\u00f3n<\/p>\n<p class=\"QN2lPu\">&#8211; Free-size\/size linh ho\u1ea1t: ph\u00f9 h\u1ee3p v\u1edbi tr\u1ebb t\u1eeb 2-9 tu\u1ed5i, gi\u00fap ba m\u1eb9 d\u00f9ng l\u00e2u d\u00e0i, theo s\u00e1t giai \u0111o\u1ea1n ph\u00e1t tri\u1ec3n c\u1ee7a b\u00e9<\/p>\n<p class=\"QN2lPu\"> **\u0110\u1ed1i t\u01b0\u1ee3ng ph\u00f9 h\u1ee3p:<\/p>\n<p class=\"QN2lPu\">&#8211; Tr\u1ebb em 2\u20139 tu\u1ed5i, ph\u00f9 h\u1ee3p v\u1edbi tr\u1ebb n\u0103ng \u0111\u1ed9ng th\u01b0\u1eddng xuy\u00ean ch\u01a1i xe \u0111\u1ea1p, tr\u01b0\u1ee3t patin, tr\u01b0\u1ee3t scooter ho\u1eb7c c\u00f9ng ba m\u1eb9 \u0111i xe m\u00e1y.<\/p>\n<p class=\"QN2lPu\">&#8211; Thi\u1ebft k\u1ebf ph\u00f9 h\u1ee3p c\u1ea3 khi s\u1eed d\u1ee5ng trong \u0111\u00f4 th\u1ecb quanh n\u0103m, \u0111\u1eb7c bi\u1ec7t \u1edf th\u1eddi ti\u1ebft n\u00f3ng \u1ea9m trong n\u01b0\u1edbc.<\/p>\n<\/div>\n","protected":false},"excerpt":{"rendered":"<p>xXN\u00f3n B\u1ea3o Hi\u1ec3m Xe \u0110\u1ea1p Tr\u1ebb Em FORNIX J-B019L &#8211; SIZE XS &#8211; N\u00f3n B\u1ea3o Hi\u1ec3m Tr\u1ebb Em &#8211; M\u0169 B\u1ea3o Hi\u1ec3m Xe \u0110\u1ea1p Tr\u1ebb Em N\u00f3n b\u1ea3o hi\u1ec3m J-B019L. Chi\u1ebfc n\u00f3n m\u1edbi n\u00e0y \u0111\u01b0\u1ee3c thi\u1ebft k\u1ebf v\u1edbi m\u1ee5c ti\u00eau v\u1eeba b\u1ea3o v\u1ec7, v\u1eeba t\u1ea1o c\u1ea3m h\u1ee9ng \u0111\u1ed9i m\u0169 cho b\u00e9. L\u1ea5y c\u1ea3m h\u1ee9ng t\u1eeb&#8230;<\/p>\n","protected":false},"featured_media":13922,"comment_status":"open","ping_status":"closed","template":"","meta":[],"product_brand":[1385],"product_cat":[1267],"product_tag":[],"class_list":{"0":"post-13920","1":"product","2":"type-product","3":"status-publish","4":"has-post-thumbnail","6":"product_brand-honda","7":"product_cat-mu-bao-hiem-xe-dap","9":"first","10":"instock","11":"sale","12":"featured","13":"shipping-taxable","14":"purchasable","15":"product-type-variable"},"_links":{"self":[{"href":"https:\/\/web-ban-le.mbws.vn\/oto-xe-may-xe-dap\/wp-json\/wp\/v2\/product\/13920","targetHints":{"allow":["GET"]}}],"collection":[{"href":"https:\/\/web-ban-le.mbws.vn\/oto-xe-may-xe-dap\/wp-json\/wp\/v2\/product"}],"about":[{"href":"https:\/\/web-ban-le.mbws.vn\/oto-xe-may-xe-dap\/wp-json\/wp\/v2\/types\/product"}],"replies":[{"embeddable":true,"href":"https:\/\/web-ban-le.mbws.vn\/oto-xe-may-xe-dap\/wp-json\/wp\/v2\/comments?post=13920"}],"wp:featuredmedia":[{"embeddable":true,"href":"https:\/\/web-ban-le.mbws.vn\/oto-xe-may-xe-dap\/wp-json\/wp\/v2\/media\/13922"}],"wp:attachment":[{"href":"https:\/\/web-ban-le.mbws.vn\/oto-xe-may-xe-dap\/wp-json\/wp\/v2\/media?parent=13920"}],"wp:term":[{"taxonomy":"product_brand","embeddable":true,"href":"https:\/\/web-ban-le.mbws.vn\/oto-xe-may-xe-dap\/wp-json\/wp\/v2\/product_brand?post=13920"},{"taxonomy":"product_cat","embeddable":true,"href":"https:\/\/web-ban-le.mbws.vn\/oto-xe-may-xe-dap\/wp-json\/wp\/v2\/product_cat?post=13920"},{"taxonomy":"product_tag","embeddable":true,"href":"https:\/\/web-ban-le.mbws.vn\/oto-xe-may-xe-dap\/wp-json\/wp\/v2\/product_tag?post=13920"}],"curies":[{"name":"wp","href":"https:\/\/api.w.org\/{rel}","templated":true}]}}