{"id":14054,"date":"2025-10-24T10:09:00","date_gmt":"2025-10-24T03:09:00","guid":{"rendered":"https:\/\/web-ban-le.mbws.vn\/oto-xe-may-xe-dap\/?post_type=product&#038;p=14054"},"modified":"2025-11-04T00:19:18","modified_gmt":"2025-11-03T17:19:18","slug":"xe-dap-dia-hinh-fornix-sm26-khung-nhom-vong-banh-26-inch-bo-truyen-dong-21-toc-do-3-dia-7-lip","status":"publish","type":"product","link":"https:\/\/web-ban-le.mbws.vn\/oto-xe-may-xe-dap\/san-pham\/xe-dap-dia-hinh-fornix-sm26-khung-nhom-vong-banh-26-inch-bo-truyen-dong-21-toc-do-3-dia-7-lip\/","title":{"rendered":"Xe \u0110\u1ea1p \u0110\u1ecba H\u00ecnh FORNIX SM26 Khung Nh\u00f4m V\u00f2ng B\u00e1nh 26 Inch B\u1ed9 Truy\u1ec1n \u0110\u1ed9ng 21 T\u1ed1c \u0110\u1ed9 3 \u0110\u0129a 7 L\u00edp"},"content":{"rendered":"<div class=\"e8lZp3\">\n<p class=\"QN2lPu\">&#8211; Lo\u1ea1i xe: Xe \u0111\u1ea1p \u0111\u1ecba h\u00ecnh, ph\u00f9 h\u1ee3p cho vi\u1ec7c di chuy\u1ec3n tr\u00ean c\u00e1c \u0111\u1ecba h\u00ecnh kh\u00f3 kh\u0103n nh\u01b0 \u0111\u01b0\u1eddng m\u00f2n, \u0111\u1ed3i n\u00fai, \u0111\u01b0\u1eddng \u0111\u1ea5t, s\u1ecfi, v\u00e0 c\u1ea3 s\u1eed d\u1ee5ng trong th\u00e0nh ph\u1ed1.<\/p>\n<p class=\"QN2lPu\">&#8211; Khung xe: Khung nh\u00f4m ch\u1eafc ch\u1eafn, nh\u1eb9 nh\u01b0ng v\u1eabn \u0111\u1ea3m b\u1ea3o kh\u1ea3 n\u0103ng ch\u1ecbu l\u1ef1c t\u1ed1t. Khung nh\u00f4m gi\u00fap gi\u1ea3m tr\u1ecdng l\u01b0\u1ee3ng c\u1ee7a xe, t\u1ea1o s\u1ef1 tho\u1ea3i m\u00e1i v\u00e0 linh ho\u1ea1t trong di chuy\u1ec3n, \u0111\u1ed3ng th\u1eddi t\u0103ng \u0111\u1ed9 b\u1ec1n v\u00e0 tu\u1ed5i th\u1ecd c\u1ee7a xe.<\/p>\n<p class=\"QN2lPu\">&#8211; V\u00e0nh b\u00e1nh: V\u00e0nh b\u00e1nh xe c\u00f3 k\u00edch th\u01b0\u1edbc 26 inch, ph\u00f9 h\u1ee3p v\u1edbi ng\u01b0\u1eddi s\u1eed d\u1ee5ng c\u00f3 chi\u1ec1u cao t\u1eeb 1m55 \u0111\u1ebfn 1m80. K\u00edch th\u01b0\u1edbc n\u00e0y mang l\u1ea1i s\u1ef1 \u1ed5n \u0111\u1ecbnh v\u00e0 kh\u1ea3 n\u0103ng di chuy\u1ec3n d\u1ec5 d\u00e0ng tr\u00ean nhi\u1ec1u lo\u1ea1i \u0111\u1ecba h\u00ecnh kh\u00e1c nhau.<\/p>\n<p class=\"QN2lPu\">&#8211; B\u1ed9 truy\u1ec1n \u0111\u1ed9ng: H\u1ec7 th\u1ed1ng truy\u1ec1n \u0111\u1ed9ng 21 t\u1ed1c \u0111\u1ed9 (3 \u0111\u0129a 7 l\u00edp), cho ph\u00e9p b\u1ea1n d\u1ec5 d\u00e0ng thay \u0111\u1ed5i t\u1ed1c \u0111\u1ed9 khi di chuy\u1ec3n tr\u00ean c\u00e1c \u0111o\u1ea1n \u0111\u01b0\u1eddng ph\u1eb3ng hay khi leo d\u1ed1c, t\u1ea1o s\u1ef1 linh ho\u1ea1t v\u00e0 t\u1ed1i \u01b0u hi\u1ec7u qu\u1ea3 \u0111\u1ea1p xe.<\/p>\n<p class=\"QN2lPu\">\n<p class=\"QN2lPu\">\n<p class=\"QN2lPu\">\n<div class=\"QN2lPu\">\n<div style=\"position: relative; width: 100%; padding-bottom: 75.0188%;\"><picture class=\"UkIsx8\"><source srcset=\"https:\/\/down-vn.img.susercontent.com\/file\/vn-11134208-7ra0g-m8bewo8xszfy3c@resize_w875_nl.webp 1x, https:\/\/down-vn.img.susercontent.com\/file\/vn-11134208-7ra0g-m8bewo8xszfy3c@resize_w1750_nl.webp 2x\" type=\"image\/webp\" class=\"UkIsx8\"><img decoding=\"async\" width=\"875\" loading=\"lazy\" class=\"uXN1L5 lazyload GqYslU\" srcset=\"https:\/\/down-vn.img.susercontent.com\/file\/vn-11134208-7ra0g-m8bewo8xszfy3c@resize_w875_nl 1x, https:\/\/down-vn.img.susercontent.com\/file\/vn-11134208-7ra0g-m8bewo8xszfy3c@resize_w1750_nl 2x\" src=\"https:\/\/down-vn.img.susercontent.com\/file\/vn-11134208-7ra0g-m8bewo8xszfy3c\" height=\"656\"><\/picture><\/div>\n<\/div>\n<p class=\"QN2lPu\">\n<div class=\"QN2lPu\">\n<div style=\"position: relative; width: 100%; padding-bottom: 75.0188%;\"><picture class=\"UkIsx8\"><source srcset=\"https:\/\/down-vn.img.susercontent.com\/file\/vn-11134208-7ra0g-m8bewo8xue0e38@resize_w875_nl.webp 1x, https:\/\/down-vn.img.susercontent.com\/file\/vn-11134208-7ra0g-m8bewo8xue0e38@resize_w1750_nl.webp 2x\" type=\"image\/webp\" class=\"UkIsx8\"><img decoding=\"async\" width=\"875\" loading=\"lazy\" class=\"uXN1L5 lazyload GqYslU\" srcset=\"https:\/\/down-vn.img.susercontent.com\/file\/vn-11134208-7ra0g-m8bewo8xue0e38@resize_w875_nl 1x, https:\/\/down-vn.img.susercontent.com\/file\/vn-11134208-7ra0g-m8bewo8xue0e38@resize_w1750_nl 2x\" src=\"https:\/\/down-vn.img.susercontent.com\/file\/vn-11134208-7ra0g-m8bewo8xue0e38\" height=\"656\"><\/picture><\/div>\n<\/div>\n<p class=\"QN2lPu\">\n<div class=\"QN2lPu\">\n<div style=\"position: relative; width: 100%; padding-bottom: 78.9266%;\"><picture class=\"UkIsx8\"><source srcset=\"https:\/\/down-vn.img.susercontent.com\/file\/vn-11134208-7ra0g-m8bewo8xvsku2d@resize_w875_nl.webp 1x, https:\/\/down-vn.img.susercontent.com\/file\/vn-11134208-7ra0g-m8bewo8xvsku2d@resize_w1750_nl.webp 2x\" type=\"image\/webp\" class=\"UkIsx8\"><img decoding=\"async\" width=\"875\" loading=\"lazy\" class=\"uXN1L5 lazyload GqYslU\" srcset=\"https:\/\/down-vn.img.susercontent.com\/file\/vn-11134208-7ra0g-m8bewo8xvsku2d@resize_w875_nl 1x, https:\/\/down-vn.img.susercontent.com\/file\/vn-11134208-7ra0g-m8bewo8xvsku2d@resize_w1750_nl 2x\" src=\"https:\/\/down-vn.img.susercontent.com\/file\/vn-11134208-7ra0g-m8bewo8xvsku2d\" height=\"691\"><\/picture><\/div>\n<\/div>\n<p class=\"QN2lPu\">\n<div class=\"QN2lPu\">\n<div style=\"position: relative; width: 100%; padding-bottom: 77.6398%;\"><picture class=\"UkIsx8\"><source srcset=\"https:\/\/down-vn.img.susercontent.com\/file\/vn-11134208-7ra0g-m8bewo8xx75af9@resize_w875_nl.webp 1x, https:\/\/down-vn.img.susercontent.com\/file\/vn-11134208-7ra0g-m8bewo8xx75af9@resize_w1750_nl.webp 2x\" type=\"image\/webp\" class=\"UkIsx8\"><img decoding=\"async\" width=\"875\" loading=\"lazy\" class=\"uXN1L5 lazyload GqYslU\" srcset=\"https:\/\/down-vn.img.susercontent.com\/file\/vn-11134208-7ra0g-m8bewo8xx75af9@resize_w875_nl 1x, https:\/\/down-vn.img.susercontent.com\/file\/vn-11134208-7ra0g-m8bewo8xx75af9@resize_w1750_nl 2x\" src=\"https:\/\/down-vn.img.susercontent.com\/file\/vn-11134208-7ra0g-m8bewo8xx75af9\" height=\"679\"><\/picture><\/div>\n<\/div>\n<p class=\"QN2lPu\">\n<div class=\"QN2lPu\">\n<div style=\"position: relative; width: 100%; padding-bottom: 74.3494%;\"><picture class=\"UkIsx8\"><source srcset=\"https:\/\/down-vn.img.susercontent.com\/file\/vn-11134208-7ra0g-m8bewo8xylpq20@resize_w875_nl.webp 1x, https:\/\/down-vn.img.susercontent.com\/file\/vn-11134208-7ra0g-m8bewo8xylpq20@resize_w1750_nl.webp 2x\" type=\"image\/webp\" class=\"UkIsx8\"><img decoding=\"async\" width=\"875\" loading=\"lazy\" class=\"uXN1L5 lazyload GqYslU\" srcset=\"https:\/\/down-vn.img.susercontent.com\/file\/vn-11134208-7ra0g-m8bewo8xylpq20@resize_w875_nl 1x, https:\/\/down-vn.img.susercontent.com\/file\/vn-11134208-7ra0g-m8bewo8xylpq20@resize_w1750_nl 2x\" src=\"https:\/\/down-vn.img.susercontent.com\/file\/vn-11134208-7ra0g-m8bewo8xylpq20\" height=\"651\"><\/picture><\/div>\n<\/div>\n<\/div>\n","protected":false},"excerpt":{"rendered":"<p>&#8211; Lo\u1ea1i xe: Xe \u0111\u1ea1p \u0111\u1ecba h\u00ecnh, ph\u00f9 h\u1ee3p cho vi\u1ec7c di chuy\u1ec3n tr\u00ean c\u00e1c \u0111\u1ecba h\u00ecnh kh\u00f3 kh\u0103n nh\u01b0 \u0111\u01b0\u1eddng m\u00f2n, \u0111\u1ed3i n\u00fai, \u0111\u01b0\u1eddng \u0111\u1ea5t, s\u1ecfi, v\u00e0 c\u1ea3 s\u1eed d\u1ee5ng trong th\u00e0nh ph\u1ed1. &#8211; Khung xe: Khung nh\u00f4m ch\u1eafc ch\u1eafn, nh\u1eb9 nh\u01b0ng v\u1eabn \u0111\u1ea3m b\u1ea3o kh\u1ea3 n\u0103ng ch\u1ecbu l\u1ef1c t\u1ed1t. Khung nh\u00f4m gi\u00fap gi\u1ea3m&#8230;<\/p>\n","protected":false},"featured_media":14107,"comment_status":"open","ping_status":"closed","template":"","meta":[],"product_brand":[1385],"product_cat":[1293,1295],"product_tag":[],"class_list":{"0":"post-14054","1":"product","2":"type-product","3":"status-publish","4":"has-post-thumbnail","6":"product_brand-honda","7":"product_cat-xe-dap","8":"product_cat-xe-dap-leo-nui","10":"first","11":"instock","12":"sale","13":"featured","14":"shipping-taxable","15":"purchasable","16":"product-type-variable"},"_links":{"self":[{"href":"https:\/\/web-ban-le.mbws.vn\/oto-xe-may-xe-dap\/wp-json\/wp\/v2\/product\/14054","targetHints":{"allow":["GET"]}}],"collection":[{"href":"https:\/\/web-ban-le.mbws.vn\/oto-xe-may-xe-dap\/wp-json\/wp\/v2\/product"}],"about":[{"href":"https:\/\/web-ban-le.mbws.vn\/oto-xe-may-xe-dap\/wp-json\/wp\/v2\/types\/product"}],"replies":[{"embeddable":true,"href":"https:\/\/web-ban-le.mbws.vn\/oto-xe-may-xe-dap\/wp-json\/wp\/v2\/comments?post=14054"}],"wp:featuredmedia":[{"embeddable":true,"href":"https:\/\/web-ban-le.mbws.vn\/oto-xe-may-xe-dap\/wp-json\/wp\/v2\/media\/14107"}],"wp:attachment":[{"href":"https:\/\/web-ban-le.mbws.vn\/oto-xe-may-xe-dap\/wp-json\/wp\/v2\/media?parent=14054"}],"wp:term":[{"taxonomy":"product_brand","embeddable":true,"href":"https:\/\/web-ban-le.mbws.vn\/oto-xe-may-xe-dap\/wp-json\/wp\/v2\/product_brand?post=14054"},{"taxonomy":"product_cat","embeddable":true,"href":"https:\/\/web-ban-le.mbws.vn\/oto-xe-may-xe-dap\/wp-json\/wp\/v2\/product_cat?post=14054"},{"taxonomy":"product_tag","embeddable":true,"href":"https:\/\/web-ban-le.mbws.vn\/oto-xe-may-xe-dap\/wp-json\/wp\/v2\/product_tag?post=14054"}],"curies":[{"name":"wp","href":"https:\/\/api.w.org\/{rel}","templated":true}]}}