{"id":14180,"date":"2025-10-24T10:10:15","date_gmt":"2025-10-24T03:10:15","guid":{"rendered":"https:\/\/web-ban-le.mbws.vn\/oto-xe-may-xe-dap\/?post_type=product&#038;p=14180"},"modified":"2025-11-04T00:18:57","modified_gmt":"2025-11-03T17:18:57","slug":"non-bao-hiem-bmx-fornix-a02nc1-danh-cho-nguoi-lon-xop-eps-an-toan","status":"publish","type":"product","link":"https:\/\/web-ban-le.mbws.vn\/oto-xe-may-xe-dap\/san-pham\/non-bao-hiem-bmx-fornix-a02nc1-danh-cho-nguoi-lon-xop-eps-an-toan\/","title":{"rendered":"N\u00f3n B\u1ea3o Hi\u1ec3m BMX FORNIX A02NC1 &#8211; D\u00e0nh Cho Ng\u01b0\u1eddi L\u1edbn X\u1ed1p EPS An To\u00e0n"},"content":{"rendered":"<div class=\"e8lZp3\">\n<p class=\"QN2lPu\">M\u0169 b\u1ea3o hi\u1ec3m BMX FORNIX A02NC1L l\u00e0 l\u1ef1a ch\u1ecdn l\u00fd t\u01b0\u1edfng cho nh\u1eefng ai y\u00eau th\u00edch s\u1ef1 nh\u1eb9 nh\u00e0ng, tho\u1ea3i m\u00e1i m\u00e0 v\u1eabn \u0111\u1ea3m b\u1ea3o an to\u00e0n khi tham gia c\u00e1c ho\u1ea1t \u0111\u1ed9ng xe \u0111\u1ea1p th\u1ec3 thao!<\/p>\n<p class=\"QN2lPu\">\n<p class=\"QN2lPu\">&#8211; Lo\u1ea1i s\u1ea3n ph\u1ea9m: M\u0169 b\u1ea3o hi\u1ec3m xe \u0111\u1ea1p d\u00e0nh cho ng\u01b0\u1eddi l\u1edbn<\/p>\n<p class=\"QN2lPu\">&#8211; Ch\u1ea5t li\u1ec7u: X\u1ed1p EPS si\u00eau nh\u1eb9, gi\u00fap gi\u1ea3m thi\u1ec3u tr\u1ecdng l\u01b0\u1ee3ng nh\u01b0ng v\u1eabn \u0111\u1ea3m b\u1ea3o kh\u1ea3 n\u0103ng b\u1ea3o v\u1ec7 t\u1ed1i \u01b0u<\/p>\n<p class=\"QN2lPu\">&#8211; M\u00e0u s\u1eafc: C\u00f3 2 m\u00e0u s\u1eafc l\u1ef1a ch\u1ecdn: \u0111en v\u00e0 graffiti th\u1eddi trang<\/p>\n<p class=\"QN2lPu\">\n<p class=\"QN2lPu\">\u0110\u1eb7c \u0111i\u1ec3m n\u1ed5i b\u1eadt:<\/p>\n<p class=\"QN2lPu\">Thi\u1ebft k\u1ebf hi\u1ec7n \u0111\u1ea1i, ph\u00f9 h\u1ee3p v\u1edbi phong c\u00e1ch th\u1ec3 thao, \u0111\u1eb7c bi\u1ec7t l\u00e0 d\u00e0nh cho nh\u1eefng ng\u01b0\u1eddi \u0111am m\u00ea xe \u0111\u1ea1p BMX<\/p>\n<p class=\"QN2lPu\">L\u1edbp v\u1ecf ngo\u00e0i \u0111\u01b0\u1ee3c l\u00e0m t\u1eeb x\u1ed1p EPS, gi\u00fap gi\u1ea3m ch\u1ea5n th\u01b0\u01a1ng v\u00e0 va \u0111\u1eadp hi\u1ec7u qu\u1ea3, b\u1ea3o v\u1ec7 \u0111\u1ea7u an to\u00e0n<\/p>\n<p class=\"QN2lPu\">C\u1ef1c k\u1ef3 nh\u1eb9 nh\u00e0ng, mang \u0111\u1ebfn c\u1ea3m gi\u00e1c tho\u1ea3i m\u00e1i khi \u0111\u1ed9i trong th\u1eddi gian d\u00e0i<\/p>\n<p class=\"QN2lPu\">M\u1eabu m\u00e3 \u0111a d\u1ea1ng, ph\u00f9 h\u1ee3p v\u1edbi nhi\u1ec1u phong c\u00e1ch v\u00e0 s\u1edf th\u00edch c\u00e1 nh\u00e2n<\/p>\n<p class=\"QN2lPu\">H\u1ec7 th\u1ed1ng l\u1ed7 th\u00f4ng gi\u00f3 \u0111\u01b0\u1ee3c thi\u1ebft k\u1ebf th\u00f4ng minh, gi\u00fap l\u01b0u th\u00f4ng kh\u00f4ng kh\u00ed, gi\u1eef cho ng\u01b0\u1eddi \u0111\u1ed9i c\u1ea3m th\u1ea5y tho\u00e1ng m\u00e1t v\u00e0 d\u1ec5 ch\u1ecbu<\/p>\n<p class=\"QN2lPu\">\n<p class=\"QN2lPu\">K\u00edch th\u01b0\u1edbc: Ph\u00f9 h\u1ee3p v\u1edbi ng\u01b0\u1eddi l\u1edbn, d\u1ec5 d\u00e0ng \u0111i\u1ec1u ch\u1ec9nh \u0111\u1ec3 v\u1eeba v\u1eb7n v\u1edbi k\u00edch c\u1ee1 \u0111\u1ea7u<\/p>\n<\/div>\n","protected":false},"excerpt":{"rendered":"<p>M\u0169 b\u1ea3o hi\u1ec3m BMX FORNIX A02NC1L l\u00e0 l\u1ef1a ch\u1ecdn l\u00fd t\u01b0\u1edfng cho nh\u1eefng ai y\u00eau th\u00edch s\u1ef1 nh\u1eb9 nh\u00e0ng, tho\u1ea3i m\u00e1i m\u00e0 v\u1eabn \u0111\u1ea3m b\u1ea3o an to\u00e0n khi tham gia c\u00e1c ho\u1ea1t \u0111\u1ed9ng xe \u0111\u1ea1p th\u1ec3 thao! &#8211; Lo\u1ea1i s\u1ea3n ph\u1ea9m: M\u0169 b\u1ea3o hi\u1ec3m xe \u0111\u1ea1p d\u00e0nh cho ng\u01b0\u1eddi l\u1edbn &#8211; Ch\u1ea5t li\u1ec7u: X\u1ed1p EPS&#8230;<\/p>\n","protected":false},"featured_media":14261,"comment_status":"open","ping_status":"closed","template":"","meta":[],"product_brand":[1386],"product_cat":[1267],"product_tag":[],"class_list":{"0":"post-14180","1":"product","2":"type-product","3":"status-publish","4":"has-post-thumbnail","6":"product_brand-suzuki","7":"product_cat-mu-bao-hiem-xe-dap","9":"first","10":"instock","11":"sale","12":"featured","13":"shipping-taxable","14":"purchasable","15":"product-type-variable"},"_links":{"self":[{"href":"https:\/\/web-ban-le.mbws.vn\/oto-xe-may-xe-dap\/wp-json\/wp\/v2\/product\/14180","targetHints":{"allow":["GET"]}}],"collection":[{"href":"https:\/\/web-ban-le.mbws.vn\/oto-xe-may-xe-dap\/wp-json\/wp\/v2\/product"}],"about":[{"href":"https:\/\/web-ban-le.mbws.vn\/oto-xe-may-xe-dap\/wp-json\/wp\/v2\/types\/product"}],"replies":[{"embeddable":true,"href":"https:\/\/web-ban-le.mbws.vn\/oto-xe-may-xe-dap\/wp-json\/wp\/v2\/comments?post=14180"}],"wp:featuredmedia":[{"embeddable":true,"href":"https:\/\/web-ban-le.mbws.vn\/oto-xe-may-xe-dap\/wp-json\/wp\/v2\/media\/14261"}],"wp:attachment":[{"href":"https:\/\/web-ban-le.mbws.vn\/oto-xe-may-xe-dap\/wp-json\/wp\/v2\/media?parent=14180"}],"wp:term":[{"taxonomy":"product_brand","embeddable":true,"href":"https:\/\/web-ban-le.mbws.vn\/oto-xe-may-xe-dap\/wp-json\/wp\/v2\/product_brand?post=14180"},{"taxonomy":"product_cat","embeddable":true,"href":"https:\/\/web-ban-le.mbws.vn\/oto-xe-may-xe-dap\/wp-json\/wp\/v2\/product_cat?post=14180"},{"taxonomy":"product_tag","embeddable":true,"href":"https:\/\/web-ban-le.mbws.vn\/oto-xe-may-xe-dap\/wp-json\/wp\/v2\/product_tag?post=14180"}],"curies":[{"name":"wp","href":"https:\/\/api.w.org\/{rel}","templated":true}]}}