{"id":14419,"date":"2025-10-24T10:12:34","date_gmt":"2025-10-24T03:12:34","guid":{"rendered":"https:\/\/web-ban-le.mbws.vn\/oto-xe-may-xe-dap\/?post_type=product&#038;p=14419"},"modified":"2025-11-04T00:13:14","modified_gmt":"2025-11-03T17:13:14","slug":"xe-dap-fixed-gear-fornix-bf100-khung-nhom-vong-banh-29-inch","status":"publish","type":"product","link":"https:\/\/web-ban-le.mbws.vn\/oto-xe-may-xe-dap\/san-pham\/xe-dap-fixed-gear-fornix-bf100-khung-nhom-vong-banh-29-inch\/","title":{"rendered":"Xe \u0110\u1ea1p Fixed Gear FORNIX BF100 Khung Nh\u00f4m V\u00f2ng B\u00e1nh 29 Inch"},"content":{"rendered":"<div class=\"e8lZp3\">\n<p class=\"QN2lPu\">&#8211; Lo\u1ea1i xe: Xe \u0111\u1ea1p Fixed Gear (xe \u0111\u1ea1p m\u1ed9t t\u1ed1c \u0111\u1ed9), l\u00fd t\u01b0\u1edfng cho nh\u1eefng ai y\u00eau th\u00edch s\u1ef1 nhanh nh\u1eb9n, \u0111\u01a1n gi\u1ea3n v\u00e0 hi\u1ec7u qu\u1ea3 trong vi\u1ec7c di chuy\u1ec3n tr\u00ean \u0111\u01b0\u1eddng ph\u1ed1. Xe kh\u00f4ng c\u00f3 c\u1ea7n s\u1ed1 v\u00e0 ch\u1ec9 c\u00f3 m\u1ed9t t\u1ed1c \u0111\u1ed9, gi\u00fap gi\u1ea3m tr\u1ecdng l\u01b0\u1ee3ng v\u00e0 t\u1ed1i gi\u1ea3n h\u00f3a c\u1ea5u tr\u00fac xe.<\/p>\n<p class=\"QN2lPu\">&#8211; Khung xe: Khung nh\u00f4m ch\u1eafc ch\u1eafn v\u00e0 nh\u1eb9, mang l\u1ea1i \u0111\u1ed9 b\u1ec1n cao m\u00e0 kh\u00f4ng l\u00e0m t\u0103ng tr\u1ecdng l\u01b0\u1ee3ng c\u1ee7a xe. V\u1edbi thi\u1ebft k\u1ebf khung h\u1ee3p kim nh\u00f4m, xe kh\u00f4ng ch\u1ec9 d\u1ec5 d\u00e0ng di chuy\u1ec3n m\u00e0 c\u00f2n c\u00f3 kh\u1ea3 n\u0103ng ch\u1ed1ng g\u1ec9 s\u00e9t, gi\u00fap b\u1ea1n s\u1eed d\u1ee5ng l\u00e2u d\u00e0i m\u00e0 kh\u00f4ng lo ng\u1ea1i v\u1ec1 s\u1ef1 xu\u1ed1ng c\u1ea5p c\u1ee7a khung xe.<\/p>\n<p class=\"QN2lPu\">&#8211; V\u00f2ng b\u00e1nh: B\u00e1nh xe 29 inch l\u1edbn, mang \u0111\u1ebfn s\u1ef1 \u1ed5n \u0111\u1ecbnh v\u00e0 kh\u1ea3 n\u0103ng v\u1eadn h\u00e0nh m\u01b0\u1ee3t m\u00e0 tr\u00ean c\u00e1c con \u0111\u01b0\u1eddng ph\u1ed1, \u0111\u1eb7c bi\u1ec7t l\u00e0 khi di chuy\u1ec3n tr\u00ean c\u00e1c \u0111o\u1ea1n \u0111\u01b0\u1eddng d\u00e0i ho\u1eb7c khi ch\u1ea1y t\u1ed1c \u0111\u1ed9 cao. K\u00edch th\u01b0\u1edbc b\u00e1nh l\u1edbn gi\u00fap gi\u1ea3m thi\u1ec3u ma s\u00e1t, mang l\u1ea1i tr\u1ea3i nghi\u1ec7m l\u00e1i xe nhanh ch\u00f3ng v\u00e0 linh ho\u1ea1t.<\/p>\n<p class=\"QN2lPu\">&#8211; Thi\u1ebft k\u1ebf Fixed Gear: Xe s\u1eed d\u1ee5ng h\u1ec7 th\u1ed1ng Fixed Gear, ngh\u0129a l\u00e0 b\u00e1nh xe lu\u00f4n quay c\u00f9ng v\u1edbi s\u1ef1 chuy\u1ec3n \u0111\u1ed9ng c\u1ee7a b\u00e0n \u0111\u1ea1p. \u0110i\u1ec1u n\u00e0y mang l\u1ea1i s\u1ef1 ki\u1ec3m so\u00e1t tuy\u1ec7t v\u1eddi, \u0111\u1eb7c bi\u1ec7t khi b\u1ea1n gi\u1ea3m t\u1ed1c ho\u1eb7c d\u1eebng l\u1ea1i m\u00e0 kh\u00f4ng c\u1ea7n ph\u1ea3i d\u00f9ng phanh. \u0110\u00e2y l\u00e0 m\u1ed9t t\u00ednh n\u0103ng ph\u1ed5 bi\u1ebfn trong xe \u0111\u1ea1p th\u00e0nh ph\u1ed1 v\u00e0 xe \u0111\u1ea1p th\u1ec3 thao.<\/p>\n<div class=\"QN2lPu\">\n<div style=\"position: relative; width: 100%; padding-bottom: 100%;\"><picture class=\"UkIsx8\"><source srcset=\"https:\/\/down-vn.img.susercontent.com\/file\/vn-11134208-7ra0g-m85zdclyv6tgf1@resize_w875_nl.webp 1x, https:\/\/down-vn.img.susercontent.com\/file\/vn-11134208-7ra0g-m85zdclyv6tgf1@resize_w1750_nl.webp 2x\" type=\"image\/webp\" class=\"UkIsx8\"><img decoding=\"async\" width=\"875\" loading=\"lazy\" class=\"uXN1L5 lazyload GqYslU\" srcset=\"https:\/\/down-vn.img.susercontent.com\/file\/vn-11134208-7ra0g-m85zdclyv6tgf1@resize_w875_nl 1x, https:\/\/down-vn.img.susercontent.com\/file\/vn-11134208-7ra0g-m85zdclyv6tgf1@resize_w1750_nl 2x\" src=\"https:\/\/down-vn.img.susercontent.com\/file\/vn-11134208-7ra0g-m85zdclyv6tgf1\" height=\"875\"><\/picture><\/div>\n<\/div>\n<p class=\"QN2lPu\">\n<div class=\"QN2lPu\">\n<div style=\"position: relative; width: 100%; padding-bottom: 100%;\"><picture class=\"UkIsx8\"><source srcset=\"https:\/\/down-vn.img.susercontent.com\/file\/vn-11134208-7ra0g-m85zdclywldw19@resize_w875_nl.webp 1x, https:\/\/down-vn.img.susercontent.com\/file\/vn-11134208-7ra0g-m85zdclywldw19@resize_w1750_nl.webp 2x\" type=\"image\/webp\" class=\"UkIsx8\"><img decoding=\"async\" width=\"875\" loading=\"lazy\" class=\"uXN1L5 lazyload GqYslU\" srcset=\"https:\/\/down-vn.img.susercontent.com\/file\/vn-11134208-7ra0g-m85zdclywldw19@resize_w875_nl 1x, https:\/\/down-vn.img.susercontent.com\/file\/vn-11134208-7ra0g-m85zdclywldw19@resize_w1750_nl 2x\" src=\"https:\/\/down-vn.img.susercontent.com\/file\/vn-11134208-7ra0g-m85zdclywldw19\" height=\"875\"><\/picture><\/div>\n<\/div>\n<p class=\"QN2lPu\">\n<div class=\"QN2lPu\">\n<div style=\"position: relative; width: 100%; padding-bottom: 100%;\"><picture class=\"UkIsx8\"><source srcset=\"https:\/\/down-vn.img.susercontent.com\/file\/vn-11134208-7ra0g-m85zdclyxzyc1d@resize_w875_nl.webp 1x, https:\/\/down-vn.img.susercontent.com\/file\/vn-11134208-7ra0g-m85zdclyxzyc1d@resize_w1750_nl.webp 2x\" type=\"image\/webp\" class=\"UkIsx8\"><img decoding=\"async\" width=\"875\" loading=\"lazy\" class=\"uXN1L5 lazyload GqYslU\" srcset=\"https:\/\/down-vn.img.susercontent.com\/file\/vn-11134208-7ra0g-m85zdclyxzyc1d@resize_w875_nl 1x, https:\/\/down-vn.img.susercontent.com\/file\/vn-11134208-7ra0g-m85zdclyxzyc1d@resize_w1750_nl 2x\" src=\"https:\/\/down-vn.img.susercontent.com\/file\/vn-11134208-7ra0g-m85zdclyxzyc1d\" height=\"875\"><\/picture><\/div>\n<\/div>\n<p class=\"QN2lPu\">\n<div class=\"QN2lPu\">\n<div style=\"position: relative; width: 100%; padding-bottom: 100%;\"><picture class=\"UkIsx8\"><source srcset=\"https:\/\/down-vn.img.susercontent.com\/file\/vn-11134208-7ra0g-m85zdclyzeisca@resize_w875_nl.webp 1x, https:\/\/down-vn.img.susercontent.com\/file\/vn-11134208-7ra0g-m85zdclyzeisca@resize_w1750_nl.webp 2x\" type=\"image\/webp\" class=\"UkIsx8\"><img decoding=\"async\" width=\"875\" loading=\"lazy\" class=\"uXN1L5 lazyload GqYslU\" srcset=\"https:\/\/down-vn.img.susercontent.com\/file\/vn-11134208-7ra0g-m85zdclyzeisca@resize_w875_nl 1x, https:\/\/down-vn.img.susercontent.com\/file\/vn-11134208-7ra0g-m85zdclyzeisca@resize_w1750_nl 2x\" src=\"https:\/\/down-vn.img.susercontent.com\/file\/vn-11134208-7ra0g-m85zdclyzeisca\" height=\"875\"><\/picture><\/div>\n<\/div>\n<p class=\"QN2lPu\">\n<div class=\"QN2lPu\">\n<div style=\"position: relative; width: 100%; padding-bottom: 100%;\"><picture class=\"UkIsx8\"><source srcset=\"https:\/\/down-vn.img.susercontent.com\/file\/vn-11134208-7ra0g-m85zdclz0t38c9@resize_w875_nl.webp 1x, https:\/\/down-vn.img.susercontent.com\/file\/vn-11134208-7ra0g-m85zdclz0t38c9@resize_w1750_nl.webp 2x\" type=\"image\/webp\" class=\"UkIsx8\"><img decoding=\"async\" width=\"875\" loading=\"lazy\" class=\"uXN1L5 lazyload QSLoEa GqYslU\" srcset=\"https:\/\/down-vn.img.susercontent.com\/file\/vn-11134208-7ra0g-m85zdclz0t38c9@resize_w875_nl 1x, https:\/\/down-vn.img.susercontent.com\/file\/vn-11134208-7ra0g-m85zdclz0t38c9@resize_w1750_nl 2x\" src=\"https:\/\/down-vn.img.susercontent.com\/file\/vn-11134208-7ra0g-m85zdclz0t38c9\" height=\"875\"><\/picture><\/div>\n<\/div>\n<\/div>\n","protected":false},"excerpt":{"rendered":"<p>&#8211; Lo\u1ea1i xe: Xe \u0111\u1ea1p Fixed Gear (xe \u0111\u1ea1p m\u1ed9t t\u1ed1c \u0111\u1ed9), l\u00fd t\u01b0\u1edfng cho nh\u1eefng ai y\u00eau th\u00edch s\u1ef1 nhanh nh\u1eb9n, \u0111\u01a1n gi\u1ea3n v\u00e0 hi\u1ec7u qu\u1ea3 trong vi\u1ec7c di chuy\u1ec3n tr\u00ean \u0111\u01b0\u1eddng ph\u1ed1. Xe kh\u00f4ng c\u00f3 c\u1ea7n s\u1ed1 v\u00e0 ch\u1ec9 c\u00f3 m\u1ed9t t\u1ed1c \u0111\u1ed9, gi\u00fap gi\u1ea3m tr\u1ecdng l\u01b0\u1ee3ng v\u00e0 t\u1ed1i gi\u1ea3n h\u00f3a c\u1ea5u tr\u00fac&#8230;<\/p>\n","protected":false},"featured_media":14499,"comment_status":"open","ping_status":"closed","template":"","meta":[],"product_brand":[1384],"product_cat":[1374],"product_tag":[],"class_list":{"0":"post-14419","1":"product","2":"type-product","3":"status-publish","4":"has-post-thumbnail","6":"product_brand-martin","7":"product_cat-dap-xe","9":"first","10":"instock","11":"sale","12":"featured","13":"shipping-taxable","14":"purchasable","15":"product-type-variable"},"_links":{"self":[{"href":"https:\/\/web-ban-le.mbws.vn\/oto-xe-may-xe-dap\/wp-json\/wp\/v2\/product\/14419","targetHints":{"allow":["GET"]}}],"collection":[{"href":"https:\/\/web-ban-le.mbws.vn\/oto-xe-may-xe-dap\/wp-json\/wp\/v2\/product"}],"about":[{"href":"https:\/\/web-ban-le.mbws.vn\/oto-xe-may-xe-dap\/wp-json\/wp\/v2\/types\/product"}],"replies":[{"embeddable":true,"href":"https:\/\/web-ban-le.mbws.vn\/oto-xe-may-xe-dap\/wp-json\/wp\/v2\/comments?post=14419"}],"wp:featuredmedia":[{"embeddable":true,"href":"https:\/\/web-ban-le.mbws.vn\/oto-xe-may-xe-dap\/wp-json\/wp\/v2\/media\/14499"}],"wp:attachment":[{"href":"https:\/\/web-ban-le.mbws.vn\/oto-xe-may-xe-dap\/wp-json\/wp\/v2\/media?parent=14419"}],"wp:term":[{"taxonomy":"product_brand","embeddable":true,"href":"https:\/\/web-ban-le.mbws.vn\/oto-xe-may-xe-dap\/wp-json\/wp\/v2\/product_brand?post=14419"},{"taxonomy":"product_cat","embeddable":true,"href":"https:\/\/web-ban-le.mbws.vn\/oto-xe-may-xe-dap\/wp-json\/wp\/v2\/product_cat?post=14419"},{"taxonomy":"product_tag","embeddable":true,"href":"https:\/\/web-ban-le.mbws.vn\/oto-xe-may-xe-dap\/wp-json\/wp\/v2\/product_tag?post=14419"}],"curies":[{"name":"wp","href":"https:\/\/api.w.org\/{rel}","templated":true}]}}