{"id":87,"date":"2025-06-20T09:04:57","date_gmt":"2025-06-20T02:04:57","guid":{"rendered":"https:\/\/core.mbws.vn\/?page_id=87"},"modified":"2025-10-23T09:51:04","modified_gmt":"2025-10-23T02:51:04","slug":"gioi-thieu","status":"publish","type":"page","link":"https:\/\/web-ban-le.mbws.vn\/phu-kien-trang-suc\/gioi-thieu\/","title":{"rendered":"Gi\u1edbi thi\u1ec7u"},"content":{"rendered":"\n\t<section class=\"section\" id=\"section_795806957\">\n\t\t<div class=\"section-bg fill\" >\n\t\t\t\t\t\t\t\t\t\n\t\t\t\n\n\t\t<\/div>\n\n\t\t\n\n\t\t<div class=\"section-content relative\">\n\t\t\t\n<div class=\"row align-middle\"  id=\"row-1500472207\">\n\n\t<div id=\"col-264393604\" class=\"col medium-5 small-12 large-5\"  >\n\t\t\t\t<div class=\"col-inner\"  >\n\t\t\t\n\t\t\t\n\n  <div class=\"banner has-hover\" id=\"banner-1474833609\">\n          <div class=\"banner-inner fill\">\n        <div class=\"banner-bg fill\" >\n            <img loading=\"lazy\" decoding=\"async\" width=\"683\" height=\"1024\" src=\"https:\/\/web-ban-le.mbws.vn\/wp-content\/uploads\/sites\/10\/2025\/10\/young-japanese-couple-683x1024.jpg\" class=\"bg attachment-large size-large\" alt=\"\" \/>                                    \n                    <\/div>\n\t\t\n        <div class=\"banner-layers container\">\n            <div class=\"fill banner-link\"><\/div>            \n   <div id=\"text-box-2144315786\" class=\"text-box banner-layer x50 md-x50 lg-x50 y50 md-y50 lg-y50 res-text\">\n                                <div class=\"text-box-content text dark\">\n              \n              <div class=\"text-inner text-center\">\n                  \n              <\/div>\n           <\/div>\n                            \n<style>\n#text-box-2144315786 {\n  width: 60%;\n}\n#text-box-2144315786 .text-box-content {\n  font-size: 100%;\n}\n@media (min-width:550px) {\n  #text-box-2144315786 {\n    width: 60%;\n  }\n}\n<\/style>\n    <\/div>\n \n        <\/div>\n      <\/div>\n\n            \n<style>\n#banner-1474833609 {\n  padding-top: 400px;\n  background-color: rgb(255, 255, 255);\n}\n#banner-1474833609 .banner-bg img {\n  object-position: 50% 0%;\n}\n@media (min-width:550px) {\n  #banner-1474833609 {\n    padding-top: 600px;\n  }\n}\n<\/style>\n  <\/div>\n\n\n\t\t<\/div>\n\t\t\t\t\t<\/div>\n\n\t\n\n\t<div id=\"col-1752079679\" class=\"col medium-7 small-12 large-7\"  >\n\t\t\t\t<div class=\"col-inner\"  >\n\t\t\t\n\t\t\t\n<div class=\"container section-title-container\" ><h1 class=\"section-title section-title-normal\"><b><\/b><span class=\"section-title-main\" >Gi\u1edbi thi\u1ec7u<\/span><b><\/b><\/h1><\/div>\n<p><b>Ph\u1ee5 Ki\u1ec7n & Trang S\u1ee9c<\/b> t\u1ef1 h\u00e0o l\u00e0 \u0111\u1ecba ch\u1ec9 mua s\u1eafm tin c\u1eady, mang \u0111\u1ebfn cho kh\u00e1ch h\u00e0ng v\u00f4 s\u1ed1 l\u1ef1a ch\u1ecdn s\u1ea3n ph\u1ea9m ch\u1ea5t l\u01b0\u1ee3ng t\u1eeb nhi\u1ec1u th\u01b0\u01a1ng hi\u1ec7u uy t\u00edn. Ch\u00fang t\u00f4i cam k\u1ebft cung c\u1ea5p h\u00e0ng h\u00f3a ch\u00ednh h\u00e3ng 100%, gi\u00e1 th\u00e0nh c\u1ea1nh tranh, c\u00f9ng h\u00e0ng lo\u1ea1t ch\u01b0\u01a1ng tr\u00ecnh \u01b0u \u0111\u00e3i h\u1ea5p d\u1eabn xuy\u00ean su\u1ed1t n\u0103m.<\/p>\n<p>S\u1ea3n ph\u1ea9m t\u1ea1i <b>Ph\u1ee5 Ki\u1ec7n & Trang S\u1ee9c<\/b> \u0111\u01b0\u1ee3c c\u1eadp nh\u1eadt li\u00ean t\u1ee5c, \u0111\u00e1p \u1ee9ng \u0111a d\u1ea1ng nhu c\u1ea7u c\u1ee7a kh\u00e1ch h\u00e0ng \u2013 t\u1eeb nh\u1eefng m\u1eb7t h\u00e0ng thi\u1ebft y\u1ebfu h\u00e0ng ng\u00e0y cho \u0111\u1ebfn c\u00e1c s\u1ea3n ph\u1ea9m c\u00f4ng ngh\u1ec7, th\u1eddi trang, gia d\u1ee5ng, m\u1ef9 ph\u1ea9m v\u00e0 nhi\u1ec1u l\u0129nh v\u1ef1c kh\u00e1c. Kh\u00e1ch h\u00e0ng d\u1ec5 d\u00e0ng l\u1ef1a ch\u1ecdn gi\u1eefa v\u00f4 s\u1ed1 m\u1eabu m\u00e3, ki\u1ec3u d\u00e1ng, m\u00e0u s\u1eafc, ph\u00f9 h\u1ee3p v\u1edbi m\u1ecdi phong c\u00e1ch s\u1ed1ng.<\/p>\n<p>\u0110\u1ed9i ng\u0169 nh\u00e2n vi\u00ean t\u01b0 v\u1ea5n chuy\u00ean nghi\u1ec7p, t\u1eadn t\u00e2m v\u00e0 gi\u00e0u kinh nghi\u1ec7m lu\u00f4n s\u1eb5n s\u00e0ng h\u1ed7 tr\u1ee3 gi\u1ea3i \u0111\u00e1p th\u1eafc m\u1eafc, \u0111\u1ed3ng h\u00e0nh c\u00f9ng kh\u00e1ch h\u00e0ng trong su\u1ed1t qu\u00e1 tr\u00ecnh mua s\u1eafm. Ch\u00fang t\u00f4i ch\u00fa tr\u1ecdng x\u00e2y d\u1ef1ng d\u1ecbch v\u1ee5 ch\u0103m s\u00f3c kh\u00e1ch h\u00e0ng chu \u0111\u00e1o, ch\u00ednh s\u00e1ch h\u1eadu m\u00e3i r\u00f5 r\u00e0ng, giao h\u00e0ng nhanh ch\u00f3ng v\u00e0 \u0111\u1ea3m b\u1ea3o quy\u1ec1n l\u1ee3i t\u1ed1i \u0111a cho ng\u01b0\u1eddi ti\u00eau d\u00f9ng.<\/p>\n<p><b>Ph\u1ee5 Ki\u1ec7n & Trang S\u1ee9c<\/b> \u2013 \u0110\u1ecba ch\u1ec9 mua s\u1eafm \u0111\u00e1ng tin c\u1eady, \u0111a d\u1ea1ng s\u1ea3n ph\u1ea9m, d\u1ecbch v\u1ee5 t\u1eadn t\u00e2m, lu\u00f4n h\u01b0\u1edbng t\u1edbi s\u1ef1 h\u00e0i l\u00f2ng tuy\u1ec7t \u0111\u1ed1i c\u1ee7a kh\u00e1ch h\u00e0ng.<\/p>\n<a href=\"\/cua-hang\" class=\"button primary reveal-icon\"  style=\"border-radius:5px;\">\n\t\t<span>Mua h\u00e0ng ngay<\/span>\n\t<i class=\"icon-shopping-cart\" aria-hidden=\"true\" ><\/i><\/a>\n\n<a href=\"\/lien-he\" class=\"button secondary is-outline\"  style=\"border-radius:5px;\">\n\t\t<span>Li\u00ean h\u1ec7<\/span>\n\t<\/a>\n\n\t\t<\/div>\n\t\t\t\t\n<style>\n#col-1752079679 > .col-inner {\n  padding: 0px 1% 0px 1%;\n}\n@media (min-width:550px) {\n  #col-1752079679 > .col-inner {\n    padding: 0px 2% 0px 2%;\n  }\n}\n@media (min-width:850px) {\n  #col-1752079679 > .col-inner {\n    padding: 0px 0px 0px 5%;\n  }\n}\n<\/style>\n\t<\/div>\n\n\t\n<\/div>\n\t\t<\/div>\n\n\t\t\n<style>\n#section_795806957 {\n  padding-top: 30px;\n  padding-bottom: 30px;\n}\n<\/style>\n\t<\/section>\n\t\n","protected":false},"excerpt":{"rendered":"","protected":false},"author":1,"featured_media":0,"parent":0,"menu_order":12,"comment_status":"closed","ping_status":"closed","template":"page-blank.php","meta":{"footnotes":""},"class_list":["post-87","page","type-page","status-publish","hentry"],"_links":{"self":[{"href":"https:\/\/web-ban-le.mbws.vn\/phu-kien-trang-suc\/wp-json\/wp\/v2\/pages\/87","targetHints":{"allow":["GET"]}}],"collection":[{"href":"https:\/\/web-ban-le.mbws.vn\/phu-kien-trang-suc\/wp-json\/wp\/v2\/pages"}],"about":[{"href":"https:\/\/web-ban-le.mbws.vn\/phu-kien-trang-suc\/wp-json\/wp\/v2\/types\/page"}],"author":[{"embeddable":true,"href":"https:\/\/web-ban-le.mbws.vn\/phu-kien-trang-suc\/wp-json\/wp\/v2\/users\/1"}],"replies":[{"embeddable":true,"href":"https:\/\/web-ban-le.mbws.vn\/phu-kien-trang-suc\/wp-json\/wp\/v2\/comments?post=87"}],"version-history":[{"count":30,"href":"https:\/\/web-ban-le.mbws.vn\/phu-kien-trang-suc\/wp-json\/wp\/v2\/pages\/87\/revisions"}],"predecessor-version":[{"id":11422,"href":"https:\/\/web-ban-le.mbws.vn\/phu-kien-trang-suc\/wp-json\/wp\/v2\/pages\/87\/revisions\/11422"}],"wp:attachment":[{"href":"https:\/\/web-ban-le.mbws.vn\/phu-kien-trang-suc\/wp-json\/wp\/v2\/media?parent=87"}],"curies":[{"name":"wp","href":"https:\/\/api.w.org\/{rel}","templated":true}]}}