{"id":13866,"date":"2025-10-23T11:41:36","date_gmt":"2025-10-23T04:41:36","guid":{"rendered":"https:\/\/web-ban-le.mbws.vn\/phu-kien-trang-suc\/?post_type=product&#038;p=13866"},"modified":"2025-10-23T11:43:36","modified_gmt":"2025-10-23T04:43:36","slug":"day-chuyen-nu-bac-xi-bach-kim-lavesta-lav172-pony-thiet-ke-mat-ngua-hong-nho-mang-bieu-tuong-bao-ho-va-dong-hanh","status":"publish","type":"product","link":"https:\/\/web-ban-le.mbws.vn\/phu-kien-trang-suc\/san-pham\/day-chuyen-nu-bac-xi-bach-kim-lavesta-lav172-pony-thiet-ke-mat-ngua-hong-nho-mang-bieu-tuong-bao-ho-va-dong-hanh\/","title":{"rendered":"D\u00e2y chuy\u1ec1n n\u1eef b\u1ea1c xi b\u1ea1ch kim LAVESTA LAV172 Pony thi\u1ebft k\u1ebf m\u1eb7t ng\u1ef1a h\u1ed3ng nh\u1ecf mang bi\u1ec3u t\u01b0\u1ee3ng b\u1ea3o h\u1ed9 v\u00e0 \u0111\u1ed3ng h\u00e0nh"},"content":{"rendered":"<div class=\"e8lZp3\">\n<p class=\"QN2lPu\">D\u00e2y chuy\u1ec1n n\u1eef b\u1ea1c xi b\u1ea1ch kim LAVESTA LAV172 Pony thi\u1ebft k\u1ebf m\u1eb7t ng\u1ef1a h\u1ed3ng nh\u1ecf mang bi\u1ec3u t\u01b0\u1ee3ng b\u1ea3o h\u1ed9 v\u00e0 \u0111\u1ed3ng h\u00e0nh<\/p>\n<p class=\"QN2lPu\">\u0110\u01b0\u1ee3c thi\u1ebft k\u1ebf n\u1ed5i b\u1eadt l\u00e0 charm Pony h\u1ed3ng \u00e1nh nh\u0169, k\u1ebft h\u1ee3p c\u00f9ng ng\u00f4i sao v\u00e0 \u0111\u00e1 s\u00e1ng long lanh, t\u1ea1o n\u00ean v\u1ebb ngo\u00e0i v\u1eeba \u0111\u00e1ng y\u00eau, v\u1eeba thanh l\u1ecbch. Lavesta \u0111\u00e3 kh\u00e9o l\u00e9o s\u1eed d\u1ee5ng ch\u1ea5t li\u1ec7u b\u1ea1c cao c\u1ea5p v\u00e0 s\u1eafc h\u1ed3ng ng\u1ecdt ng\u00e0o t\u00f4n l\u00ean n\u00e9t tr\u1ebb trung nh\u01b0ng v\u1eabn gi\u1eef s\u1ef1 tinh t\u1ebf, sang tr\u1ecdng.<\/p>\n<p class=\"QN2lPu\">\n<p class=\"QN2lPu\">&#8211; Bi\u1ec3u t\u01b0\u1ee3ng &amp; \u00fd ngh\u0129a:<\/p>\n<p class=\"QN2lPu\"> \u2022 Pony l\u00e0 \u0111\u1ea1i di\u1ec7n cho s\u1ef1 h\u1ed3n nhi\u00ean, t\u1ef1 do v\u00e0 ni\u1ec1m vui s\u1ed1ng.<\/p>\n<p class=\"QN2lPu\"> \u2022 L\u00e0 ng\u01b0\u1eddi b\u1ea1n \u0111\u1ed3ng h\u00e0nh nh\u1ecf b\u00e9, mang \u0111\u1ebfn s\u1ef1 an y\u00ean v\u00e0 ti\u1ebfp th\u00eam s\u1ee9c m\u1ea1nh tinh th\u1ea7n.<\/p>\n<p class=\"QN2lPu\"> \u2022 K\u1ebft h\u1ee3p c\u00f9ng s\u1eafc h\u1ed3ng d\u1ecbu d\u00e0ng v\u00e0 \u00e1nh sao m\u01a1 m\u1ed9ng, b\u1ed9 trang s\u1ee9c n\u00e0y tr\u1edf th\u00e0nh l\u00e1 b\u00f9a c\u1ee7a tu\u1ed5i tr\u1ebb, \u01b0\u1edbc m\u01a1 v\u00e0 t\u00ecnh b\u1ea1n.<\/p>\n<p class=\"QN2lPu\">\n<p class=\"QN2lPu\">&#8211; Khi s\u1edf h\u1eefu:<\/p>\n<p class=\"QN2lPu\"> \u2022 B\u1ea1n s\u1ebd lu\u00f4n mang b\u00ean m\u00ecnh n\u0103ng l\u01b0\u1ee3ng t\u00edch c\u1ef1c v\u00e0 s\u1ef1 t\u1ef1 tin.<\/p>\n<p class=\"QN2lPu\"> \u2022 Ho\u00e0n h\u1ea3o \u0111\u1ec3 kh\u1eb3ng \u0111\u1ecbnh c\u00e1 t\u00ednh ri\u00eang, v\u1eeba ng\u1ecdt ng\u00e0o v\u1eeba \u0111\u1eb3ng c\u1ea5p.<\/p>\n<p class=\"QN2lPu\"> \u2022 L\u00e0 m\u00f3n qu\u00e0 tuy\u1ec7t v\u1eddi \u0111\u1ec3 g\u1eedi g\u1eafm t\u00ecnh c\u1ea3m, s\u1ef1 \u0111\u1ed3ng h\u00e0nh v\u00e0 l\u1eddi ch\u00fac an l\u00e0nh.<\/p>\n<div class=\"QN2lPu\">\n<div style=\"position: relative; width: 100%; padding-bottom: 100%;\"><picture class=\"UkIsx8\"><source srcset=\"https:\/\/down-vn.img.susercontent.com\/file\/vn-11134208-820l4-mejowjs1h8u80e@resize_w875_nl.webp 1x, https:\/\/down-vn.img.susercontent.com\/file\/vn-11134208-820l4-mejowjs1h8u80e@resize_w1750_nl.webp 2x\" type=\"image\/webp\" class=\"UkIsx8\"><img decoding=\"async\" width=\"875\" loading=\"lazy\" class=\"uXN1L5 lazyload GqYslU\" srcset=\"https:\/\/down-vn.img.susercontent.com\/file\/vn-11134208-820l4-mejowjs1h8u80e@resize_w875_nl 1x, https:\/\/down-vn.img.susercontent.com\/file\/vn-11134208-820l4-mejowjs1h8u80e@resize_w1750_nl 2x\" src=\"https:\/\/down-vn.img.susercontent.com\/file\/vn-11134208-820l4-mejowjs1h8u80e\" height=\"875\"><\/picture><\/div>\n<\/div>\n<div class=\"QN2lPu\">\n<div style=\"position: relative; width: 100%; padding-bottom: 100%;\"><picture class=\"UkIsx8\"><source srcset=\"https:\/\/down-vn.img.susercontent.com\/file\/vn-11134208-7ra0g-mafbc2eq502495@resize_w875_nl.webp 1x, https:\/\/down-vn.img.susercontent.com\/file\/vn-11134208-7ra0g-mafbc2eq502495@resize_w1750_nl.webp 2x\" type=\"image\/webp\" class=\"UkIsx8\"><img decoding=\"async\" width=\"875\" loading=\"lazy\" class=\"uXN1L5 lazyload GqYslU\" srcset=\"https:\/\/down-vn.img.susercontent.com\/file\/vn-11134208-7ra0g-mafbc2eq502495@resize_w875_nl 1x, https:\/\/down-vn.img.susercontent.com\/file\/vn-11134208-7ra0g-mafbc2eq502495@resize_w1750_nl 2x\" src=\"https:\/\/down-vn.img.susercontent.com\/file\/vn-11134208-7ra0g-mafbc2eq502495\" height=\"875\"><\/picture><\/div>\n<\/div>\n<div class=\"QN2lPu\">\n<div style=\"position: relative; width: 100%; padding-bottom: 100%;\"><picture class=\"UkIsx8\"><source srcset=\"https:\/\/down-vn.img.susercontent.com\/file\/vn-11134208-7r98o-lt24gmnyu7q1d0@resize_w875_nl.webp 1x, https:\/\/down-vn.img.susercontent.com\/file\/vn-11134208-7r98o-lt24gmnyu7q1d0@resize_w1750_nl.webp 2x\" type=\"image\/webp\" class=\"UkIsx8\"><img decoding=\"async\" width=\"875\" loading=\"lazy\" class=\"uXN1L5 lazyload GqYslU\" srcset=\"https:\/\/down-vn.img.susercontent.com\/file\/vn-11134208-7r98o-lt24gmnyu7q1d0@resize_w875_nl 1x, https:\/\/down-vn.img.susercontent.com\/file\/vn-11134208-7r98o-lt24gmnyu7q1d0@resize_w1750_nl 2x\" src=\"https:\/\/down-vn.img.susercontent.com\/file\/vn-11134208-7r98o-lt24gmnyu7q1d0\" height=\"875\"><\/picture><\/div>\n<\/div>\n<p class=\"QN2lPu\">TH\u00d4NG TIN S\u1ea2N PH\u1ea8M<\/p>\n<p class=\"QN2lPu\">&#8211; Ch\u1ea5t li\u1ec7u v\u00f2ng c\u1ed5: B\u1ea1c xi b\u1ea1ch kim &#8211; B\u1ea3o h\u00e0nh \u0111\u00e1nh s\u00e1ng tr\u1ecdn \u0111\u1eddi<\/p>\n<p class=\"QN2lPu\">&#8211; \u0110\u00e1 CZ cao c\u1ea5p r\u1ea5t th\u00edch h\u1ee3p \u0111\u1ec3 l\u00e0m qu\u00e0 t\u1eb7ng <\/p>\n<p class=\"QN2lPu\">\n<p class=\"QN2lPu\">LAVESTA CAM K\u1ebeT<\/p>\n<p class=\"QN2lPu\">&#8211; 100% s\u1ea3n ph\u1ea9m d\u00e2y chuy\u1ec1n l\u00e0 b\u1ea1c nguy\u00ean ch\u1ea5t &#8211; Kh\u00f4ng \u0111\u00fang \u0110\u1ec0N g\u1ea5p 10 l\u1ea7n gi\u00e1 tr\u1ecb<\/p>\n<p class=\"QN2lPu\">&#8211; Gi\u00e1 b\u00e1n T\u1ed0T NH\u1ea4T &#8211; Ch\u1ea5t l\u01b0\u1ee3ng CAO NH\u1ea4T<\/p>\n<p class=\"QN2lPu\">&#8211; S\u1ea3n ph\u1ea9m \u0111\u01b0\u1ee3c ki\u1ec3m tra c\u1ea9n th\u1eadn, k\u0129 c\u00e0ng tr\u01b0\u1edbc khi \u0111\u01b0\u1ee3c giao cho Qu\u00fd kh\u00e1ch<\/p>\n<p class=\"QN2lPu\">&#8211; Ho\u00e0n ti\u1ec1n n\u1ebfu s\u1ea3n ph\u1ea9m kh\u00f4ng \u0111\u00fang v\u1edbi m\u00f4 t\u1ea3<\/p>\n<p class=\"QN2lPu\">&#8211; Giao h\u00e0ng to\u00e0n qu\u1ed1c, thanh to\u00e1n khi nh\u1eadn h\u00e0ng<\/p>\n<p class=\"QN2lPu\">&#8211; H\u1ed7 tr\u1ee3 \u0111\u1ed5i tr\u1ea3 h\u00e0ng 7 ng\u00e0y theo quy \u0111\u1ecbnh c\u1ee7a Shopee<\/p>\n<p class=\"QN2lPu\">&#8211; B\u1ea3o h\u00e0nh TR\u1eccN \u0110\u1edcI<\/p>\n<p class=\"QN2lPu\">\n<p class=\"QN2lPu\">Ngo\u00e0i ra, LAVESTA xin chia s\u1ebb m\u1ed9t s\u1ed1 tips h\u1eefu d\u1ee5ng \u0111\u1ec3 l\u00e0m s\u00e1ng trang s\u1ee9c b\u1ea1c t\u1ea1i nh\u00e0:<\/p>\n<p class=\"QN2lPu\">&#8211; Ch\u00e0 nh\u1eb9 kem \u0111\u00e1nh r\u0103ng, n\u01b0\u1edbc r\u1eeda b\u00e1t ho\u1eb7c n\u01b0\u1edbc chanh l\u00ean s\u1ea3n ph\u1ea9m b\u1ea1c, sau \u0111\u00f3 r\u1eeda s\u1ea1ch b\u1eb1ng n\u01b0\u1edbc \u1ea5m r\u1ed3i lau kh\u00f4<\/p>\n<p class=\"QN2lPu\">&#8211; D\u00f9ng kh\u0103n lau b\u1ea1c chuy\u00ean d\u1ee5ng lau nh\u1eb9 nh\u00e0ng b\u1ec1 m\u1eb7t trang s\u1ee9c m\u1ed7i ng\u00e0y<\/p>\n<p class=\"QN2lPu\">\n<p class=\"QN2lPu\">L\u01b0u \u00fd: Do \u0111i\u1ec1u ki\u1ec7n \u00e1nh s\u00e1ng, n\u00ean m\u00e0u s\u1eafc s\u1ea3n ph\u1ea9m c\u00f3 th\u1ec3 ch\u00eanh l\u1ec7ch ko \u0111\u00e1ng k\u1ec3<\/p>\n<p class=\"QN2lPu\">\n<p class=\"QN2lPu\">#trangsuclavesta #bacxibachkim #vongco #daychuyenbac #lavestasilver #lavesta_silver #daychuyennu #vongconu #daychuyensangtrong #vongcotinhte #daychuyennu #vongconu #nhan #nhannu #nhanbacnu #quatang2010 #quatangbangai <\/p>\n<\/div>\n","protected":false},"excerpt":{"rendered":"<p>D\u00e2y chuy\u1ec1n n\u1eef b\u1ea1c xi b\u1ea1ch kim LAVESTA LAV172 Pony thi\u1ebft k\u1ebf m\u1eb7t ng\u1ef1a h\u1ed3ng nh\u1ecf mang bi\u1ec3u t\u01b0\u1ee3ng b\u1ea3o h\u1ed9 v\u00e0 \u0111\u1ed3ng h\u00e0nh \u0110\u01b0\u1ee3c thi\u1ebft k\u1ebf n\u1ed5i b\u1eadt l\u00e0 charm Pony h\u1ed3ng \u00e1nh nh\u0169, k\u1ebft h\u1ee3p c\u00f9ng ng\u00f4i sao v\u00e0 \u0111\u00e1 s\u00e1ng long lanh, t\u1ea1o n\u00ean v\u1ebb ngo\u00e0i v\u1eeba \u0111\u00e1ng y\u00eau, v\u1eeba thanh l\u1ecbch&#8230;.<\/p>\n","protected":false},"featured_media":14023,"comment_status":"open","ping_status":"closed","template":"","meta":[],"product_brand":[],"product_cat":[1210],"product_tag":[],"class_list":{"0":"post-13866","1":"product","2":"type-product","3":"status-publish","4":"has-post-thumbnail","6":"product_cat-day-chuyen","8":"first","9":"instock","10":"sale","11":"shipping-taxable","12":"product-type-simple"},"_links":{"self":[{"href":"https:\/\/web-ban-le.mbws.vn\/phu-kien-trang-suc\/wp-json\/wp\/v2\/product\/13866","targetHints":{"allow":["GET"]}}],"collection":[{"href":"https:\/\/web-ban-le.mbws.vn\/phu-kien-trang-suc\/wp-json\/wp\/v2\/product"}],"about":[{"href":"https:\/\/web-ban-le.mbws.vn\/phu-kien-trang-suc\/wp-json\/wp\/v2\/types\/product"}],"replies":[{"embeddable":true,"href":"https:\/\/web-ban-le.mbws.vn\/phu-kien-trang-suc\/wp-json\/wp\/v2\/comments?post=13866"}],"wp:featuredmedia":[{"embeddable":true,"href":"https:\/\/web-ban-le.mbws.vn\/phu-kien-trang-suc\/wp-json\/wp\/v2\/media\/14023"}],"wp:attachment":[{"href":"https:\/\/web-ban-le.mbws.vn\/phu-kien-trang-suc\/wp-json\/wp\/v2\/media?parent=13866"}],"wp:term":[{"taxonomy":"product_brand","embeddable":true,"href":"https:\/\/web-ban-le.mbws.vn\/phu-kien-trang-suc\/wp-json\/wp\/v2\/product_brand?post=13866"},{"taxonomy":"product_cat","embeddable":true,"href":"https:\/\/web-ban-le.mbws.vn\/phu-kien-trang-suc\/wp-json\/wp\/v2\/product_cat?post=13866"},{"taxonomy":"product_tag","embeddable":true,"href":"https:\/\/web-ban-le.mbws.vn\/phu-kien-trang-suc\/wp-json\/wp\/v2\/product_tag?post=13866"}],"curies":[{"name":"wp","href":"https:\/\/api.w.org\/{rel}","templated":true}]}}