{"id":14667,"date":"2025-10-24T09:42:34","date_gmt":"2025-10-24T02:42:34","guid":{"rendered":"https:\/\/web-ban-le.mbws.vn\/sac-dep\/?post_type=product&#038;p=14667"},"modified":"2025-11-04T13:31:56","modified_gmt":"2025-11-04T06:31:56","slug":"kem-lot-trang-diem-carslan-3-mau-tuy-chon-35g","status":"publish","type":"product","link":"https:\/\/web-ban-le.mbws.vn\/sac-dep\/san-pham\/kem-lot-trang-diem-carslan-3-mau-tuy-chon-35g\/","title":{"rendered":"Kem L\u00f3t Trang \u0110i\u1ec3m Carslan 3 M\u00e0u T\u00f9y Ch\u1ecdn 35g"},"content":{"rendered":"<div class=\"e8lZp3\">\n<p class=\"QN2lPu\">Th\u1eddi gian giao h\u00e0ng d\u1ef1 ki\u1ebfn cho s\u1ea3n ph\u1ea9m n\u00e0y l\u00e0 t\u1eeb 7-9 ng\u00e0y<\/p>\n<p class=\"QN2lPu\">\n<p class=\"QN2lPu\"> C\u1eeda h\u00e0ng ch\u00ednh th\u1ee9c Carslan<\/p>\n<p class=\"QN2lPu\">\n<p class=\"QN2lPu\"> L\u00e0 m\u1ed9t th\u01b0\u01a1ng hi\u1ec7u m\u1ef9 ph\u1ea9m h\u00e0ng \u0111\u1ea7u t\u1ea1i Trung Qu\u1ed1c, Carslan lu\u00f4n b\u1eaft k\u1ecbp xu h\u01b0\u1edbng th\u1ebf gi\u1edbi v\u00e0 t\u1eadp trung v\u00e0o vi\u1ec7c kh\u00e1m ph\u00e1 v\u00e0 th\u1ec3 hi\u1ec7n v\u1ebb \u0111\u1eb9p. Truy\u1ec1n t\u1ea3i n\u0103ng l\u01b0\u1ee3ng t\u00edch c\u1ef1c c\u1ee7a th\u1eddi trang v\u00e0 v\u1ebb \u0111\u1eb9p cho con ng\u01b0\u1eddi hi\u1ec7n \u0111\u1ea1i<\/p>\n<p class=\"QN2lPu\">\n<p class=\"QN2lPu\"> 1. Ch\u1ee9a th\u00e0nh ph\u1ea7n AQUAXYL<\/p>\n<p class=\"QN2lPu\"> L\u00e0m cho da ng\u1eadm n\u01b0\u1edbc v\u00e0 s\u00e1ng b\u00f3ng<\/p>\n<p class=\"QN2lPu\">\n<p class=\"QN2lPu\"> 2. Gi\u00e0u y\u1ebfu t\u1ed1 tr\u1eef n\u01b0\u1edbc axit hyaluronic<\/p>\n<p class=\"QN2lPu\"> Kh\u00f3a c\u00e1c ph\u00e2n t\u1eed n\u01b0\u1edbc d\u01b0\u1edbi \u0111\u00e1y da<\/p>\n<p class=\"QN2lPu\">\n<p class=\"QN2lPu\"> 01 # T\u1ef1 nhi\u00ean<\/p>\n<p class=\"QN2lPu\"> Ph\u00f9 h\u1ee3p v\u1edbi: Ng\u01b0\u1eddi c\u00f3 n\u01b0\u1edbc da tr\u1eafng, c\u1ea7n t\u1ea1o l\u1edbp trang \u0111i\u1ec3m t\u1ef1 nhi\u00ean<\/p>\n<p class=\"QN2lPu\"> 02 # T\u00edm<\/p>\n<p class=\"QN2lPu\"> Th\u00edch h\u1ee3p cho: Ng\u01b0\u1eddi c\u00f3 n\u01b0\u1edbc da h\u01a1i v\u00e0ng, da x\u1ec9n m\u00e0u v\u00e0 kh\u00f4ng \u0111\u1ec1u m\u00e0u<\/p>\n<p class=\"QN2lPu\"> 03 # Xanh l\u1ee5c<\/p>\n<p class=\"QN2lPu\"> Th\u00edch h\u1ee3p cho: Nh\u1eefng ng\u01b0\u1eddi c\u00f3 l\u00e0n da \u0111\u1ecf v\u00e0 c\u00f3 v\u1ebft m\u1ee5n<\/p>\n<p class=\"QN2lPu\">\n<p class=\"QN2lPu\"> G\u00f3i h\u00e0ng bao g\u1ed3m \uff1a<\/p>\n<p class=\"QN2lPu\"> 1 * Kem l\u00f3t trang \u0111i\u1ec3m<\/p>\n<p class=\"QN2lPu\">\n<p class=\"QN2lPu\"> Th\u01b0\u01a1ng hi\u1ec7u: CARSLAN<\/p>\n<p class=\"QN2lPu\"> Xu\u1ea5t x\u1ee9: S\u1ea3n xu\u1ea5t t\u1ea1i Trung Qu\u1ed1c<\/p>\n<p class=\"QN2lPu\"> M\u00e0u s\u1eafc: 3 m\u00e0u<\/p>\n<p class=\"QN2lPu\"> KH\u1ed0I L\u01af\u1ee2NG T\u1ecaNH: 35g<\/p>\n<p class=\"QN2lPu\"> Th\u1eddi h\u1ea1n s\u1eed d\u1ee5ng: 36 th\u00e1ng<\/p>\n<p class=\"QN2lPu\">\n<p class=\"QN2lPu\"> H\u01b0\u1edbng d\u1eabn s\u1eed d\u1ee5ng:<\/p>\n<p class=\"QN2lPu\"> L\u1ea5y m\u1ed9t l\u01b0\u1ee3ng kem l\u00f3t trang \u0111i\u1ec3m th\u00edch h\u1ee3p thoa \u0111\u1ec1u l\u00ean tr\u00e1n, m\u00e1, c\u1eb1m v\u00e0 nh\u1eb9 nh\u00e0ng \u0111\u1ea9y \u0111\u1ec1u m\u00e0u da.<\/p>\n<p class=\"QN2lPu\">\n<p class=\"QN2lPu\"> Th\u00e0nh ph\u1ea7n:<\/p>\n<p class=\"QN2lPu\"> &#8220;N\u01b0\u1edbc&#8221;, &#8220;niacinamide&#8221;, &#8220;(xylitol glucoside, anhydroxylitol, xylitol, water, glucose)&#8221;, &#8220;(n\u01b0\u1edbc, 1,2-hexanediol, bio-carbohydrate-4)&#8221;, &#8220;Sodium Hyaluronate&#8221;, &#8220;Hydrolyzed Sodium Hyaluronate &#8220;,&#8221; (N\u01b0\u1edbc, PAEONIA SUFFRUTICOSA) Chi\u1ebft xu\u1ea5t, Propylene Glycol, Glycerin, Butylene Glycol, Ethylhexyl Glycerin, Phenoxyethanol, Centella Asiatica (CENTELLA ASIATICA) chi\u1ebft xu\u1ea5t, chi\u1ebft xu\u1ea5t c\u00e1m g\u1ea1o (ORYZA SATIVA), y\u1ebfn m\u1ea1ch (AVENA SATIVA) peptide, b\u1ea1ch qu\u1ea3 (GINKGO) BILOBA) chi\u1ebft xu\u1ea5t t\u1eeb \u200b\u200bl\u00e1) &#8220;<\/p>\n<p class=\"QN2lPu\">\n<p class=\"QN2lPu\"> H\u01b0\u1edbng d\u1eabn b\u1ea3o qu\u1ea3n: \u0110\u1ec3 n\u01a1i tho\u00e1ng m\u00e1t, tr\u00e1nh \u00e1nh n\u1eafng m\u1eb7t tr\u1eddi<\/p>\n<\/div>\n","protected":false},"excerpt":{"rendered":"<p>Th\u1eddi gian giao h\u00e0ng d\u1ef1 ki\u1ebfn cho s\u1ea3n ph\u1ea9m n\u00e0y l\u00e0 t\u1eeb 7-9 ng\u00e0y C\u1eeda h\u00e0ng ch\u00ednh th\u1ee9c Carslan L\u00e0 m\u1ed9t th\u01b0\u01a1ng hi\u1ec7u m\u1ef9 ph\u1ea9m h\u00e0ng \u0111\u1ea7u t\u1ea1i Trung Qu\u1ed1c, Carslan lu\u00f4n b\u1eaft k\u1ecbp xu h\u01b0\u1edbng th\u1ebf gi\u1edbi v\u00e0 t\u1eadp trung v\u00e0o vi\u1ec7c kh\u00e1m ph\u00e1 v\u00e0 th\u1ec3 hi\u1ec7n v\u1ebb \u0111\u1eb9p. Truy\u1ec1n t\u1ea3i n\u0103ng l\u01b0\u1ee3ng t\u00edch&#8230;<\/p>\n","protected":false},"featured_media":14722,"comment_status":"open","ping_status":"closed","template":"","meta":[],"product_brand":[1536],"product_cat":[1269],"product_tag":[],"class_list":{"0":"post-14667","1":"product","2":"type-product","3":"status-publish","4":"has-post-thumbnail","6":"product_brand-carslan","7":"product_cat-mat-kem-lot","9":"first","10":"instock","11":"sale","12":"shipping-taxable","13":"purchasable","14":"product-type-variable"},"_links":{"self":[{"href":"https:\/\/web-ban-le.mbws.vn\/sac-dep\/wp-json\/wp\/v2\/product\/14667","targetHints":{"allow":["GET"]}}],"collection":[{"href":"https:\/\/web-ban-le.mbws.vn\/sac-dep\/wp-json\/wp\/v2\/product"}],"about":[{"href":"https:\/\/web-ban-le.mbws.vn\/sac-dep\/wp-json\/wp\/v2\/types\/product"}],"replies":[{"embeddable":true,"href":"https:\/\/web-ban-le.mbws.vn\/sac-dep\/wp-json\/wp\/v2\/comments?post=14667"}],"wp:featuredmedia":[{"embeddable":true,"href":"https:\/\/web-ban-le.mbws.vn\/sac-dep\/wp-json\/wp\/v2\/media\/14722"}],"wp:attachment":[{"href":"https:\/\/web-ban-le.mbws.vn\/sac-dep\/wp-json\/wp\/v2\/media?parent=14667"}],"wp:term":[{"taxonomy":"product_brand","embeddable":true,"href":"https:\/\/web-ban-le.mbws.vn\/sac-dep\/wp-json\/wp\/v2\/product_brand?post=14667"},{"taxonomy":"product_cat","embeddable":true,"href":"https:\/\/web-ban-le.mbws.vn\/sac-dep\/wp-json\/wp\/v2\/product_cat?post=14667"},{"taxonomy":"product_tag","embeddable":true,"href":"https:\/\/web-ban-le.mbws.vn\/sac-dep\/wp-json\/wp\/v2\/product_tag?post=14667"}],"curies":[{"name":"wp","href":"https:\/\/api.w.org\/{rel}","templated":true}]}}