{"id":14087,"date":"2025-10-29T08:57:14","date_gmt":"2025-10-29T01:57:14","guid":{"rendered":"https:\/\/web-ban-le.mbws.vn\/suc-khoe\/?post_type=product&#038;p=14087"},"modified":"2025-10-29T08:57:44","modified_gmt":"2025-10-29T01:57:44","slug":"arginin-pv-chau-ngan-pharma","status":"publish","type":"product","link":"https:\/\/web-ban-le.mbws.vn\/suc-khoe\/san-pham\/arginin-pv-chau-ngan-pharma\/","title":{"rendered":"ARGININ PV &#8211; Ch\u00e2u Ng\u00e2n Pharma"},"content":{"rendered":"<div class=\"e8lZp3\">\n<p class=\"QN2lPu\">*TH\u00c0NH PH\u1ea6N<\/p>\n<p class=\"QN2lPu\">Arginine tidiacicate: 200mg<\/p>\n<p class=\"QN2lPu\">Ph\u1ee5 li\u1ec7u: Gelatin, glycerin, lecithin, erythrosine, sorbitol, vanillin, titan oxid, s\u1eaft oxid, s\u00e1p ong tr\u1eafng, d\u1ea7u c\u1ecd, d\u1ea7u \u0111\u1eadu n\u00e0nh, n\u01b0\u1edbc tinh khi\u1ebft v\u1eeba \u0111\u1ee7 m\u1ed9t vi\u00ean.<\/p>\n<p class=\"QN2lPu\">*C\u00d4NG D\u1ee4NG<\/p>\n<p class=\"QN2lPu\">H\u1ed7 tr\u1ee3 \u0111i\u1ec1u tr\u1ecb suy ch\u1ee9c n\u0103ng gan.<\/p>\n<p class=\"QN2lPu\">R\u1ed1i lo\u1ea1n gan do nhi\u1ec5m \u0111\u1ed9c.<\/p>\n<p class=\"QN2lPu\">X\u01a1 gan nguy\u00ean ph\u00e1t.<\/p>\n<p class=\"QN2lPu\">*\u0110\u1ed0I T\u01af\u1ee2NG S\u1eec D\u1ee4NG<\/p>\n<p class=\"QN2lPu\">Ng\u01b0\u1eddi b\u1ecb r\u1ed1i lo\u1ea1n ch\u1ee9c n\u0103ng gan ho\u1eb7c duy gi\u1ea3m ch\u1ee9c n\u0103ng gan do s\u1eed d\u1ee5ng nhi\u1ec1u r\u01b0\u1ee3u bia, thu\u1ed1c l\u00e1, s\u1eed d\u1ee5ng thu\u1ed1c, h\u00f3a ch\u1ea5t \u0111i\u1ec1u tr\u1ecb g\u00e2y \u0111\u1ed9c h\u1ea1i \u0111\u1ebfn gan.<\/p>\n<p class=\"QN2lPu\">Ng\u01b0\u1eddi m\u1ec7t m\u1ecfi, m\u1ea9n ng\u1ee9a, n\u1ed5i m\u1ec1 \u0111ay d\u1ecb \u1ee9ng, v\u00e0ng da, ch\u00e1n \u0103n, \u0103n kh\u00f3 ti\u00eau do suy gi\u1ea3m ch\u1ee9c n\u0103ng gan. <\/p>\n<p class=\"QN2lPu\">*LI\u1ec0U L\u01af\u1ee2NG V\u00c0 C\u00c1CH D\u00d9NG<\/p>\n<p class=\"QN2lPu\">U\u1ed1ng 1 vi\u00ean 1 l\u1ea7n, ng\u00e0y 2 l\u1ea7n, u\u1ed1ng sau khi \u0103n.<\/p>\n<p class=\"QN2lPu\">*QUY C\u00c1CH<\/p>\n<p class=\"QN2lPu\">H\u1ed9p x 12 v\u1ec9 x 5 vi\u00ean nang m\u1ec1m.<\/p>\n<p class=\"QN2lPu\">S\u1ea3n ph\u1ea9m n\u00e0y kh\u00f4ng ph\u1ea3i l\u00e0 thu\u1ed1c, kh\u00f4ng c\u00f3 t\u00e1c d\u1ee5ng thay th\u1ebf thu\u1ed1c<\/p>\n<\/div>\n","protected":false},"excerpt":{"rendered":"<p>*TH\u00c0NH PH\u1ea6N Arginine tidiacicate: 200mg Ph\u1ee5 li\u1ec7u: Gelatin, glycerin, lecithin, erythrosine, sorbitol, vanillin, titan oxid, s\u1eaft oxid, s\u00e1p ong tr\u1eafng, d\u1ea7u c\u1ecd, d\u1ea7u \u0111\u1eadu n\u00e0nh, n\u01b0\u1edbc tinh khi\u1ebft v\u1eeba \u0111\u1ee7 m\u1ed9t vi\u00ean. *C\u00d4NG D\u1ee4NG H\u1ed7 tr\u1ee3 \u0111i\u1ec1u tr\u1ecb suy ch\u1ee9c n\u0103ng gan. R\u1ed1i lo\u1ea1n gan do nhi\u1ec5m \u0111\u1ed9c. X\u01a1 gan nguy\u00ean ph\u00e1t. *\u0110\u1ed0I T\u01af\u1ee2NG S\u1eec&#8230;<\/p>\n","protected":false},"featured_media":14151,"comment_status":"open","ping_status":"closed","template":"","meta":[],"product_brand":[],"product_cat":[1229],"product_tag":[],"class_list":{"0":"post-14087","1":"product","2":"type-product","3":"status-publish","4":"has-post-thumbnail","6":"product_cat-ho-tro-suc-khoe","8":"first","9":"instock","10":"sale","11":"shipping-taxable","12":"purchasable","13":"product-type-simple"},"_links":{"self":[{"href":"https:\/\/web-ban-le.mbws.vn\/suc-khoe\/wp-json\/wp\/v2\/product\/14087","targetHints":{"allow":["GET"]}}],"collection":[{"href":"https:\/\/web-ban-le.mbws.vn\/suc-khoe\/wp-json\/wp\/v2\/product"}],"about":[{"href":"https:\/\/web-ban-le.mbws.vn\/suc-khoe\/wp-json\/wp\/v2\/types\/product"}],"replies":[{"embeddable":true,"href":"https:\/\/web-ban-le.mbws.vn\/suc-khoe\/wp-json\/wp\/v2\/comments?post=14087"}],"wp:featuredmedia":[{"embeddable":true,"href":"https:\/\/web-ban-le.mbws.vn\/suc-khoe\/wp-json\/wp\/v2\/media\/14151"}],"wp:attachment":[{"href":"https:\/\/web-ban-le.mbws.vn\/suc-khoe\/wp-json\/wp\/v2\/media?parent=14087"}],"wp:term":[{"taxonomy":"product_brand","embeddable":true,"href":"https:\/\/web-ban-le.mbws.vn\/suc-khoe\/wp-json\/wp\/v2\/product_brand?post=14087"},{"taxonomy":"product_cat","embeddable":true,"href":"https:\/\/web-ban-le.mbws.vn\/suc-khoe\/wp-json\/wp\/v2\/product_cat?post=14087"},{"taxonomy":"product_tag","embeddable":true,"href":"https:\/\/web-ban-le.mbws.vn\/suc-khoe\/wp-json\/wp\/v2\/product_tag?post=14087"}],"curies":[{"name":"wp","href":"https:\/\/api.w.org\/{rel}","templated":true}]}}