{"id":14132,"date":"2025-10-29T08:57:37","date_gmt":"2025-10-29T01:57:37","guid":{"rendered":"https:\/\/web-ban-le.mbws.vn\/suc-khoe\/?post_type=product&#038;p=14132"},"modified":"2025-10-29T08:58:09","modified_gmt":"2025-10-29T01:58:09","slug":"euginga-xanh-pv-chau-ngan-pharma","status":"publish","type":"product","link":"https:\/\/web-ban-le.mbws.vn\/suc-khoe\/san-pham\/euginga-xanh-pv-chau-ngan-pharma\/","title":{"rendered":"EUGINGA Xanh PV &#8211; Ch\u00e2u Ng\u00e2n Pharma"},"content":{"rendered":"<div class=\"e8lZp3\">\n<p class=\"QN2lPu\">*Th\u00e0nh ph\u1ea7n c\u1ee7a Euginga<\/p>\n<p class=\"QN2lPu\">\ufe63Eucalyptol: 100mg<\/p>\n<p class=\"QN2lPu\">\ufe63Menthol: 0.5mg<\/p>\n<p class=\"QN2lPu\">\ufe63Tinh d\u1ea7u g\u1eebng 0.5mg<\/p>\n<p class=\"QN2lPu\">\ufe63Tinh d\u1ea7u t\u1ea7n: 0.18mg<\/p>\n<p class=\"QN2lPu\">Ph\u1ee5 li\u1ec7u: Ch\u1ea5t l\u00e0m d\u1ea7y glycerin, ch\u1ea5t t\u1ea1o ng\u1ecdt t\u1ed5ng h\u1ee3p sorbitol, gelatin, ch\u1ea5t b\u1ea3o qu\u1ea3n (nipazil, nipazol), d\u1ea7u n\u00e0nh, n\u01b0\u1edbc v\u1eeba \u0111\u1ee7 1 vi\u00ean.<\/p>\n<p class=\"QN2lPu\">*D\u1ea1ng b\u00e0o ch\u1ebf: Vi\u00ean nang m\u1ec1m<\/p>\n<p class=\"QN2lPu\">*C\u00f4ng d\u1ee5ng c\u1ee7a Euginga<\/p>\n<p class=\"QN2lPu\">H\u1ed7 tr\u1ee3 l\u00e0m gi\u1ea3m c\u00e1c tri\u1ec7u ch\u1ee9ng ho, long \u0111\u1eddm, gi\u1ea3m \u0111au r\u00e1t h\u1ecdng do ho k\u00e9o d\u00e0i.<\/p>\n<p class=\"QN2lPu\">*\u0110\u1ed1i t\u01b0\u1ee3ng s\u1eed d\u1ee5ng:<\/p>\n<p class=\"QN2lPu\">Ng\u01b0\u1eddi b\u1ecb ho do thay \u0111\u1ed5i th\u1eddi ti\u1ebft, ho do c\u1ea3m l\u1ea1nh, ho khan, ho c\u00f3 \u0111\u1eddm, ho k\u00e9o d\u00e0i g\u00e2y \u0111au r\u00e1t c\u1ed5.<\/p>\n<p class=\"QN2lPu\">*C\u00e1ch d\u00f9ng &#8211; Li\u1ec1u d\u00f9ng Euginga<\/p>\n<p class=\"QN2lPu\">&#8211; Tr\u1ebb d\u01b0\u1edbi 2 tu\u1ed5i: Tham kh\u1ea3o \u00fd ki\u1ebfn c\u1ee7a b\u00e1c s\u0129, d\u01b0\u1ee3c s\u0129 tr\u01b0\u1edbc khi d\u00f9ng.<\/p>\n<p class=\"QN2lPu\">&#8211; Tr\u1ebb em t\u1eeb 2 &#8211; 12 tu\u1ed5i: Ng\u00e0y u\u1ed1ng 1 vi\u00ean\/l\u1ea7n x 3 l\u1ea7n\/ng\u00e0y<\/p>\n<p class=\"QN2lPu\">&#8211; Tr\u1ebb tr\u00ean 12 tu\u1ed5i v\u00e0 ng\u01b0\u1eddi l\u1edbn: Ng\u00e0y u\u1ed1ng 2 vi\u00ean\/l\u1ea7n x 3 l\u1ea7n\/ng\u00e0y.<\/p>\n<p class=\"QN2lPu\">*L\u01b0u \u00fd khi s\u1eed d\u1ee5ng Euginga<\/p>\n<p class=\"QN2lPu\">V\u1edbi c\u00e1c s\u1ea3n ph\u1ea9m h\u1ebft h\u1ea1n s\u1eed d\u1ee5ng ho\u1eb7c xu\u1ea5t hi\u1ec7n c\u00e1c bi\u1ec3u hi\u1ec7n l\u1ea1 tr\u00ean s\u1ea3n ph\u1ea9m nh\u01b0 m\u1ed1c, \u0111\u1ed5i m\u00e0u, ch\u1ea3y n\u01b0\u1edbc th\u00ec kh\u00f4ng n\u00ean s\u1eed d\u1ee5ng ti\u1ebfp.<\/p>\n<p class=\"QN2lPu\">Kh\u00f4ng \u0111\u1ec3 s\u1ea3n ph\u1ea9m g\u1ea7n n\u01a1i tr\u1ebb em ch\u01a1i \u0111\u00f9a, tr\u00e1nh tr\u01b0\u1eddng h\u1ee3p tr\u1ebb em c\u00f3 th\u1ec3 ngh\u1ecbch v\u00e0 v\u00f4 t\u00ecnh u\u1ed1ng ph\u1ea3i.<\/p>\n<p class=\"QN2lPu\">*Quy c\u00e1ch \u0111\u00f3ng g\u00f3i<\/p>\n<p class=\"QN2lPu\">H\u1ed9p 10 v\u1ec9 x 10 vi\u00ean<\/p>\n<\/div>\n","protected":false},"excerpt":{"rendered":"<p>*Th\u00e0nh ph\u1ea7n c\u1ee7a Euginga \ufe63Eucalyptol: 100mg \ufe63Menthol: 0.5mg \ufe63Tinh d\u1ea7u g\u1eebng 0.5mg \ufe63Tinh d\u1ea7u t\u1ea7n: 0.18mg Ph\u1ee5 li\u1ec7u: Ch\u1ea5t l\u00e0m d\u1ea7y glycerin, ch\u1ea5t t\u1ea1o ng\u1ecdt t\u1ed5ng h\u1ee3p sorbitol, gelatin, ch\u1ea5t b\u1ea3o qu\u1ea3n (nipazil, nipazol), d\u1ea7u n\u00e0nh, n\u01b0\u1edbc v\u1eeba \u0111\u1ee7 1 vi\u00ean. *D\u1ea1ng b\u00e0o ch\u1ebf: Vi\u00ean nang m\u1ec1m *C\u00f4ng d\u1ee5ng c\u1ee7a Euginga H\u1ed7 tr\u1ee3 l\u00e0m gi\u1ea3m&#8230;<\/p>\n","protected":false},"featured_media":14197,"comment_status":"open","ping_status":"closed","template":"","meta":[],"product_brand":[],"product_cat":[1229],"product_tag":[],"class_list":{"0":"post-14132","1":"product","2":"type-product","3":"status-publish","4":"has-post-thumbnail","6":"product_cat-ho-tro-suc-khoe","8":"first","9":"instock","10":"sale","11":"shipping-taxable","12":"purchasable","13":"product-type-simple"},"_links":{"self":[{"href":"https:\/\/web-ban-le.mbws.vn\/suc-khoe\/wp-json\/wp\/v2\/product\/14132","targetHints":{"allow":["GET"]}}],"collection":[{"href":"https:\/\/web-ban-le.mbws.vn\/suc-khoe\/wp-json\/wp\/v2\/product"}],"about":[{"href":"https:\/\/web-ban-le.mbws.vn\/suc-khoe\/wp-json\/wp\/v2\/types\/product"}],"replies":[{"embeddable":true,"href":"https:\/\/web-ban-le.mbws.vn\/suc-khoe\/wp-json\/wp\/v2\/comments?post=14132"}],"wp:featuredmedia":[{"embeddable":true,"href":"https:\/\/web-ban-le.mbws.vn\/suc-khoe\/wp-json\/wp\/v2\/media\/14197"}],"wp:attachment":[{"href":"https:\/\/web-ban-le.mbws.vn\/suc-khoe\/wp-json\/wp\/v2\/media?parent=14132"}],"wp:term":[{"taxonomy":"product_brand","embeddable":true,"href":"https:\/\/web-ban-le.mbws.vn\/suc-khoe\/wp-json\/wp\/v2\/product_brand?post=14132"},{"taxonomy":"product_cat","embeddable":true,"href":"https:\/\/web-ban-le.mbws.vn\/suc-khoe\/wp-json\/wp\/v2\/product_cat?post=14132"},{"taxonomy":"product_tag","embeddable":true,"href":"https:\/\/web-ban-le.mbws.vn\/suc-khoe\/wp-json\/wp\/v2\/product_tag?post=14132"}],"curies":[{"name":"wp","href":"https:\/\/api.w.org\/{rel}","templated":true}]}}