{"id":14217,"date":"2025-10-29T08:58:23","date_gmt":"2025-10-29T01:58:23","guid":{"rendered":"https:\/\/web-ban-le.mbws.vn\/suc-khoe\/?post_type=product&#038;p=14217"},"modified":"2025-10-29T08:59:05","modified_gmt":"2025-10-29T01:59:05","slug":"vien-ngam-ho-la-han-qua-hop-24-vien-giam-ho-bo-phe","status":"publish","type":"product","link":"https:\/\/web-ban-le.mbws.vn\/suc-khoe\/san-pham\/vien-ngam-ho-la-han-qua-hop-24-vien-giam-ho-bo-phe\/","title":{"rendered":"Vi\u00ean ng\u1eadm ho La H\u00e1n Qu\u1ea3 H\u1ed9p 24 vi\u00ean &#8211; gi\u1ea3m ho b\u1ed5 ph\u1ebf"},"content":{"rendered":"<div class=\"e8lZp3\">\n<p class=\"QN2lPu\">Th\u00e0nh ph\u1ea7n c\u1ea5u t\u1ea1o (cho 1 vi\u00ean)<\/p>\n<p class=\"QN2lPu\">La h\u00e1n qu\u1ea3 500 mg, Kha t\u1eed 500 mg, Menthol 5mg. \u0110\u01b0\u1eddng k\u00ednh, M\u1ea1ch nha v\u1eeba \u0111\u1ee7 1 vi\u00ean.<\/p>\n<p class=\"QN2lPu\">C\u00f4ng d\u1ee5ng<\/p>\n<p class=\"QN2lPu\">Gi\u00fap b\u1ed5 ph\u1ed5i, gi\u1ea3m ho trong c\u00e1c tr\u01b0\u1eddng h\u1ee3p: ho gi\u00f3, ho khan, ho c\u00f3 \u0111\u1eddm, ho r\u00e1t h\u1ecdng, ho do th\u1eddi ti\u1ebft thay \u0111\u1ed5i. Gi\u00fap gi\u1ea3m kh\u1ea3n ti\u1ebfng, l\u00e0m th\u01a1m mi\u1ec7ng.<\/p>\n<p class=\"QN2lPu\">\u0110\u1ed1i t\u01b0\u1ee3ng s\u1eed d\u1ee5ng<\/p>\n<p class=\"QN2lPu\">Ng\u01b0\u1eddi b\u1ecb ho, ho gi\u00f3, ho khan, ho c\u00f3 \u0111\u1eddm, kh\u1ea3n ti\u1ebfng, \u0111au r\u00e1t h\u1ecdng h\u1ea7u do th\u1eddi ti\u1ebft thay \u0111\u1ed5i.<\/p>\n<p class=\"QN2lPu\">S\u1ea3n ph\u1ea9m n\u00e0y kh\u00f4ng ph\u1ea3i l\u00e0 thu\u1ed1c, kh\u00f4ng c\u00f3 t\u00e1c d\u1ee5ng thay th\u1ebf thu\u1ed1c<\/p>\n<p class=\"QN2lPu\">#lahanqua<\/p>\n<p class=\"QN2lPu\">#giamho <\/p>\n<\/div>\n","protected":false},"excerpt":{"rendered":"<p>Th\u00e0nh ph\u1ea7n c\u1ea5u t\u1ea1o (cho 1 vi\u00ean) La h\u00e1n qu\u1ea3 500 mg, Kha t\u1eed 500 mg, Menthol 5mg. \u0110\u01b0\u1eddng k\u00ednh, M\u1ea1ch nha v\u1eeba \u0111\u1ee7 1 vi\u00ean. C\u00f4ng d\u1ee5ng Gi\u00fap b\u1ed5 ph\u1ed5i, gi\u1ea3m ho trong c\u00e1c tr\u01b0\u1eddng h\u1ee3p: ho gi\u00f3, ho khan, ho c\u00f3 \u0111\u1eddm, ho r\u00e1t h\u1ecdng, ho do th\u1eddi ti\u1ebft thay \u0111\u1ed5i. Gi\u00fap gi\u1ea3m&#8230;<\/p>\n","protected":false},"featured_media":14275,"comment_status":"open","ping_status":"closed","template":"","meta":[],"product_brand":[],"product_cat":[1229],"product_tag":[],"class_list":{"0":"post-14217","1":"product","2":"type-product","3":"status-publish","4":"has-post-thumbnail","6":"product_cat-ho-tro-suc-khoe","8":"first","9":"instock","10":"sale","11":"shipping-taxable","12":"purchasable","13":"product-type-variable"},"_links":{"self":[{"href":"https:\/\/web-ban-le.mbws.vn\/suc-khoe\/wp-json\/wp\/v2\/product\/14217","targetHints":{"allow":["GET"]}}],"collection":[{"href":"https:\/\/web-ban-le.mbws.vn\/suc-khoe\/wp-json\/wp\/v2\/product"}],"about":[{"href":"https:\/\/web-ban-le.mbws.vn\/suc-khoe\/wp-json\/wp\/v2\/types\/product"}],"replies":[{"embeddable":true,"href":"https:\/\/web-ban-le.mbws.vn\/suc-khoe\/wp-json\/wp\/v2\/comments?post=14217"}],"wp:featuredmedia":[{"embeddable":true,"href":"https:\/\/web-ban-le.mbws.vn\/suc-khoe\/wp-json\/wp\/v2\/media\/14275"}],"wp:attachment":[{"href":"https:\/\/web-ban-le.mbws.vn\/suc-khoe\/wp-json\/wp\/v2\/media?parent=14217"}],"wp:term":[{"taxonomy":"product_brand","embeddable":true,"href":"https:\/\/web-ban-le.mbws.vn\/suc-khoe\/wp-json\/wp\/v2\/product_brand?post=14217"},{"taxonomy":"product_cat","embeddable":true,"href":"https:\/\/web-ban-le.mbws.vn\/suc-khoe\/wp-json\/wp\/v2\/product_cat?post=14217"},{"taxonomy":"product_tag","embeddable":true,"href":"https:\/\/web-ban-le.mbws.vn\/suc-khoe\/wp-json\/wp\/v2\/product_tag?post=14217"}],"curies":[{"name":"wp","href":"https:\/\/api.w.org\/{rel}","templated":true}]}}