{"id":14252,"date":"2025-10-29T08:58:44","date_gmt":"2025-10-29T01:58:44","guid":{"rendered":"https:\/\/web-ban-le.mbws.vn\/suc-khoe\/?post_type=product&#038;p=14252"},"modified":"2025-10-29T08:59:19","modified_gmt":"2025-10-29T01:59:19","slug":"rutin-c-mdp-usa-bo-sung-rutin-vitamin-c-giup-thanh-nhiet-giam-xuat-huyet-mach-mau-giam-chay-mau-chan-rang","status":"publish","type":"product","link":"https:\/\/web-ban-le.mbws.vn\/suc-khoe\/san-pham\/rutin-c-mdp-usa-bo-sung-rutin-vitamin-c-giup-thanh-nhiet-giam-xuat-huyet-mach-mau-giam-chay-mau-chan-rang\/","title":{"rendered":"RUTIN C &#8211; MDP USA &#8211; B\u1ed5 sung Rutin, Vitamin C gi\u00fap thanh nhi\u1ec7t, gi\u1ea3m xu\u1ea5t huy\u1ebft m\u1ea1ch m\u00e1u, gi\u1ea3m ch\u1ea3y m\u00e1u ch\u00e2n r\u0103ng"},"content":{"rendered":"<div class=\"e8lZp3\">\n<p class=\"QN2lPu\">1.Th\u00e0nh ph\u1ea7n c\u1ee7a Rutin C Mediphar USA<\/p>\n<p class=\"QN2lPu\">\ufe63Rutin 50mg<\/p>\n<p class=\"QN2lPu\">\ufe63Vitamin C 50mg<\/p>\n<p class=\"QN2lPu\">2.C\u00f4ng d\u1ee5ng c\u1ee7a Rutin C Mediphar USA<\/p>\n<p class=\"QN2lPu\">\ufe63B\u1ed5 sung Rutin, Vitamin C gi\u00fap thanh nhi\u1ec7t, gi\u00fap t\u0103ng t\u00ednh \u0111\u00e0n h\u1ed3i v\u00e0 l\u00e0m b\u1ec1n v\u1eefng th\u00e0nh m\u1ea1ch m\u00e1u.<\/p>\n<p class=\"QN2lPu\">\ufe63H\u1ed7 tr\u1ee3 gi\u1ea3m xu\u1ea5t huy\u1ebft m\u1ea1ch m\u00e1u, gi\u1ea3m ch\u1ea3y m\u00e1u ch\u00e2n r\u0103ng<\/p>\n<p class=\"QN2lPu\">3.\u0110\u1ed1i t\u01b0\u1ee3ng s\u1eed d\u1ee5ng:<\/p>\n<p class=\"QN2lPu\">\ufe63Ng\u01b0\u1eddi \u0111ang b\u1ecb xu\u1ea5t huy\u1ebft, ho\u1eb7c c\u00f3 nguy c\u01a1 xu\u1ea5t huy\u1ebft;<\/p>\n<p class=\"QN2lPu\">\ufe63Ng\u01b0\u1eddi c\u00f3 th\u1ec3 t\u1ea1ng d\u1ec5 ch\u1ea3y m\u00e1u;<\/p>\n<p class=\"QN2lPu\">\ufe63Ng\u01b0\u1eddi b\u1ecb ban xu\u1ea5t huy\u1ebft do thi\u1ebfu ti\u1ec3u c\u1ea7u;<\/p>\n<p class=\"QN2lPu\">\ufe63Ng\u01b0\u1eddi b\u1ecb ch\u1ea3y m\u00e1u do t\u00ednh b\u1ec1n c\u1ee7a th\u00e0nh m\u1ea1ch k\u00e9m nh\u01b0: Ch\u1ea3y m\u00e1u cam, tr\u0129 ra m\u00e1u, xu\u1ea5t huy\u1ebft d\u01b0\u1edbi da\u2026<\/p>\n<p class=\"QN2lPu\">4.Li\u1ec1u d\u00f9ng Rutin C Mediphar USA<\/p>\n<p class=\"QN2lPu\">\ufe63U\u1ed1ng m\u1ed7i l\u1ea7n 2 vi\u00ean, ng\u00e0y u\u1ed1ng 2 l\u1ea7n<\/p>\n<p class=\"QN2lPu\">\ufe63M\u1ed7i \u0111\u1ee3t d\u00f9ng 2-3 th\u00e1ng.<\/p>\n<p class=\"QN2lPu\">5.Quy c\u00e1ch<\/p>\n<p class=\"QN2lPu\">H\u1ed9p 10 v\u1ec9 x 10 vi\u00ean<\/p>\n<p class=\"QN2lPu\">S\u1ea3n ph\u1ea9m n\u00e0y kh\u00f4ng ph\u1ea3i l\u00e0 thu\u1ed1c, kh\u00f4ng c\u00f3 t\u00e1c d\u1ee5ng thay th\u1ebf thu\u1ed1c<\/p>\n<\/div>\n","protected":false},"excerpt":{"rendered":"<p>1.Th\u00e0nh ph\u1ea7n c\u1ee7a Rutin C Mediphar USA \ufe63Rutin 50mg \ufe63Vitamin C 50mg 2.C\u00f4ng d\u1ee5ng c\u1ee7a Rutin C Mediphar USA \ufe63B\u1ed5 sung Rutin, Vitamin C gi\u00fap thanh nhi\u1ec7t, gi\u00fap t\u0103ng t\u00ednh \u0111\u00e0n h\u1ed3i v\u00e0 l\u00e0m b\u1ec1n v\u1eefng th\u00e0nh m\u1ea1ch m\u00e1u. \ufe63H\u1ed7 tr\u1ee3 gi\u1ea3m xu\u1ea5t huy\u1ebft m\u1ea1ch m\u00e1u, gi\u1ea3m ch\u1ea3y m\u00e1u ch\u00e2n r\u0103ng 3.\u0110\u1ed1i t\u01b0\u1ee3ng s\u1eed d\u1ee5ng:&#8230;<\/p>\n","protected":false},"featured_media":14314,"comment_status":"open","ping_status":"closed","template":"","meta":[],"product_brand":[],"product_cat":[1229],"product_tag":[],"class_list":{"0":"post-14252","1":"product","2":"type-product","3":"status-publish","4":"has-post-thumbnail","6":"product_cat-ho-tro-suc-khoe","8":"first","9":"instock","10":"sale","11":"shipping-taxable","12":"purchasable","13":"product-type-simple"},"_links":{"self":[{"href":"https:\/\/web-ban-le.mbws.vn\/suc-khoe\/wp-json\/wp\/v2\/product\/14252","targetHints":{"allow":["GET"]}}],"collection":[{"href":"https:\/\/web-ban-le.mbws.vn\/suc-khoe\/wp-json\/wp\/v2\/product"}],"about":[{"href":"https:\/\/web-ban-le.mbws.vn\/suc-khoe\/wp-json\/wp\/v2\/types\/product"}],"replies":[{"embeddable":true,"href":"https:\/\/web-ban-le.mbws.vn\/suc-khoe\/wp-json\/wp\/v2\/comments?post=14252"}],"wp:featuredmedia":[{"embeddable":true,"href":"https:\/\/web-ban-le.mbws.vn\/suc-khoe\/wp-json\/wp\/v2\/media\/14314"}],"wp:attachment":[{"href":"https:\/\/web-ban-le.mbws.vn\/suc-khoe\/wp-json\/wp\/v2\/media?parent=14252"}],"wp:term":[{"taxonomy":"product_brand","embeddable":true,"href":"https:\/\/web-ban-le.mbws.vn\/suc-khoe\/wp-json\/wp\/v2\/product_brand?post=14252"},{"taxonomy":"product_cat","embeddable":true,"href":"https:\/\/web-ban-le.mbws.vn\/suc-khoe\/wp-json\/wp\/v2\/product_cat?post=14252"},{"taxonomy":"product_tag","embeddable":true,"href":"https:\/\/web-ban-le.mbws.vn\/suc-khoe\/wp-json\/wp\/v2\/product_tag?post=14252"}],"curies":[{"name":"wp","href":"https:\/\/api.w.org\/{rel}","templated":true}]}}