{"id":14285,"date":"2025-10-29T08:59:06","date_gmt":"2025-10-29T01:59:06","guid":{"rendered":"https:\/\/web-ban-le.mbws.vn\/suc-khoe\/?post_type=product&#038;p=14285"},"modified":"2025-10-29T08:59:29","modified_gmt":"2025-10-29T01:59:29","slug":"acid-glutamic-b6","status":"publish","type":"product","link":"https:\/\/web-ban-le.mbws.vn\/suc-khoe\/san-pham\/acid-glutamic-b6\/","title":{"rendered":"ACID GLUTAMIC  B6"},"content":{"rendered":"<div class=\"e8lZp3\">\n<p class=\"QN2lPu\">ACID GLUTAMIC&nbsp; B6 &nbsp;PP.Pharco H\u1ed9p 100 vi\u00ean<\/p>\n<p class=\"QN2lPu\">\n<p class=\"QN2lPu\">TH\u00c0NH PH\u1ea6N:<\/p>\n<p class=\"QN2lPu\">\n<p class=\"QN2lPu\">Glutamic acid, Vitamin B6<\/p>\n<p class=\"QN2lPu\">\n<p class=\"QN2lPu\">C\u00d4NG D\u1ee4NG<\/p>\n<p class=\"QN2lPu\">\n<p class=\"QN2lPu\">Suy nh\u01b0\u1ee3c th\u1ea7n kinh v\u00e0 th\u1ec3 ch\u1ea5t, l\u00e0m vi\u1ec7c tr\u00ed \u00f3c qu\u00e1 m\u1ee9c, r\u1ed1i lo\u1ea1n tr\u00ed nh\u1edb, v\u00e0 k\u00e9m t\u1eadp trung.<\/p>\n<p class=\"QN2lPu\">\n<p class=\"QN2lPu\">LI\u1ec0U L\u01af\u1ee2NG \u2013 C\u00c1CH D\u00d9NG<\/p>\n<p class=\"QN2lPu\">\n<p class=\"QN2lPu\">\u2013 Ng\u01b0\u1eddi l\u1edbn: M\u1ed7i l\u1ea7n 1 \u2013 2 vi\u00ean, ng\u00e0y 3 l\u1ea7n<\/p>\n<p class=\"QN2lPu\">\n<p class=\"QN2lPu\">\u2013 Tr\u1ebb em: M\u1ed7i l\u1ea7n 1 vi\u00ean, ng\u00e0y 3 l\u1ea7n.<\/p>\n<p class=\"QN2lPu\">S\u1ea3n ph\u1ea9m n\u00e0y kh\u00f4ng ph\u1ea3i l\u00e0 thu\u1ed1c, kh\u00f4ng c\u00f3 t\u00e1c d\u1ee5ng thay th\u1ebf thu\u1ed1c<\/p>\n<\/div>\n","protected":false},"excerpt":{"rendered":"<p>ACID GLUTAMIC&nbsp; B6 &nbsp;PP.Pharco H\u1ed9p 100 vi\u00ean TH\u00c0NH PH\u1ea6N: Glutamic acid, Vitamin B6 C\u00d4NG D\u1ee4NG Suy nh\u01b0\u1ee3c th\u1ea7n kinh v\u00e0 th\u1ec3 ch\u1ea5t, l\u00e0m vi\u1ec7c tr\u00ed \u00f3c qu\u00e1 m\u1ee9c, r\u1ed1i lo\u1ea1n tr\u00ed nh\u1edb, v\u00e0 k\u00e9m t\u1eadp trung. LI\u1ec0U L\u01af\u1ee2NG \u2013 C\u00c1CH D\u00d9NG \u2013 Ng\u01b0\u1eddi l\u1edbn: M\u1ed7i l\u1ea7n 1 \u2013 2 vi\u00ean, ng\u00e0y 3 l\u1ea7n \u2013 Tr\u1ebb&#8230;<\/p>\n","protected":false},"featured_media":14328,"comment_status":"open","ping_status":"closed","template":"","meta":[],"product_brand":[],"product_cat":[1229],"product_tag":[],"class_list":{"0":"post-14285","1":"product","2":"type-product","3":"status-publish","4":"has-post-thumbnail","6":"product_cat-ho-tro-suc-khoe","8":"first","9":"instock","10":"sale","11":"shipping-taxable","12":"purchasable","13":"product-type-simple"},"_links":{"self":[{"href":"https:\/\/web-ban-le.mbws.vn\/suc-khoe\/wp-json\/wp\/v2\/product\/14285","targetHints":{"allow":["GET"]}}],"collection":[{"href":"https:\/\/web-ban-le.mbws.vn\/suc-khoe\/wp-json\/wp\/v2\/product"}],"about":[{"href":"https:\/\/web-ban-le.mbws.vn\/suc-khoe\/wp-json\/wp\/v2\/types\/product"}],"replies":[{"embeddable":true,"href":"https:\/\/web-ban-le.mbws.vn\/suc-khoe\/wp-json\/wp\/v2\/comments?post=14285"}],"wp:featuredmedia":[{"embeddable":true,"href":"https:\/\/web-ban-le.mbws.vn\/suc-khoe\/wp-json\/wp\/v2\/media\/14328"}],"wp:attachment":[{"href":"https:\/\/web-ban-le.mbws.vn\/suc-khoe\/wp-json\/wp\/v2\/media?parent=14285"}],"wp:term":[{"taxonomy":"product_brand","embeddable":true,"href":"https:\/\/web-ban-le.mbws.vn\/suc-khoe\/wp-json\/wp\/v2\/product_brand?post=14285"},{"taxonomy":"product_cat","embeddable":true,"href":"https:\/\/web-ban-le.mbws.vn\/suc-khoe\/wp-json\/wp\/v2\/product_cat?post=14285"},{"taxonomy":"product_tag","embeddable":true,"href":"https:\/\/web-ban-le.mbws.vn\/suc-khoe\/wp-json\/wp\/v2\/product_tag?post=14285"}],"curies":[{"name":"wp","href":"https:\/\/api.w.org\/{rel}","templated":true}]}}