{"id":14293,"date":"2025-10-29T08:59:06","date_gmt":"2025-10-29T01:59:06","guid":{"rendered":"https:\/\/web-ban-le.mbws.vn\/suc-khoe\/?post_type=product&#038;p=14293"},"modified":"2025-10-29T08:59:40","modified_gmt":"2025-10-29T01:59:40","slug":"duong-an-kieng-maize-slim-mdp-usa-hop-50-goi3g-mediphar-dung-cho-nguoi-tieu-duong-an-kieng-chau-ngan-pharma","status":"publish","type":"product","link":"https:\/\/web-ban-le.mbws.vn\/suc-khoe\/san-pham\/duong-an-kieng-maize-slim-mdp-usa-hop-50-goi3g-mediphar-dung-cho-nguoi-tieu-duong-an-kieng-chau-ngan-pharma\/","title":{"rendered":"\u0110\u01b0\u1eddng \u0103n ki\u00eang MAIZE SLIM  Mdp Usa H\u1ed9p 50 g\u00f3i*3g Mediphar d\u00f9ng cho ng\u01b0\u1eddi ti\u1ec3u \u0111\u01b0\u1eddng, \u0103n ki\u00eang &#8211; Ch\u00e2u Ng\u00e2n Pharma"},"content":{"rendered":"<div class=\"e8lZp3\">\n<p class=\"QN2lPu\">1.Th\u00e0nh ph\u1ea7n \u0111\u01b0\u1eddng ki\u00eang Maize Slim:<\/p>\n<p class=\"QN2lPu\">Cho 1 g\u00f3i 3g:<\/p>\n<p class=\"QN2lPu\">\ufe63Ch\u1ea5t x\u01a1 Inulin \u2026.. 1500 mg.<\/p>\n<p class=\"QN2lPu\">\ufe63\u0110\u01b0\u1eddng b\u1eafp \u2026\u2026\u2026.500 mg.<\/p>\n<p class=\"QN2lPu\">2.C\u00f4ng d\u1ee5ng \u0111\u01b0\u1eddng ki\u00eang Maize Slim<\/p>\n<p class=\"QN2lPu\">\ufe63\u0110\u01b0\u1eddng b\u1eafp Maize Slim l\u00e0 th\u1ebf h\u1ec7 m\u1edbi c\u1ee7a c\u00e1c ch\u1ea5t l\u00e0m ng\u1ecdt, gi\u00fap cho ng\u01b0\u1eddi c\u00f3 nguy c\u01a1 v\u00e0 b\u1ecb ti\u1ec3u \u0111\u01b0\u1eddng, ng\u01b0\u1eddi b\u1ecb b\u00e9o ph\u00ec, nh\u1eefng ng\u01b0\u1eddi \u0103n ki\u00eang ph\u00f2ng ng\u1eeba c\u00e1c b\u1ec7nh b\u00e9o ph\u00ec, ti\u1ec3u \u0111\u01b0\u1eddng v\u00e0 x\u01a1 v\u1eefa \u0111\u1ed9ng m\u1ea1ch.<\/p>\n<p class=\"QN2lPu\">\ufe63\u0110\u01b0\u1eddng b\u1eafp Maze Slim b\u1ed5 sung Inulin hi\u1ec7u qu\u1ea3 trong vi\u1ec7c h\u1ed7 tr\u1ee3 ti\u00eau h\u00f3a, nhu\u1eadn tr\u00e0ng, ch\u1ed1ng t\u00e1o b\u00f3n.<\/p>\n<p class=\"QN2lPu\">\ufe63H\u1ed7 tr\u1ee3 c\u01a1 th\u1ec3 trong vi\u1ec7c duy tr\u00ec l\u01b0\u1ee3ng \u0111\u01b0\u1eddng trong m\u00e1u b\u00ecnh th\u01b0\u1eddng n\u00ean r\u1ea5t c\u00f3 l\u1ee3i cho ng\u01b0\u1eddi b\u1ecb ti\u1ec3u \u0111\u01b0\u1eddng<\/p>\n<p class=\"QN2lPu\">3.\u0110\u1ed1i t\u01b0\u1ee3ng s\u1eed d\u1ee5ng:<\/p>\n<p class=\"QN2lPu\">\ufe63Th\u1ef1c ph\u1ea9m b\u1ed5 sung ch\u1ea5t x\u01a1, ch\u1ea5t t\u1ea1o ng\u1ecdt t\u1ef1 nhi\u00ean, kh\u00f4ng g\u00e2y t\u0103ng \u0111\u01b0\u1eddng huy\u1ebft;<\/p>\n<p class=\"QN2lPu\">\ufe63S\u1ea3n ph\u1ea9m th\u00edch h\u1ee3p cho ng\u01b0\u1eddi \u0103n ki\u00eang v\u00e0 ng\u01b0\u1eddi ti\u1ec3u \u0111\u01b0\u1eddng;<\/p>\n<p class=\"QN2lPu\">4.H\u01b0\u1edbng d\u1eabn s\u1eed d\u1ee5ng:<\/p>\n<p class=\"QN2lPu\">\ufe63Pha 150 \u2013 200 ml n\u01b0\u1edbc u\u1ed1ng tr\u1ef1c ti\u1ebfp, ho\u1eb7c c\u00f3 th\u1ec3 pha chung v\u1edbi \u0111\u1ed3 u\u1ed1ng nh\u01b0 n\u01b0\u1edbc tr\u00e1i c\u00e2y, s\u1eefa\u2026<\/p>\n<p class=\"QN2lPu\">\ufe63Tr\u1ebb em t\u1eeb 6 tu\u1ed5i d\u00f9ng 1-2 g\u00f3i\/ng\u00e0y.<\/p>\n<p class=\"QN2lPu\">\ufe63Ng\u01b0\u1eddi l\u1edbn: d\u00f9ng 2-4 g\u00f3i\/ng\u00e0y.<\/p>\n<p class=\"QN2lPu\">\n<p class=\"QN2lPu\">S\u1ea3n ph\u1ea9m n\u00e0y  kh\u00f4ng ph\u1ea3i l\u00e0 thu\u1ed1c v\u00e0 kh\u00f4ng c\u00f3 t\u00e1c d\u1ee5ng thay th\u1ebf thu\u1ed1c ch\u1eefa b\u1ec7nh.<\/p>\n<\/div>\n","protected":false},"excerpt":{"rendered":"<p>1.Th\u00e0nh ph\u1ea7n \u0111\u01b0\u1eddng ki\u00eang Maize Slim: Cho 1 g\u00f3i 3g: \ufe63Ch\u1ea5t x\u01a1 Inulin \u2026.. 1500 mg. \ufe63\u0110\u01b0\u1eddng b\u1eafp \u2026\u2026\u2026.500 mg. 2.C\u00f4ng d\u1ee5ng \u0111\u01b0\u1eddng ki\u00eang Maize Slim \ufe63\u0110\u01b0\u1eddng b\u1eafp Maize Slim l\u00e0 th\u1ebf h\u1ec7 m\u1edbi c\u1ee7a c\u00e1c ch\u1ea5t l\u00e0m ng\u1ecdt, gi\u00fap cho ng\u01b0\u1eddi c\u00f3 nguy c\u01a1 v\u00e0 b\u1ecb ti\u1ec3u \u0111\u01b0\u1eddng, ng\u01b0\u1eddi b\u1ecb b\u00e9o ph\u00ec, nh\u1eefng ng\u01b0\u1eddi&#8230;<\/p>\n","protected":false},"featured_media":14340,"comment_status":"open","ping_status":"closed","template":"","meta":[],"product_brand":[],"product_cat":[1261],"product_tag":[],"class_list":{"0":"post-14293","1":"product","2":"type-product","3":"status-publish","4":"has-post-thumbnail","6":"product_cat-duong","8":"first","9":"instock","10":"sale","11":"shipping-taxable","12":"purchasable","13":"product-type-simple"},"_links":{"self":[{"href":"https:\/\/web-ban-le.mbws.vn\/suc-khoe\/wp-json\/wp\/v2\/product\/14293","targetHints":{"allow":["GET"]}}],"collection":[{"href":"https:\/\/web-ban-le.mbws.vn\/suc-khoe\/wp-json\/wp\/v2\/product"}],"about":[{"href":"https:\/\/web-ban-le.mbws.vn\/suc-khoe\/wp-json\/wp\/v2\/types\/product"}],"replies":[{"embeddable":true,"href":"https:\/\/web-ban-le.mbws.vn\/suc-khoe\/wp-json\/wp\/v2\/comments?post=14293"}],"wp:featuredmedia":[{"embeddable":true,"href":"https:\/\/web-ban-le.mbws.vn\/suc-khoe\/wp-json\/wp\/v2\/media\/14340"}],"wp:attachment":[{"href":"https:\/\/web-ban-le.mbws.vn\/suc-khoe\/wp-json\/wp\/v2\/media?parent=14293"}],"wp:term":[{"taxonomy":"product_brand","embeddable":true,"href":"https:\/\/web-ban-le.mbws.vn\/suc-khoe\/wp-json\/wp\/v2\/product_brand?post=14293"},{"taxonomy":"product_cat","embeddable":true,"href":"https:\/\/web-ban-le.mbws.vn\/suc-khoe\/wp-json\/wp\/v2\/product_cat?post=14293"},{"taxonomy":"product_tag","embeddable":true,"href":"https:\/\/web-ban-le.mbws.vn\/suc-khoe\/wp-json\/wp\/v2\/product_tag?post=14293"}],"curies":[{"name":"wp","href":"https:\/\/api.w.org\/{rel}","templated":true}]}}