{"id":13714,"date":"2025-10-27T10:58:31","date_gmt":"2025-10-27T03:58:31","guid":{"rendered":"https:\/\/web-ban-le.mbws.vn\/the-thao-du-lich\/?post_type=product&#038;p=13714"},"modified":"2025-11-10T08:07:02","modified_gmt":"2025-11-10T01:07:02","slug":"cuoc-cau-long-the-thao-li-ning-no-1-axjj018-1","status":"publish","type":"product","link":"https:\/\/web-ban-le.mbws.vn\/the-thao-du-lich\/san-pham\/cuoc-cau-long-the-thao-li-ning-no-1-axjj018-1\/","title":{"rendered":"C\u01b0\u1edbc C\u1ea7u L\u00f4ng Th\u1ec3 Thao Li-Ning No.1 AXJJ018-1"},"content":{"rendered":"<div class=\"e8lZp3\">\n<p class=\"QN2lPu\">C\u01b0\u1edbc C\u1ea7u L\u00f4ng Th\u1ec3 Thao Li-Ning  NS65 AXJJ018-1<\/p>\n<p class=\"QN2lPu\">\n<p class=\"QN2lPu\">TH\u00d4NG S\u1ed0 K\u1ef8 THU\u1eacT<\/p>\n<p class=\"QN2lPu\">C\u1ed0T L\u00d5I: D\u00e2y \u0111a s\u1ee3i nylon ch\u1ecbu nhi\u1ec7t, c\u01b0\u1eddng \u0111\u1ed9 cao<\/p>\n<p class=\"QN2lPu\">\u0110\u01af\u1edcNG K\u00cdNH: 0,65mm<\/p>\n<p class=\"QN2lPu\">\u0110\u1ed9 b\u1ec1n: 7\/10<\/p>\n<p class=\"QN2lPu\">C\u00d4NG SU\u1ea4T PH\u1ea2N \u1ee8NG: 10\/10<\/p>\n<p class=\"QN2lPu\">KI\u1ec2M SO\u00c1T: 8\/10<\/p>\n<p class=\"QN2lPu\">\u00c2M THANH HITTING: 9\/10<\/p>\n<p class=\"QN2lPu\">S\u1ed0C H\u1ea4P D\u1eaaN: 7\/10<\/p>\n<p class=\"QN2lPu\">\n<\/div>\n","protected":false},"excerpt":{"rendered":"<p>C\u01b0\u1edbc C\u1ea7u L\u00f4ng Th\u1ec3 Thao Li-Ning NS65 AXJJ018-1 TH\u00d4NG S\u1ed0 K\u1ef8 THU\u1eacT C\u1ed0T L\u00d5I: D\u00e2y \u0111a s\u1ee3i nylon ch\u1ecbu nhi\u1ec7t, c\u01b0\u1eddng \u0111\u1ed9 cao \u0110\u01af\u1edcNG K\u00cdNH: 0,65mm \u0110\u1ed9 b\u1ec1n: 7\/10 C\u00d4NG SU\u1ea4T PH\u1ea2N \u1ee8NG: 10\/10 KI\u1ec2M SO\u00c1T: 8\/10 \u00c2M THANH HITTING: 9\/10 S\u1ed0C H\u1ea4P D\u1eaaN: 7\/10<\/p>\n","protected":false},"featured_media":13749,"comment_status":"open","ping_status":"closed","template":"","meta":[],"product_brand":[],"product_cat":[1211],"product_tag":[],"class_list":{"0":"post-13714","1":"product","2":"type-product","3":"status-publish","4":"has-post-thumbnail","6":"product_cat-cau-long","8":"first","9":"instock","10":"sale","11":"featured","12":"shipping-taxable","13":"purchasable","14":"product-type-simple"},"_links":{"self":[{"href":"https:\/\/web-ban-le.mbws.vn\/the-thao-du-lich\/wp-json\/wp\/v2\/product\/13714","targetHints":{"allow":["GET"]}}],"collection":[{"href":"https:\/\/web-ban-le.mbws.vn\/the-thao-du-lich\/wp-json\/wp\/v2\/product"}],"about":[{"href":"https:\/\/web-ban-le.mbws.vn\/the-thao-du-lich\/wp-json\/wp\/v2\/types\/product"}],"replies":[{"embeddable":true,"href":"https:\/\/web-ban-le.mbws.vn\/the-thao-du-lich\/wp-json\/wp\/v2\/comments?post=13714"}],"wp:featuredmedia":[{"embeddable":true,"href":"https:\/\/web-ban-le.mbws.vn\/the-thao-du-lich\/wp-json\/wp\/v2\/media\/13749"}],"wp:attachment":[{"href":"https:\/\/web-ban-le.mbws.vn\/the-thao-du-lich\/wp-json\/wp\/v2\/media?parent=13714"}],"wp:term":[{"taxonomy":"product_brand","embeddable":true,"href":"https:\/\/web-ban-le.mbws.vn\/the-thao-du-lich\/wp-json\/wp\/v2\/product_brand?post=13714"},{"taxonomy":"product_cat","embeddable":true,"href":"https:\/\/web-ban-le.mbws.vn\/the-thao-du-lich\/wp-json\/wp\/v2\/product_cat?post=13714"},{"taxonomy":"product_tag","embeddable":true,"href":"https:\/\/web-ban-le.mbws.vn\/the-thao-du-lich\/wp-json\/wp\/v2\/product_tag?post=13714"}],"curies":[{"name":"wp","href":"https:\/\/api.w.org\/{rel}","templated":true}]}}