{"id":13903,"date":"2025-10-27T10:59:41","date_gmt":"2025-10-27T03:59:41","guid":{"rendered":"https:\/\/web-ban-le.mbws.vn\/the-thao-du-lich\/?post_type=product&#038;p=13903"},"modified":"2025-11-10T08:07:01","modified_gmt":"2025-11-10T01:07:01","slug":"giay-thoi-trang-the-thao-li-ning-nu-agct656-1v4v","status":"publish","type":"product","link":"https:\/\/web-ban-le.mbws.vn\/the-thao-du-lich\/san-pham\/giay-thoi-trang-the-thao-li-ning-nu-agct656-1v4v\/","title":{"rendered":"Gi\u00e0y Th\u1eddi Trang Th\u1ec3 Thao Li-Ning N\u1eef AGCT656-1V,4V"},"content":{"rendered":"<div class=\"e8lZp3\">\n<p class=\"QN2lPu\">\u0110\u1eb6C \u0110I\u1ec2M N\u1ed4I B\u1eacT :&nbsp;<\/p>\n<p class=\"QN2lPu\">Thi\u1ebft k\u1ebf \u0111\u1ed9c \u0111\u00e1o:&nbsp;Li-Ning n\u1ed5i ti\u1ebfng v\u1edbi vi\u1ec7c \u00e1p d\u1ee5ng c\u00e1c \u00fd t\u01b0\u1edfng thi\u1ebft k\u1ebf \u0111\u1ed9c \u0111\u00e1o v\u00e0o gi\u00e0y th\u1eddi trang c\u1ee7a m\u00ecnh. \u0110i\u1ec1u n\u00e0y c\u00f3 th\u1ec3 bao g\u1ed3m c\u00e1c chi ti\u1ebft ngh\u1ec7 thu\u1eadt, \u0111\u01b0\u1eddng may \u0111\u1eb7c bi\u1ec7t, ho\u1eb7c c\u00e1c y\u1ebfu t\u1ed1 s\u00e1ng t\u1ea1o kh\u00e1c, t\u1ea1o n\u00ean s\u1ef1 phong c\u00e1ch ri\u00eang bi\u1ec7t.<\/p>\n<p class=\"QN2lPu\">Ch\u1ea5t li\u1ec7u cao c\u1ea5p:&nbsp;Gi\u00e0y th\u1eddi trang Li-Ning th\u01b0\u1eddng \u0111\u01b0\u1ee3c l\u00e0m t\u1eeb c\u00e1c lo\u1ea1i ch\u1ea5t li\u1ec7u cao c\u1ea5p nh\u01b0 da, suede, ho\u1eb7c v\u1eadt li\u1ec7u t\u1ed5ng h\u1ee3p ch\u1ea5t l\u01b0\u1ee3ng, mang l\u1ea1i \u0111\u1ed9 b\u1ec1n v\u00e0 v\u1ebb sang tr\u1ecdng.<\/p>\n<p class=\"QN2lPu\">Logo th\u01b0\u01a1ng hi\u1ec7u \u0111\u1eb7c tr\u01b0ng: Logo c\u1ee7a Li-Ning th\u01b0\u1eddng \u0111\u01b0\u1ee3c t\u00edch h\u1ee3p m\u1ed9t c\u00e1ch s\u00e1ng t\u1ea1o v\u00e0o thi\u1ebft k\u1ebf gi\u00e0y, t\u1ea1o n\u00ean \u0111\u1eb7c \u0111i\u1ec3m nh\u1eadn di\u1ec7n th\u01b0\u01a1ng hi\u1ec7u m\u1ea1nh m\u1ebd.<\/p>\n<p class=\"QN2lPu\">Ki\u1ec3u d\u00e1ng th\u1ec3 thao v\u00e0 streetwear: Gi\u00e0y th\u1eddi trang c\u1ee7a Li-Ning th\u01b0\u1eddng k\u1ebft h\u1ee3p gi\u1eefa phong c\u00e1ch th\u1ec3 thao v\u00e0 streetwear, t\u1ea1o ra s\u1ef1 linh ho\u1ea1t trong vi\u1ec7c k\u1ebft h\u1ee3p v\u1edbi nhi\u1ec1u lo\u1ea1i trang ph\u1ee5c kh\u00e1c nhau.<\/p>\n<p class=\"QN2lPu\">M\u00e0u s\u1eafc v\u00e0 h\u1ecda ti\u1ebft s\u00e1ng t\u1ea1o: Th\u01b0\u01a1ng hi\u1ec7u n\u00e0y th\u01b0\u1eddng s\u1eed d\u1ee5ng m\u00e0u s\u1eafc v\u00e0 h\u1ecda ti\u1ebft s\u00e1ng t\u1ea1o \u0111\u1ec3 l\u00e0m cho gi\u00e0y tr\u1edf n\u00ean n\u1ed5i b\u1eadt v\u00e0 thu h\u00fat s\u1ef1 ch\u00fa \u00fd.<\/p>\n<p class=\"QN2lPu\">\n<p class=\"QN2lPu\">M\u00d4 T\u1ea2 CHI TI\u1ebeT<\/p>\n<p class=\"QN2lPu\">B\u1ea3ng h\u01b0\u1edbng d\u1eabn ch\u1ecdn size gi\u00e0y nam ( Theo Size Gi\u00e0y US)<\/p>\n<p class=\"QN2lPu\">Ch\u1ea5t li\u1ec7u :&nbsp;SYNTHETIC LEATHER<\/p>\n<p class=\"QN2lPu\">D\u00f2ng s\u1ea3n ph\u1ea9m : Lifestyle\/ Th\u1eddi trang<\/p>\n<p class=\"QN2lPu\">Xu\u1ea5t x\u1ee9: Trung Qu\u1ed1c<\/p>\n<p class=\"QN2lPu\">\n<p class=\"QN2lPu\">H\u01af\u1edaNG D\u1eaaN B\u1ea2O QU\u1ea2N<\/p>\n<p class=\"QN2lPu\">Lau ho\u1eb7c gi\u1eb7t nh\u1eb9 v\u1edbi n\u01b0\u1edbc<\/p>\n<p class=\"QN2lPu\">Kh\u00f4ng s\u1eed d\u1ee5ng ch\u1ea5t t\u1ea9y<\/p>\n<p class=\"QN2lPu\">Tr\u00e1nh ph\u01a1i tr\u1ef1c ti\u1ebfp d\u01b0\u1edbi \u00e1nh n\u1eafng g\u1eaft<\/p>\n<p class=\"QN2lPu\">\n<p class=\"QN2lPu\">TH\u00d4NG TIN TH\u01af\u01a0NG HI\u1ec6U<\/p>\n<p class=\"QN2lPu\">N\u0103m 1990, t\u1eadp \u0111o\u00e0n s\u1ea3n xu\u1ea5t d\u1ee5ng c\u1ee5 th\u1ec3 thao Li-Ning Sports \u0111\u01b0\u1ee3c th\u00e0nh l\u1eadp b\u1edfi Li Ning &#8211; m\u1ed9t trong nh\u1eefng v\u1eadn \u0111\u1ed9ng vi\u00ean xu\u1ea5t s\u1eafc nh\u1ea5t th\u1ebf k\u1ef7 20. Ch\u01b0a \u0111\u1ea7y 20 n\u0103m sau, th\u01b0\u01a1ng hi\u1ec7u n\u00e0y \u0111\u00e3 n\u1eb1m trong top nh\u1eefng h\u00e3ng th\u1eddi trang th\u1ec3 thao h\u00e0ng \u0111\u1ea7u th\u1ebf gi\u1edbi. Hi\u1ec7n nay, v\u1edbi n\u1ed7 l\u1ef1c s\u00e1ng t\u1ea1o v\u00e0 \u0111\u1ed5i m\u1edbi, Li-Ning \u0111i\u1ec1u h\u00e0nh m\u1ed9t \u201cTrung t\u00e2m s\u00e1ng t\u1ea1o to\u00e0n c\u1ea7u\u201d t\u1ea1i Hongkong, l\u00e0 trung t\u00e2m thi\u1ebft k\u1ebf s\u1ea3n ph\u1ea9m l\u1edbn nh\u1ea5t t\u1ea1i Ch\u00e2u \u00c1 n\u01a1i t\u1eadp trung h\u00e0ng tr\u0103m nh\u00e0 thi\u1ebft k\u1ebf chuy\u00ean nghi\u1ec7p \u0111\u1ebfn t\u1eeb Italia, T\u00e2y Ban Nha, M\u1ef9\u2026 V\u1edbi kh\u1ea9u hi\u1ec7u \u201cMake the change\u201d, Li-Ning t\u1ef1 tin mang \u0111\u1ebfn nh\u1eefng s\u1ea3n ph\u1ea9m \u01b0u vi\u1ec7t, thi\u1ebft k\u1ebf phong c\u00e1ch ph\u00f9 h\u1ee3p t\u1eebng m\u00f4n th\u1ec3 thao v\u00e0 ho\u00e0n c\u1ea3nh s\u1eed d\u1ee5ng. <\/p>\n<p class=\"QN2lPu\">_____________________<\/p>\n<p class=\"QN2lPu\">#giaydep #giay #the #thao #nam #nu #giaythethao #giaythethaonu #giaythethaonam #giaysneaker #giaysneakernam #giaysneakernu #giaythethaodonde #giaythethaodondenu #giaythethaodondenam #giaychaythethao #giaychaynam #giaychaynu #giaychaybo #giaychaybonam #giaychaybonu #thethaonam #thethaonu #giaynamdep #giaynudep #giaydoi #thoitrang #sneaker #running #sport #giaycaulong #caulong #giaycaulongnu #giaycaulongnam #Badminton #giaybongban #bongban #giaybongbannam #giaybongbannu #bongro #giaybongro #giaybongronam #giaybongronu  #giaychinhhang #giaytapluyen #tapluyen #giaytapluyennam #giaytapluyennu #lining #liningoffical #thethaodangoai #thethaothoitrang<\/p>\n<\/div>\n","protected":false},"excerpt":{"rendered":"<p>\u0110\u1eb6C \u0110I\u1ec2M N\u1ed4I B\u1eacT :&nbsp; Thi\u1ebft k\u1ebf \u0111\u1ed9c \u0111\u00e1o:&nbsp;Li-Ning n\u1ed5i ti\u1ebfng v\u1edbi vi\u1ec7c \u00e1p d\u1ee5ng c\u00e1c \u00fd t\u01b0\u1edfng thi\u1ebft k\u1ebf \u0111\u1ed9c \u0111\u00e1o v\u00e0o gi\u00e0y th\u1eddi trang c\u1ee7a m\u00ecnh. \u0110i\u1ec1u n\u00e0y c\u00f3 th\u1ec3 bao g\u1ed3m c\u00e1c chi ti\u1ebft ngh\u1ec7 thu\u1eadt, \u0111\u01b0\u1eddng may \u0111\u1eb7c bi\u1ec7t, ho\u1eb7c c\u00e1c y\u1ebfu t\u1ed1 s\u00e1ng t\u1ea1o kh\u00e1c, t\u1ea1o n\u00ean s\u1ef1 phong c\u00e1ch&#8230;<\/p>\n","protected":false},"featured_media":13920,"comment_status":"open","ping_status":"closed","template":"","meta":[],"product_brand":[],"product_cat":[1034],"product_tag":[],"class_list":{"0":"post-13903","1":"product","2":"type-product","3":"status-publish","4":"has-post-thumbnail","6":"product_cat-giay-the-thao-khac","8":"first","9":"instock","10":"sale","11":"featured","12":"shipping-taxable","13":"purchasable","14":"product-type-variable"},"_links":{"self":[{"href":"https:\/\/web-ban-le.mbws.vn\/the-thao-du-lich\/wp-json\/wp\/v2\/product\/13903","targetHints":{"allow":["GET"]}}],"collection":[{"href":"https:\/\/web-ban-le.mbws.vn\/the-thao-du-lich\/wp-json\/wp\/v2\/product"}],"about":[{"href":"https:\/\/web-ban-le.mbws.vn\/the-thao-du-lich\/wp-json\/wp\/v2\/types\/product"}],"replies":[{"embeddable":true,"href":"https:\/\/web-ban-le.mbws.vn\/the-thao-du-lich\/wp-json\/wp\/v2\/comments?post=13903"}],"wp:featuredmedia":[{"embeddable":true,"href":"https:\/\/web-ban-le.mbws.vn\/the-thao-du-lich\/wp-json\/wp\/v2\/media\/13920"}],"wp:attachment":[{"href":"https:\/\/web-ban-le.mbws.vn\/the-thao-du-lich\/wp-json\/wp\/v2\/media?parent=13903"}],"wp:term":[{"taxonomy":"product_brand","embeddable":true,"href":"https:\/\/web-ban-le.mbws.vn\/the-thao-du-lich\/wp-json\/wp\/v2\/product_brand?post=13903"},{"taxonomy":"product_cat","embeddable":true,"href":"https:\/\/web-ban-le.mbws.vn\/the-thao-du-lich\/wp-json\/wp\/v2\/product_cat?post=13903"},{"taxonomy":"product_tag","embeddable":true,"href":"https:\/\/web-ban-le.mbws.vn\/the-thao-du-lich\/wp-json\/wp\/v2\/product_tag?post=13903"}],"curies":[{"name":"wp","href":"https:\/\/api.w.org\/{rel}","templated":true}]}}