{"id":14375,"date":"2025-10-27T11:03:24","date_gmt":"2025-10-27T04:03:24","guid":{"rendered":"https:\/\/web-ban-le.mbws.vn\/the-thao-du-lich\/?post_type=product&#038;p=14375"},"modified":"2025-11-10T08:06:58","modified_gmt":"2025-11-10T01:06:58","slug":"phu-kien-balo-cau-long-the-thao-unisex-li-ning-p-absv133-2","status":"publish","type":"product","link":"https:\/\/web-ban-le.mbws.vn\/the-thao-du-lich\/san-pham\/phu-kien-balo-cau-long-the-thao-unisex-li-ning-p-absv133-2\/","title":{"rendered":"[Ph\u1ee5 Ki\u1ec7n] Balo C\u1ea7u L\u00f4ng Th\u1ec3 Thao Unisex Li-Ning P-ABSV133-2"},"content":{"rendered":"<div class=\"e8lZp3\">\n<p class=\"QN2lPu\">D\u00f2ng ba l\u00f4 c\u1ea7u l\u00f4ng Li-Ning \u0111\u01b0\u1ee3c thi\u1ebft k\u1ebf v\u1edbi m\u00e0u s\u1eafc \u0111\u01a1n gi\u1ea3n ki\u1ec3u d\u00e1ng th\u1ec3 thao, tr\u1ebb trung n\u0103ng \u0111\u1ed9ng ph\u00f9 h\u1ee3p m\u1ecdi ho\u00e0n c\u1ea3nh t\u1eeb ti\u1ec7n d\u1ee5ng khi l\u00ean s\u00e2n c\u1ea7u cho t\u1edbi \u0111em \u0111i du l\u1ecbch v\u1edbi nhi\u1ec1u t\u00fai nh\u1ecf ti\u1ec7n d\u1ee5ng \u0111\u1ec3 \u0111\u1ef1ng \u0111i\u1ec7n tho\u1ea1i, ph\u1ee5 ki\u1ec7n.<\/p>\n<p class=\"QN2lPu\">\n<p class=\"QN2lPu\">M\u00d4 T\u1ea2 CHI TI\u1ebeT :<\/p>\n<p class=\"QN2lPu\">Balo \u0111\u01b0\u1ee3c l\u00e0m t\u1eeb&nbsp;ch\u1ea5t li\u1ec7u v\u1ea3i cao c\u1ea5p, ch\u1ea5t li\u1ec7u Polyeste ch\u1ed1ng th\u1ea5m.<\/p>\n<p class=\"QN2lPu\">M\u00e0u s\u1eafc nh\u1eb9 nh\u00e0ng&nbsp;v\u1edbi nh\u1eefng chi ti\u1ebft t\u00ean th\u01b0\u01a1ng hi\u1ec7u ph\u1ed1i m\u00e0u c\u00f9ng v\u1edbi logo l\u00e0&nbsp;\u0111i\u1ec3m nh\u1ea5n.<\/p>\n<p class=\"QN2lPu\">Balo&nbsp;c\u00f3 thi\u1ebft k\u1ebf kh\u00f3a k\u00e9o ch\u1eafc ch\u1eafn, an to\u00e0n \u0111\u1ea3m b\u1ea3o \u0111\u1ed9 an to\u00e0n cao nh\u1ea5t cho v\u1ee3t c\u0169ng nh\u01b0 c\u00e1c ph\u1ee5 ki\u1ec7n c\u1ee7a b\u1ea1n.<\/p>\n<p class=\"QN2lPu\">Ph\u1ea7n quai \u0111eo v\u00e0 \u0111\u1ec7m l\u01b0ng c\u00f3 m\u00fat \u00eam \u00e1i t\u1ea1o c\u1ea3m gi\u00e1c tho\u1ea3i m\u00e1i nh\u1ea5t cho ng\u01b0\u1eddi s\u1eed d\u1ee5ng.<\/p>\n<p class=\"QN2lPu\">Balo c\u00f2n c\u00f3 quai \u0111\u1ec3 x\u00e1ch, ti\u1ec7n l\u1ee3i khi s\u1eed d\u1ee5ng.<\/p>\n<p class=\"QN2lPu\">Ph\u00eda sau c\u1ee7a balo l\u00e0 ch\u1ea5t li\u1ec7u l\u01b0\u1edbi, gi\u00fap balo tr\u1edf n\u00ean th\u00f4ng tho\u00e1ng h\u01a1n.<\/p>\n<p class=\"QN2lPu\">Ch\u1ea5t li\u1ec7u: Polyester<\/p>\n<p class=\"QN2lPu\">K\u00edch th\u01b0\u1edbc: 310&nbsp;x 200&nbsp;x 460mm&nbsp;<\/p>\n<p class=\"QN2lPu\">Xu\u1ea5t x\u1ee9 : Trung Qu\u1ed1c&nbsp;<\/p>\n<p class=\"QN2lPu\">\n<p class=\"QN2lPu\">H\u01af\u1edaNG D\u1eaaN B\u1ea2O QU\u1ea2N :<\/p>\n<p class=\"QN2lPu\">&#8211; Gi\u1eb7t s\u1ea1ch v\u1ebft b\u1ea9n \u1edf nhi\u1ec7t \u0111\u1ed9 th\u01b0\u1eddng<\/p>\n<p class=\"QN2lPu\">&#8211; Kh\u00f4ng s\u1eed d\u1ee5ng ch\u1ea5t t\u1ea9y<\/p>\n<p class=\"QN2lPu\">&#8211; Tr\u00e1nh ph\u01a1i tr\u1ef1c ti\u1ebfp d\u01b0\u1edbi \u00e1nh n\u1eafng g\u1eaft<\/p>\n<p class=\"QN2lPu\">\n<p class=\"QN2lPu\">B\u1ea2O H\u00c0NH &amp; \u0110\u1ed4I TR\u1ea2 :<\/p>\n<p class=\"QN2lPu\">&#8211; Kh\u00f4ng b\u1ea3o h\u00e0nh<\/p>\n<p class=\"QN2lPu\">&#8211; \u0110\u1ed5i tr\u1ea3 trong v\u00f2ng 7 ng\u00e0y n\u1ebfu l\u1ed7i ph\u00e1t sinh t\u1eeb ph\u00eda nh\u00e0 s\u1ea3n xu\u1ea5t<\/p>\n<p class=\"QN2lPu\">\n<p class=\"QN2lPu\">TH\u00d4NG TIN TH\u01af\u01a0NG HI\u1ec6U :<\/p>\n<p class=\"QN2lPu\">N\u0103m 1990, t\u1eadp \u0111o\u00e0n s\u1ea3n xu\u1ea5t d\u1ee5ng c\u1ee5 th\u1ec3 thao Li-ning Sports \u0111\u01b0\u1ee3c th\u00e0nh l\u1eadp b\u1edfi Li Ning &#8211; m\u1ed9t trong nh\u1eefng v\u1eadn \u0111\u1ed9ng vi\u00ean xu\u1ea5t s\u1eafc nh\u1ea5t th\u1ebf k\u1ef7 20. Ch\u01b0a \u0111\u1ea7y 20 n\u0103m sau, th\u01b0\u01a1ng hi\u1ec7u n\u00e0y \u0111\u00e3 n\u1eb1m trong top nh\u1eefng h\u00e3ng th\u1eddi trang th\u1ec3 thao h\u00e0ng \u0111\u1ea7u th\u1ebf gi\u1edbi. Hi\u1ec7n nay, v\u1edbi n\u1ed7 l\u1ef1c s\u00e1ng t\u1ea1o v\u00e0 \u0111\u1ed5i m\u1edbi, Li-ning \u0111i\u1ec1u h\u00e0nh m\u1ed9t \u201cTrung t\u00e2m s\u00e1ng t\u1ea1o to\u00e0n c\u1ea7u\u201d t\u1ea1i Hongkong, l\u00e0 trung t\u00e2m thi\u1ebft k\u1ebf s\u1ea3n ph\u1ea9m l\u1edbn nh\u1ea5t t\u1ea1i Ch\u00e2u \u00c1 n\u01a1i t\u1eadp trung h\u00e0ng tr\u0103m nh\u00e0 thi\u1ebft k\u1ebf chuy\u00ean nghi\u1ec7p \u0111\u1ebfn t\u1eeb Italia, T\u00e2y Ban Nha, M\u1ef9\u2026 V\u1edbi kh\u1ea9u hi\u1ec7u \u201cMake the change\u201d, Li-ning t\u1ef1 tin mang \u0111\u1ebfn nh\u1eefng s\u1ea3n ph\u1ea9m \u01b0u vi\u1ec7t, thi\u1ebft k\u1ebf phong c\u00e1ch ph\u00f9 h\u1ee3p t\u1eebng m\u00f4n th\u1ec3 thao v\u00e0 ho\u00e0n c\u1ea3nh s\u1eed d\u1ee5ng<\/p>\n<p class=\"QN2lPu\">_____________________<\/p>\n<p class=\"QN2lPu\">#balo #balothoitrang #balodihoc #balothethao #balotapluyen #balodulich #balodep #balounisex #balochinhhang #balocatinh #balolining #balobasic #balotot #balogiare #capsach #caphocsinh #capdihoc #tui #tuixach #tuidep #tuideocheo #tuideocheonam #tuideocheonu #tuithethao #tuithethaonam #tuithethaonu #tuichinhhang #tuitapluyen #fashion #lining #liningofficial #liningvietnam #shopeeling<\/p>\n<\/div>\n","protected":false},"excerpt":{"rendered":"<p>D\u00f2ng ba l\u00f4 c\u1ea7u l\u00f4ng Li-Ning \u0111\u01b0\u1ee3c thi\u1ebft k\u1ebf v\u1edbi m\u00e0u s\u1eafc \u0111\u01a1n gi\u1ea3n ki\u1ec3u d\u00e1ng th\u1ec3 thao, tr\u1ebb trung n\u0103ng \u0111\u1ed9ng ph\u00f9 h\u1ee3p m\u1ecdi ho\u00e0n c\u1ea3nh t\u1eeb ti\u1ec7n d\u1ee5ng khi l\u00ean s\u00e2n c\u1ea7u cho t\u1edbi \u0111em \u0111i du l\u1ecbch v\u1edbi nhi\u1ec1u t\u00fai nh\u1ecf ti\u1ec7n d\u1ee5ng \u0111\u1ec3 \u0111\u1ef1ng \u0111i\u1ec7n tho\u1ea1i, ph\u1ee5 ki\u1ec7n. M\u00d4 T\u1ea2 CHI&#8230;<\/p>\n","protected":false},"featured_media":14415,"comment_status":"open","ping_status":"closed","template":"","meta":[],"product_brand":[],"product_cat":[1211],"product_tag":[],"class_list":{"0":"post-14375","1":"product","2":"type-product","3":"status-publish","4":"has-post-thumbnail","6":"product_cat-cau-long","8":"first","9":"instock","10":"sale","11":"featured","12":"shipping-taxable","13":"purchasable","14":"product-type-simple"},"_links":{"self":[{"href":"https:\/\/web-ban-le.mbws.vn\/the-thao-du-lich\/wp-json\/wp\/v2\/product\/14375","targetHints":{"allow":["GET"]}}],"collection":[{"href":"https:\/\/web-ban-le.mbws.vn\/the-thao-du-lich\/wp-json\/wp\/v2\/product"}],"about":[{"href":"https:\/\/web-ban-le.mbws.vn\/the-thao-du-lich\/wp-json\/wp\/v2\/types\/product"}],"replies":[{"embeddable":true,"href":"https:\/\/web-ban-le.mbws.vn\/the-thao-du-lich\/wp-json\/wp\/v2\/comments?post=14375"}],"wp:featuredmedia":[{"embeddable":true,"href":"https:\/\/web-ban-le.mbws.vn\/the-thao-du-lich\/wp-json\/wp\/v2\/media\/14415"}],"wp:attachment":[{"href":"https:\/\/web-ban-le.mbws.vn\/the-thao-du-lich\/wp-json\/wp\/v2\/media?parent=14375"}],"wp:term":[{"taxonomy":"product_brand","embeddable":true,"href":"https:\/\/web-ban-le.mbws.vn\/the-thao-du-lich\/wp-json\/wp\/v2\/product_brand?post=14375"},{"taxonomy":"product_cat","embeddable":true,"href":"https:\/\/web-ban-le.mbws.vn\/the-thao-du-lich\/wp-json\/wp\/v2\/product_cat?post=14375"},{"taxonomy":"product_tag","embeddable":true,"href":"https:\/\/web-ban-le.mbws.vn\/the-thao-du-lich\/wp-json\/wp\/v2\/product_tag?post=14375"}],"curies":[{"name":"wp","href":"https:\/\/api.w.org\/{rel}","templated":true}]}}