{"id":13728,"date":"2025-10-23T15:52:50","date_gmt":"2025-10-23T08:52:50","guid":{"rendered":"https:\/\/web-ban-le.mbws.vn\/thiet-bi-dien-gia-dung\/?post_type=product&#038;p=13728"},"modified":"2025-10-30T18:27:01","modified_gmt":"2025-10-30T11:27:01","slug":"lo-hap-nuong-thong-minh-toshiba-ms3-stq20sebk-20l-hap-nuong-da-nang-mon-an-thang-hang","status":"publish","type":"product","link":"https:\/\/web-ban-le.mbws.vn\/thiet-bi-dien-gia-dung\/san-pham\/lo-hap-nuong-thong-minh-toshiba-ms3-stq20sebk-20l-hap-nuong-da-nang-mon-an-thang-hang\/","title":{"rendered":"L\u00f2 H\u1ea5p N\u01b0\u1edbng Th\u00f4ng Minh Toshiba MS3-STQ20SE(BK) 20L &#8211; H\u1ea5p N\u01b0\u1edbng \u0110a N\u0103ng &#8211; M\u00f3n \u0102n Th\u0103ng H\u1ea1ng"},"content":{"rendered":"<div class=\"e8lZp3\">\n<div class=\"QN2lPu\">\n<div style=\"position: relative; width: 100%; padding-bottom: 147.059%;\"><picture class=\"UkIsx8\"><source srcset=\"https:\/\/down-vn.img.susercontent.com\/file\/vn-11134208-7ras8-mcmzr6dkpa8y47@resize_w875_nl.webp 1x, https:\/\/down-vn.img.susercontent.com\/file\/vn-11134208-7ras8-mcmzr6dkpa8y47@resize_w1750_nl.webp 2x\" type=\"image\/webp\" class=\"UkIsx8\"><img decoding=\"async\" width=\"875\" loading=\"lazy\" class=\"uXN1L5 lazyload GqYslU\" srcset=\"https:\/\/down-vn.img.susercontent.com\/file\/vn-11134208-7ras8-mcmzr6dkpa8y47@resize_w875_nl 1x, https:\/\/down-vn.img.susercontent.com\/file\/vn-11134208-7ras8-mcmzr6dkpa8y47@resize_w1750_nl 2x\" src=\"https:\/\/down-vn.img.susercontent.com\/file\/vn-11134208-7ras8-mcmzr6dkpa8y47\" height=\"1287\"><\/picture><\/div>\n<\/div>\n<div class=\"QN2lPu\">\n<div style=\"position: relative; width: 100%; padding-bottom: 145.349%;\"><picture class=\"UkIsx8\"><source srcset=\"https:\/\/down-vn.img.susercontent.com\/file\/vn-11134208-7ras8-mcmzr6dkqote5f@resize_w875_nl.webp 1x, https:\/\/down-vn.img.susercontent.com\/file\/vn-11134208-7ras8-mcmzr6dkqote5f@resize_w1750_nl.webp 2x\" type=\"image\/webp\" class=\"UkIsx8\"><img decoding=\"async\" width=\"875\" loading=\"lazy\" class=\"uXN1L5 lazyload GqYslU\" srcset=\"https:\/\/down-vn.img.susercontent.com\/file\/vn-11134208-7ras8-mcmzr6dkqote5f@resize_w875_nl 1x, https:\/\/down-vn.img.susercontent.com\/file\/vn-11134208-7ras8-mcmzr6dkqote5f@resize_w1750_nl 2x\" src=\"https:\/\/down-vn.img.susercontent.com\/file\/vn-11134208-7ras8-mcmzr6dkqote5f\" height=\"1272\"><\/picture><\/div>\n<\/div>\n<div class=\"QN2lPu\">\n<div style=\"position: relative; width: 100%; padding-bottom: 121.065%;\"><picture class=\"UkIsx8\"><source srcset=\"https:\/\/down-vn.img.susercontent.com\/file\/vn-11134208-7ras8-mcmzr6dks3du40@resize_w875_nl.webp 1x, https:\/\/down-vn.img.susercontent.com\/file\/vn-11134208-7ras8-mcmzr6dks3du40@resize_w1750_nl.webp 2x\" type=\"image\/webp\" class=\"UkIsx8\"><img decoding=\"async\" width=\"875\" loading=\"lazy\" class=\"uXN1L5 lazyload GqYslU\" srcset=\"https:\/\/down-vn.img.susercontent.com\/file\/vn-11134208-7ras8-mcmzr6dks3du40@resize_w875_nl 1x, https:\/\/down-vn.img.susercontent.com\/file\/vn-11134208-7ras8-mcmzr6dks3du40@resize_w1750_nl 2x\" src=\"https:\/\/down-vn.img.susercontent.com\/file\/vn-11134208-7ras8-mcmzr6dks3du40\" height=\"1059\"><\/picture><\/div>\n<\/div>\n<div class=\"QN2lPu\">\n<div style=\"position: relative; width: 100%; padding-bottom: 121.065%;\"><picture class=\"UkIsx8\"><source srcset=\"https:\/\/down-vn.img.susercontent.com\/file\/vn-11134208-7ras8-mcmzr6dkthyad7@resize_w875_nl.webp 1x, https:\/\/down-vn.img.susercontent.com\/file\/vn-11134208-7ras8-mcmzr6dkthyad7@resize_w1750_nl.webp 2x\" type=\"image\/webp\" class=\"UkIsx8\"><img decoding=\"async\" width=\"875\" loading=\"lazy\" class=\"uXN1L5 lazyload GqYslU\" srcset=\"https:\/\/down-vn.img.susercontent.com\/file\/vn-11134208-7ras8-mcmzr6dkthyad7@resize_w875_nl 1x, https:\/\/down-vn.img.susercontent.com\/file\/vn-11134208-7ras8-mcmzr6dkthyad7@resize_w1750_nl 2x\" src=\"https:\/\/down-vn.img.susercontent.com\/file\/vn-11134208-7ras8-mcmzr6dkthyad7\" height=\"1059\"><\/picture><\/div>\n<\/div>\n<div class=\"QN2lPu\">\n<div style=\"position: relative; width: 100%; padding-bottom: 121.065%;\"><picture class=\"UkIsx8\"><source srcset=\"https:\/\/down-vn.img.susercontent.com\/file\/vn-11134208-7ras8-mcmzr6dk1eleca@resize_w875_nl.webp 1x, https:\/\/down-vn.img.susercontent.com\/file\/vn-11134208-7ras8-mcmzr6dk1eleca@resize_w1750_nl.webp 2x\" type=\"image\/webp\" class=\"UkIsx8\"><img decoding=\"async\" width=\"875\" loading=\"lazy\" class=\"uXN1L5 lazyload GqYslU\" srcset=\"https:\/\/down-vn.img.susercontent.com\/file\/vn-11134208-7ras8-mcmzr6dk1eleca@resize_w875_nl 1x, https:\/\/down-vn.img.susercontent.com\/file\/vn-11134208-7ras8-mcmzr6dk1eleca@resize_w1750_nl 2x\" src=\"https:\/\/down-vn.img.susercontent.com\/file\/vn-11134208-7ras8-mcmzr6dk1eleca\" height=\"1059\"><\/picture><\/div>\n<\/div>\n<div class=\"QN2lPu\">\n<div style=\"position: relative; width: 100%; padding-bottom: 121.065%;\"><picture class=\"UkIsx8\"><source srcset=\"https:\/\/down-vn.img.susercontent.com\/file\/vn-11134208-7ras8-mcmzr6dk2t5u3e@resize_w875_nl.webp 1x, https:\/\/down-vn.img.susercontent.com\/file\/vn-11134208-7ras8-mcmzr6dk2t5u3e@resize_w1750_nl.webp 2x\" type=\"image\/webp\" class=\"UkIsx8\"><img decoding=\"async\" width=\"875\" loading=\"lazy\" class=\"uXN1L5 lazyload GqYslU\" srcset=\"https:\/\/down-vn.img.susercontent.com\/file\/vn-11134208-7ras8-mcmzr6dk2t5u3e@resize_w875_nl 1x, https:\/\/down-vn.img.susercontent.com\/file\/vn-11134208-7ras8-mcmzr6dk2t5u3e@resize_w1750_nl 2x\" src=\"https:\/\/down-vn.img.susercontent.com\/file\/vn-11134208-7ras8-mcmzr6dk2t5u3e\" height=\"1059\"><\/picture><\/div>\n<\/div>\n<div class=\"QN2lPu\">\n<div style=\"position: relative; width: 100%; padding-bottom: 121.065%;\"><picture class=\"UkIsx8\"><source srcset=\"https:\/\/down-vn.img.susercontent.com\/file\/vn-11134208-7ras8-mcmzr6dk47qa85@resize_w875_nl.webp 1x, https:\/\/down-vn.img.susercontent.com\/file\/vn-11134208-7ras8-mcmzr6dk47qa85@resize_w1750_nl.webp 2x\" type=\"image\/webp\" class=\"UkIsx8\"><img decoding=\"async\" width=\"875\" loading=\"lazy\" class=\"uXN1L5 lazyload GqYslU\" srcset=\"https:\/\/down-vn.img.susercontent.com\/file\/vn-11134208-7ras8-mcmzr6dk47qa85@resize_w875_nl 1x, https:\/\/down-vn.img.susercontent.com\/file\/vn-11134208-7ras8-mcmzr6dk47qa85@resize_w1750_nl 2x\" src=\"https:\/\/down-vn.img.susercontent.com\/file\/vn-11134208-7ras8-mcmzr6dk47qa85\" height=\"1059\"><\/picture><\/div>\n<\/div>\n<div class=\"QN2lPu\">\n<div style=\"position: relative; width: 100%; padding-bottom: 121.065%;\"><picture class=\"UkIsx8\"><source srcset=\"https:\/\/down-vn.img.susercontent.com\/file\/vn-11134208-7ras8-mcmzr6dk5maqf3@resize_w875_nl.webp 1x, https:\/\/down-vn.img.susercontent.com\/file\/vn-11134208-7ras8-mcmzr6dk5maqf3@resize_w1750_nl.webp 2x\" type=\"image\/webp\" class=\"UkIsx8\"><img decoding=\"async\" width=\"875\" loading=\"lazy\" class=\"uXN1L5 lazyload GqYslU\" srcset=\"https:\/\/down-vn.img.susercontent.com\/file\/vn-11134208-7ras8-mcmzr6dk5maqf3@resize_w875_nl 1x, https:\/\/down-vn.img.susercontent.com\/file\/vn-11134208-7ras8-mcmzr6dk5maqf3@resize_w1750_nl 2x\" src=\"https:\/\/down-vn.img.susercontent.com\/file\/vn-11134208-7ras8-mcmzr6dk5maqf3\" height=\"1059\"><\/picture><\/div>\n<\/div>\n<div class=\"QN2lPu\">\n<div style=\"position: relative; width: 100%; padding-bottom: 121.065%;\"><picture class=\"UkIsx8\"><source srcset=\"https:\/\/down-vn.img.susercontent.com\/file\/vn-11134208-7ras8-mcmzr6dk70v652@resize_w875_nl.webp 1x, https:\/\/down-vn.img.susercontent.com\/file\/vn-11134208-7ras8-mcmzr6dk70v652@resize_w1750_nl.webp 2x\" type=\"image\/webp\" class=\"UkIsx8\"><img decoding=\"async\" width=\"875\" loading=\"lazy\" class=\"uXN1L5 lazyload QSLoEa GqYslU\" srcset=\"https:\/\/down-vn.img.susercontent.com\/file\/vn-11134208-7ras8-mcmzr6dk70v652@resize_w875_nl 1x, https:\/\/down-vn.img.susercontent.com\/file\/vn-11134208-7ras8-mcmzr6dk70v652@resize_w1750_nl 2x\" src=\"https:\/\/down-vn.img.susercontent.com\/file\/vn-11134208-7ras8-mcmzr6dk70v652\" height=\"1059\"><\/picture><\/div>\n<\/div>\n<div class=\"QN2lPu\">\n<div style=\"position: relative; width: 100%; padding-bottom: 121.065%;\"><picture class=\"UkIsx8\"><source srcset=\"https:\/\/down-vn.img.susercontent.com\/file\/vn-11134208-7ras8-mcmzr6dk8ffm3d@resize_w875_nl.webp 1x, https:\/\/down-vn.img.susercontent.com\/file\/vn-11134208-7ras8-mcmzr6dk8ffm3d@resize_w1750_nl.webp 2x\" type=\"image\/webp\" class=\"UkIsx8\"><img decoding=\"async\" width=\"875\" loading=\"lazy\" class=\"uXN1L5 lazyload QSLoEa GqYslU\" srcset=\"https:\/\/down-vn.img.susercontent.com\/file\/vn-11134208-7ras8-mcmzr6dk8ffm3d@resize_w875_nl 1x, https:\/\/down-vn.img.susercontent.com\/file\/vn-11134208-7ras8-mcmzr6dk8ffm3d@resize_w1750_nl 2x\" src=\"https:\/\/down-vn.img.susercontent.com\/file\/vn-11134208-7ras8-mcmzr6dk8ffm3d\" height=\"1059\"><\/picture><\/div>\n<\/div>\n<div class=\"QN2lPu\">\n<div style=\"position: relative; width: 100%; padding-bottom: 121.065%;\"><picture class=\"UkIsx8\"><source srcset=\"https:\/\/down-vn.img.susercontent.com\/file\/vn-11134208-7ras8-mcmzr6dkb8kie6@resize_w875_nl.webp 1x, https:\/\/down-vn.img.susercontent.com\/file\/vn-11134208-7ras8-mcmzr6dkb8kie6@resize_w1750_nl.webp 2x\" type=\"image\/webp\" class=\"UkIsx8\"><img decoding=\"async\" width=\"875\" loading=\"lazy\" class=\"uXN1L5 lazyload QSLoEa GqYslU\" srcset=\"https:\/\/down-vn.img.susercontent.com\/file\/vn-11134208-7ras8-mcmzr6dkb8kie6@resize_w875_nl 1x, https:\/\/down-vn.img.susercontent.com\/file\/vn-11134208-7ras8-mcmzr6dkb8kie6@resize_w1750_nl 2x\" src=\"https:\/\/down-vn.img.susercontent.com\/file\/vn-11134208-7ras8-mcmzr6dkb8kie6\" height=\"1059\"><\/picture><\/div>\n<\/div>\n<div class=\"QN2lPu\">\n<div style=\"position: relative; width: 100%; padding-bottom: 121.065%;\"><picture class=\"UkIsx8\"><source srcset=\"https:\/\/down-vn.img.susercontent.com\/file\/vn-11134208-7ras8-mcmzr6dkcn4y37@resize_w875_nl.webp 1x, https:\/\/down-vn.img.susercontent.com\/file\/vn-11134208-7ras8-mcmzr6dkcn4y37@resize_w1750_nl.webp 2x\" type=\"image\/webp\" class=\"UkIsx8\"><img decoding=\"async\" width=\"875\" loading=\"lazy\" class=\"uXN1L5 lazyload QSLoEa GqYslU\" srcset=\"https:\/\/down-vn.img.susercontent.com\/file\/vn-11134208-7ras8-mcmzr6dkcn4y37@resize_w875_nl 1x, https:\/\/down-vn.img.susercontent.com\/file\/vn-11134208-7ras8-mcmzr6dkcn4y37@resize_w1750_nl 2x\" src=\"https:\/\/down-vn.img.susercontent.com\/file\/vn-11134208-7ras8-mcmzr6dkcn4y37\" height=\"1059\"><\/picture><\/div>\n<\/div>\n<p class=\"QN2lPu\">\n<p class=\"QN2lPu\">TI\u1ec6N \u00cdCH N\u1ed4I B\u1eacT<\/p>\n<p class=\"QN2lPu\">3 ch\u1ebf \u0111\u1ed9 h\u1ea5p &#8211; N\u1ea5u n\u01b0\u1edbng linh ho\u1ea1t<\/p>\n<p class=\"QN2lPu\">Toshiba hi\u1ec3u r\u1eb1ng m\u1ed7i lo\u1ea1i th\u1ef1c ph\u1ea9m kh\u00e1c nhau c\u1ea7n c\u00f3 1 l\u01b0\u1ee3ng h\u01a1i n\u01b0\u1edbc v\u00e0 nhi\u1ec7t \u0111\u1ed9 kh\u00e1c nhau \u0111\u1ec3 t\u00f4n vinh v\u1ecb ngon v\u00e0 gi\u1eef tr\u1ecdn d\u01b0\u1ee1ng ch\u1ea5t.<\/p>\n<p class=\"QN2lPu\">V\u00ec v\u1eady MS3-STQ20SE(BK)20L \u0111\u01b0\u1ee3c c\u00e0i \u0111\u1eb7t ph\u00e1t tri\u1ec3n 3 ch\u1ebf \u0111\u1ed9 h\u1ea5p. Gi\u00fap \u0111\u1ea3m b\u1ea3o gi\u1eef tr\u1ecdn v\u1eb9n 100% h\u01b0\u01a1ng v\u1ecb t\u01b0\u01a1i m\u1edbi v\u00e0 c\u00e1c ch\u1ea5t dinh d\u01b0\u1ee1ng c\u1ee7a th\u1ef1c ph\u1ea9m.<\/p>\n<p class=\"QN2lPu\">&#8211;&nbsp;&nbsp;Ch\u1ebf \u0111\u1ed9 h\u1ea5p nhanh (100\u00b0C)<\/p>\n<p class=\"QN2lPu\">&#8211;&nbsp;&nbsp;Ch\u1ebf \u0111\u1ed9 h\u1ea5p c\u01a1 b\u1ea3n (35-100\u00b0C)<\/p>\n<p class=\"QN2lPu\">&#8211;&nbsp;&nbsp;Ch\u1ebf \u0111\u1ed9 h\u1ea5p ch\u1eadm (35-100\u00b0C)<\/p>\n<p class=\"QN2lPu\">\n<p class=\"QN2lPu\">Ch\u1ebf \u0111\u1ed9 h\u1ea5p nhanh (100\u00b0C) &#8211; Gi\u1eef m\u00f3n \u0103n m\u1ecdng n\u01b0\u1edbc<\/p>\n<p class=\"QN2lPu\">Th\u1ef1c ph\u1ea9m \u0111\u01b0\u1ee3c h\u1ea5p ch\u00edn nhanh v\u1edbi c\u00f4ng su\u1ea5t cao 100*C. Gi\u00fap gi\u1eef nguy\u00ean v\u1ecb th\u01a1m ng\u1ecdt, t\u01b0\u01a1i m\u1edbi. Gi\u1eef cho m\u00f3n \u0103n lu\u00f4n m\u1ecdng n\u01b0\u1edbc.&nbsp;<\/p>\n<p class=\"QN2lPu\">Ch\u1ebf \u0111\u1ed9 h\u1ea5p n\u00e0y ph\u00f9 h\u1ee3p \u0111\u1ec3 ch\u1ebf bi\u1ebfn c\u00e1c lo\u1ea1i h\u1ea3i s\u1ea3n, rau c\u1ee7 v\u00e0 r\u00e3 \u0111\u00f4ng th\u1ef1c ph\u1ea9m.<\/p>\n<p class=\"QN2lPu\">Th\u1eddi gian n\u1ea5u t\u1ed1i \u0111a: 1 gi\u1edd<\/p>\n<p class=\"QN2lPu\">&nbsp;<\/p>\n<p class=\"QN2lPu\">Ch\u1ebf \u0111\u1ed9 h\u1ea5p c\u01a1 b\u1ea3n (35-100\u00b0C) &#8211; N\u1ea5u m\u00f3n \u0103n ngon nh\u01b0 m\u1eb9 n\u1ea5u<\/p>\n<p class=\"QN2lPu\">\u1ede ch\u1ebf \u0111\u1ed9 h\u1ea5p c\u01a1 b\u1ea3n s\u1ebd m\u00f4 ph\u1ecfng ch\u00ednh x\u00e1c c\u00f4ng su\u1ea5t, nhi\u1ec7t \u0111\u1ed9 gi\u1ed1ng nh\u01b0 khi n\u1ea5u b\u1eb1ng b\u1ebfp th\u01b0\u1eddng. V\u00ec v\u1eady m\u00f3n \u0103n s\u1ebd gi\u1eef \u0111\u01b0\u1ee3c \u0111\u1ed9 t\u01b0\u01a1i, ngon v\u00e0 kh\u1ea9u v\u1ecb gi\u1ed1ng nh\u01b0 m\u1eb9 n\u1ea5u b\u1eefa \u0103n m\u1ed7i ng\u00e0y.<\/p>\n<p class=\"QN2lPu\">Ph\u00f9 h\u1ee3p \u0111\u1ec3 ch\u1ebf bi\u1ebfn c\u00e1c m\u00f3n th\u1ecbt, tr\u1ee9ng v\u00e0 c\u00e1c lo\u1ea1i \u0111i\u1ec3m t\u00e2m.<\/p>\n<p class=\"QN2lPu\">Th\u1eddi gian n\u1ea5u t\u1ed1i \u0111a: 2 gi\u1edd<\/p>\n<p class=\"QN2lPu\">\n<p class=\"QN2lPu\">Ch\u1ebf \u0111\u1ed9 h\u1ea5p ch\u1eadm (35-100\u00b0C) &#8211; Gi\u1eef tr\u1ecdn tinh t\u00fay c\u00e1c m\u00f3n h\u1ea7m<\/p>\n<p class=\"QN2lPu\">V\u1edbi ch\u1ebf \u0111\u1ed9 h\u1ea5p ch\u1eadm th\u1ef1c ph\u1ea9m \u0111\u01b0\u1ee3c h\u1ea5p v\u1edbi nhi\u1ec7t \u0111\u1ed9 v\u1eeba v\u00e0 nh\u1ecf, t\u01b0\u01a1ng t\u1ef1 nh\u01b0 h\u1ea7m. Gi\u00fap gi\u1eef l\u1ea1i \u0111\u01b0\u1ee3c tr\u1ecdn v\u1eb9n tinh t\u00fay c\u1ee7a m\u00f3n \u0103n.<\/p>\n<p class=\"QN2lPu\">Ph\u00f9 h\u1ee3p nh\u1ea5t \u0111\u1ec3 ch\u1ebf bi\u1ebfn c\u00e1c m\u00f3n \u0103n t\u1eeb soup, x\u01b0\u01a1ng h\u1ea7m v\u00e0 c\u00e1c m\u00f3n c\u1ea7n nhi\u1ec1u th\u1eddi gian.&nbsp;<\/p>\n<p class=\"QN2lPu\">Th\u1eddi gian ch\u1ebf bi\u1ebfn t\u1ed1i \u0111a: 5 gi\u1edd<\/p>\n<p class=\"QN2lPu\">\n<p class=\"QN2lPu\">Ch\u1ebf \u0111\u1ed9 n\u1ea5u nhi\u1ec7t \u0111\u1ed9 th\u1ea5p &#8211; L\u00e0m b\u00e1nh, s\u1ea5y kh\u00f4 d\u1ec5 d\u00e0ng h\u01a1n<\/p>\n<p class=\"QN2lPu\">S\u1eed d\u1ee5ng ch\u1ebf \u0111\u1ed9 n\u1ea5u nhi\u1ec7t \u0111\u1ed9 th\u1ea5p b\u1ea1n c\u00f3 th\u1eddi gian n\u1ea5u k\u00e9o d\u00e0i 24 gi\u1edd. L\u00f2 h\u1ea5p cung c\u1ea5p nhi\u1ec7t \u0111\u1ed9 \u1ed5n \u0111\u1ecbnh trong su\u1ed1t th\u1eddi gian ho\u1ea1t \u0111\u1ed9ng.<\/p>\n<p class=\"QN2lPu\">\u0110\u00e2y l\u00e0 ch\u1ebf \u0111\u1ed9 ho\u00e0n h\u1ea3o gi\u00fap b\u1ea1n l\u00ean men b\u1ed9t, s\u1eefa chua, s\u1ea5y tr\u00e1i c\u00e2y,\u2026 m\u1ed9t c\u00e1ch d\u1ec5 d\u00e0ng.<\/p>\n<p class=\"QN2lPu\">&nbsp;<\/p>\n<p class=\"QN2lPu\">C\u00d4NG NGH\u1ec6<\/p>\n<p class=\"QN2lPu\">T\u1ea1o h\u01a1i n\u01b0\u1edbc n\u00f3ng trong th\u1eddi gian ng\u1eafn<\/p>\n<p class=\"QN2lPu\">TOSHIBA MS3-STQ20SE(BK)20L n\u1ed5i b\u1eadt v\u1edbi h\u1ec7 th\u1ed1ng t\u1ea1o h\u01a1i n\u01b0\u1edbc tr\u1ef1c ti\u1ebfp.<\/p>\n<p class=\"QN2lPu\">L\u00e0m n\u00f3ng n\u01b0\u1edbc v\u1edbi c\u00f4ng su\u1ea5t 1950W. T\u1ea1o ra h\u01a1i n\u01b0\u1edbc 100\u00b0C ch\u1ec9 trong 30 gi\u00e2y*.&nbsp;<\/p>\n<p class=\"QN2lPu\">\u0110i\u1ec3m \u0111\u1eb7c bi\u1ec7t ch\u00ednh l\u00e0 s\u1eed d\u1ee5ng h\u01a1i n\u01b0\u1edbc n\u00f3ng \u0111\u1ec3 kh\u00f3a ch\u1eb7t n\u01b0\u1edbc v\u00e0 dinh d\u01b0\u1ee1ng b\u00ean trong th\u1ef1c ph\u1ea9m trong nh\u00e1y m\u1eaft. Gi\u00fap gi\u1eef nguy\u00ean h\u01b0\u01a1ng v\u1ecb v\u00e0 dinh d\u01b0\u1ee1ng m\u00f3n \u0103n y\u00eau th\u00edch c\u1ee7a b\u1ea1n.<\/p>\n<p class=\"QN2lPu\">\n<p class=\"QN2lPu\">C\u00f4ng ngh\u1ec7 n\u01b0\u1edbng \u0111\u1ed1i l\u01b0u &#8211; Cho th\u1ef1c ph\u1ea9m ch\u00edn v\u00e0ng \u0111\u1ec1u<\/p>\n<p class=\"QN2lPu\">Qu\u1ea1t \u0111\u1ed1i l\u01b0u \u0111\u01b0\u1ee3c l\u1eafp \u1edf ph\u00eda sau l\u00f2 gi\u00fap ph\u00e2n ph\u1ed1i \u0111\u1ec1u s\u00f3ng nhi\u1ec7t cao \u0111\u1ebfn 230\u00b0C l\u00ean th\u1ef1c ph\u1ea9m.<\/p>\n<p class=\"QN2lPu\">Gi\u00fap n\u01b0\u1edbng ho\u1eb7c quay ch\u00edn v\u00e0ng ho\u00e0n h\u1ea3o. Ch\u00edn \u0111\u1ec1u v\u00e0 nhanh ch\u00f3ng, th\u00edch h\u1ee3p \u0111\u1ec3 ch\u1ebf bi\u1ebfn th\u1ecbt v\u00e0 c\u00e1c m\u00f3n b\u00e1nh, v.v.<\/p>\n<p class=\"QN2lPu\">&nbsp;<\/p>\n<p class=\"QN2lPu\">C\u00d4NG NGH\u1ec6 HI\u1ec6N \u0110\u1ea0I<\/p>\n<p class=\"QN2lPu\">V\u1ecf gi\u00f2n tan, nh\u00e2n m\u1ec1m m\u1ecdng<\/p>\n<p class=\"QN2lPu\">V\u1edbi TOSHIBA MS3-STQ20SE(BK)20L&nbsp;b\u1ea1n c\u00f3 th\u1ec3 k\u1ebft h\u1ee3p h\u1ea5p &#8211; n\u01b0\u1edbng trong c\u00f9ng m\u1ed9t l\u1ea7n n\u1ea5u. H\u01a1i n\u01b0\u1edbc c\u1ee7a ch\u1ebf \u0111\u1ed9 h\u1ea5p s\u1ebd b\u1ed5 sung th\u00eam \u0111\u1ed9 \u1ea9m cho m\u00f3n \u0103n.&nbsp;<\/p>\n<p class=\"QN2lPu\">H\u01a1i n\u01b0\u1edbc \u1edf nhi\u1ec7t \u0111\u1ed9 cao s\u1ebd \u0111\u1ea9y nhanh qu\u00e1 tr\u00ecnh n\u1ea5u v\u00e0 lo\u1ea1i b\u1ecf d\u1ea7u v\u00e0 mu\u1ed1i d\u01b0 th\u1eeba, \u0111\u1ea3m b\u1ea3o s\u1ee9c kh\u1ecfe.&nbsp;<\/p>\n<p class=\"QN2lPu\">S\u1ef1 b\u1ed1c h\u01a1i c\u1ee7a h\u01a1i n\u01b0\u1edbc n\u00f3ng c\u00f2n mang \u0111\u1ebfn 1 l\u1edbp v\u1ecf gi\u00f2n r\u1ee5m v\u00e0 \u0111\u1ed3ng th\u1eddi gi\u1eef l\u1ea1i ph\u1ea7n n\u01b0\u1edbc ng\u1ecdt, th\u01a1m, m\u1ec1m b\u00ean trong.<\/p>\n<p class=\"QN2lPu\">\n<p class=\"QN2lPu\">\u0110i\u1ec1u khi\u1ec3n th\u00f4ng minh &#8211; Tuy\u1ec7t \u0111\u1ec9nh h\u1ea5p n\u01b0\u1edbng<\/p>\n<p class=\"QN2lPu\">\u1ee8ng d\u1ee5ng th\u00f4ng minh TSmartLife \u0111\u01b0\u1ee3c trang b\u1ecb cho c\u00e1c d\u00f2ng s\u1ea3n ph\u1ea9m cao c\u1ea5p nh\u1ea5t c\u1ee7a Toshiba. L\u00f2 h\u1ea5p MS3-STQ20SE(BK)20L c\u0169ng v\u1eady.&nbsp;<\/p>\n<p class=\"QN2lPu\">K\u1ebft n\u1ed1i th\u00f4ng minh cho ph\u00e9p \u0111i\u1ec1u khi\u1ec3n l\u00f2 h\u1ea5p t\u1eeb xa. B\u1ea1n c\u00f3 th\u1ec3 t\u1ea1m ng\u01b0ng hay k\u1ebft th\u00fac ch\u01b0\u01a1ng tr\u00ecnh n\u1ea5u b\u1ea5t c\u1ee9 l\u00fac n\u00e0o.&nbsp;<\/p>\n<p class=\"QN2lPu\">Ngo\u00e0i ra, \u1ee9ng d\u1ee5ng c\u00f2n c\u00f3 kh\u1ea3 n\u0103ng ghi nh\u1edb c\u00f4ng th\u1ee9c n\u1ea5u \u0103n \u0111\u00e3 s\u1eed d\u1ee5ng, b\u1ea1n c\u00f3 th\u1ec3 ki\u1ec3m tra\/ ho\u00e0n thi\u1ec7n t\u1ed1t h\u01a1n cho l\u1ea7n n\u1ea5u ti\u1ebfp theo.<\/p>\n<p class=\"QN2lPu\">\n<p class=\"QN2lPu\">Global Recipe &#8211; Tr\u1ea3i nghi\u1ec7m \u1ea9m th\u1ef1c 5 Ch\u00e2u<\/p>\n<p class=\"QN2lPu\">V\u1edbi \u1ee9ng d\u1ee5ng TSmartLife, v\u00f4 v\u00e0n c\u00f4ng th\u1ee9c n\u1ea5u \u0103n tr\u00ean kh\u1eafp th\u1ebf gi\u1edbi&nbsp;\u0111\u01b0\u1ee3c c\u00e0i \u0111\u1eb7t s\u1eb5n s\u00e0ng. \u0110\u1eb7c bi\u1ec7t c\u00f2n c\u00f3 th\u1ec3 t\u00f9y ch\u1ec9nh theo kh\u1ea9u ph\u1ea7n. V\u1eady l\u00e0 b\u1ea1n c\u00f3 th\u1ec3 d\u1ec5 d\u00e0ng bi\u1ebfn h\u00f3a th\u00e0nh \u0111\u1ea7u b\u1ebfp chuy\u00ean nghi\u1ec7p ch\u1ec9 b\u1eb1ng 01 n\u00fat ch\u1ea1m.<\/p>\n<p class=\"QN2lPu\">\u0110\u1eb7c bi\u1ec7t, c\u00e1c Master Chef kh\u00f4ng ch\u1ec9 chia s\u1ebb c\u00f4ng th\u1ee9c m\u00e0 c\u00f2n h\u01b0\u1edbng d\u1eabn c\u00e1c b\u01b0\u1edbc, c\u00e1ch l\u00e0m th\u1eadt chi ti\u1ebft qua h\u00ecnh \u1ea3nh, video. B\u1ea1n ch\u1ec9 c\u1ea7n l\u00e0m theo v\u00e0 ch\u1edd \u0111\u1ee3i m\u00f3n ngon ra l\u00f2.&nbsp;<\/p>\n<p class=\"QN2lPu\">&nbsp;<\/p>\n<p class=\"QN2lPu\">TI\u1ec6N \u00cdCH<\/p>\n<p class=\"QN2lPu\">Khay ch\u1ee9a n\u01b0\u1edbc dung t\u00edch l\u1edbn<\/p>\n<p class=\"QN2lPu\">Toshiba MS3-STQ20SE(BK)20L \u0111\u01b0\u1ee3c trang b\u1ecb b\u00ecnh ch\u1ee9a n\u01b0\u1edbc l\u1edbn 1,2. L\u01b0\u1ee3ng n\u01b0\u1edbc gi\u00fap n\u1ea5u b\u1eb1ng h\u01a1i trong 3 gi\u1edd li\u00ean t\u1ee5c.<\/p>\n<p class=\"QN2lPu\">\u0110\u1eb7c bi\u1ec7t v\u1edbi c\u00e1c m\u00f3n \u0103n trong ch\u1ebf \u0111\u1ed9 h\u1ea5p ch\u1eadm l\u00f2 h\u1ea5p s\u1ebd h\u1ed7 tr\u1ee3 n\u1ea5u l\u00ean \u0111\u1ebfn 5 gi\u1edd. V\u1edbi t\u00ednh n\u0103ng c\u1ea3nh b\u00e1o thi\u1ebfu n\u01b0\u1edbc s\u1ebd t\u1ea1m d\u1eebng n\u1ea5u v\u00e0 nh\u1eafc b\u1ea1n \u0111\u1ed5 th\u00eam n\u01b0\u1edbc \u0111\u1ec3 ti\u1ebfp t\u1ee5c m\u00f3n \u0103n.<\/p>\n<p class=\"QN2lPu\">&nbsp;<\/p>\n<p class=\"QN2lPu\">\u0110a d\u1ea1ng menu &#8211; Ch\u1eb3ng c\u1ea7n ngh\u0129 suy<\/p>\n<p class=\"QN2lPu\">C\u00e1c ch\u1ee9c n\u0103ng menu t\u1ef1 \u0111\u1ed9ng \u0111\u01b0\u1ee3c c\u00e0i \u0111\u1eb7t s\u1eb5n tr\u00ean \u1ee9ng d\u1ee5ng TSmartLife s\u1ebd gi\u00fap b\u1ea1n n\u1ea5u \u0103n m\u1ed9t c\u00e1ch d\u1ec5 d\u00e0ng.<\/p>\n<p class=\"QN2lPu\">Gi\u00fap b\u1ea1n ti\u1ebft ki\u1ec7m th\u1eddi gian v\u00e0 c\u00f4ng s\u1ee9c \u0111\u1ee9ng b\u1ebfp. Toshiba \u0111\u00e3 c\u1ea9n th\u1eadn thi\u1ebft k\u1ebf c\u00e1c menu n\u00e0y ph\u00f9 h\u1ee3p v\u1edbi phong c\u00e1ch \u1ea9m th\u1ef1c c\u1ee7a b\u1ea1n, bao g\u1ed3m quay, n\u01b0\u1edbng v\u00e0 h\u01a1n th\u1ebf n\u1eefa.&nbsp;<\/p>\n<p class=\"QN2lPu\">&nbsp;<\/p>\n<p class=\"QN2lPu\">3 ch\u1ebf \u0111\u1ed9 t\u1ef1 l\u00e0m s\u1ea1ch &#8211; ti\u1ec7n l\u1ee3i h\u01a1n, an to\u00e0n h\u01a1n<\/p>\n<p class=\"QN2lPu\">Toshiba MS3-STQ20SE(BK)20L \u0111\u01b0\u1ee3c trang b\u1ecb c\u00f4ng ngh\u1ec7 hi\u1ec7n \u0111\u1ea1i v\u1edbi 3 ch\u1ebf \u0111\u1ed9 t\u1ef1 \u0111\u1ed9ng l\u00e0m s\u1ea1ch. H\u1ed7 tr\u1ee3 kh\u1eed m\u00f9i, v\u1ec7 sinh khoang l\u00f2 v\u00f4 c\u00f9ng ti\u1ec7n l\u1ee3i.&nbsp;<\/p>\n<p class=\"QN2lPu\">&nbsp;<\/p>\n<p class=\"QN2lPu\">THI\u1ebeT K\u1ebe<\/p>\n<p class=\"QN2lPu\">Tay c\u1ea7m thi\u1ebft k\u1ebf \u1ea9n &#8211; An to\u00e0n, sang tr\u1ecdng<\/p>\n<p class=\"QN2lPu\">Tay c\u1ea7m \u0111\u01b0\u1ee3c thi\u1ebft k\u1ebf \u1ea9n v\u1edbi v\u1eadt li\u1ec7u c\u00e1ch nhi\u1ec7t, \u0111\u1ea3m b\u1ea3o an to\u00e0n tuy\u1ec7t \u0111\u1ed1i cho ng\u01b0\u1eddi d\u00f9ng.<\/p>\n<\/div>\n","protected":false},"excerpt":{"rendered":"<p>TI\u1ec6N \u00cdCH N\u1ed4I B\u1eacT 3 ch\u1ebf \u0111\u1ed9 h\u1ea5p &#8211; N\u1ea5u n\u01b0\u1edbng linh ho\u1ea1t Toshiba hi\u1ec3u r\u1eb1ng m\u1ed7i lo\u1ea1i th\u1ef1c ph\u1ea9m kh\u00e1c nhau c\u1ea7n c\u00f3 1 l\u01b0\u1ee3ng h\u01a1i n\u01b0\u1edbc v\u00e0 nhi\u1ec7t \u0111\u1ed9 kh\u00e1c nhau \u0111\u1ec3 t\u00f4n vinh v\u1ecb ngon v\u00e0 gi\u1eef tr\u1ecdn d\u01b0\u1ee1ng ch\u1ea5t. V\u00ec v\u1eady MS3-STQ20SE(BK)20L \u0111\u01b0\u1ee3c c\u00e0i \u0111\u1eb7t ph\u00e1t tri\u1ec3n 3 ch\u1ebf \u0111\u1ed9 h\u1ea5p&#8230;.<\/p>\n","protected":false},"featured_media":13874,"comment_status":"open","ping_status":"closed","template":"","meta":[],"product_brand":[1245],"product_cat":[1229],"product_tag":[],"class_list":{"0":"post-13728","1":"product","2":"type-product","3":"status-publish","4":"has-post-thumbnail","6":"product_brand-toshiba","7":"product_cat-lo-nuong-lo-vi-song","9":"first","10":"instock","11":"sale","12":"shipping-taxable","13":"purchasable","14":"product-type-simple"},"_links":{"self":[{"href":"https:\/\/web-ban-le.mbws.vn\/thiet-bi-dien-gia-dung\/wp-json\/wp\/v2\/product\/13728","targetHints":{"allow":["GET"]}}],"collection":[{"href":"https:\/\/web-ban-le.mbws.vn\/thiet-bi-dien-gia-dung\/wp-json\/wp\/v2\/product"}],"about":[{"href":"https:\/\/web-ban-le.mbws.vn\/thiet-bi-dien-gia-dung\/wp-json\/wp\/v2\/types\/product"}],"replies":[{"embeddable":true,"href":"https:\/\/web-ban-le.mbws.vn\/thiet-bi-dien-gia-dung\/wp-json\/wp\/v2\/comments?post=13728"}],"wp:featuredmedia":[{"embeddable":true,"href":"https:\/\/web-ban-le.mbws.vn\/thiet-bi-dien-gia-dung\/wp-json\/wp\/v2\/media\/13874"}],"wp:attachment":[{"href":"https:\/\/web-ban-le.mbws.vn\/thiet-bi-dien-gia-dung\/wp-json\/wp\/v2\/media?parent=13728"}],"wp:term":[{"taxonomy":"product_brand","embeddable":true,"href":"https:\/\/web-ban-le.mbws.vn\/thiet-bi-dien-gia-dung\/wp-json\/wp\/v2\/product_brand?post=13728"},{"taxonomy":"product_cat","embeddable":true,"href":"https:\/\/web-ban-le.mbws.vn\/thiet-bi-dien-gia-dung\/wp-json\/wp\/v2\/product_cat?post=13728"},{"taxonomy":"product_tag","embeddable":true,"href":"https:\/\/web-ban-le.mbws.vn\/thiet-bi-dien-gia-dung\/wp-json\/wp\/v2\/product_tag?post=13728"}],"curies":[{"name":"wp","href":"https:\/\/api.w.org\/{rel}","templated":true}]}}