{"id":15253,"date":"2025-10-28T17:01:37","date_gmt":"2025-10-28T10:01:37","guid":{"rendered":"https:\/\/web-ban-le.mbws.vn\/thiet-bi-dien-tu\/?post_type=product&#038;p=15253"},"modified":"2025-11-04T13:19:49","modified_gmt":"2025-11-04T06:19:49","slug":"cu-sac-nhanh-20w-chinh-hang-hoco-dung-cho-14-13-12-11-bo-sac-tieu-chuan-pd20w-cao-cap-chong-chay-no","status":"publish","type":"product","link":"https:\/\/web-ban-le.mbws.vn\/thiet-bi-dien-tu\/san-pham\/cu-sac-nhanh-20w-chinh-hang-hoco-dung-cho-14-13-12-11-bo-sac-tieu-chuan-pd20w-cao-cap-chong-chay-no\/","title":{"rendered":"C\u1ee7 s\u1ea1c nhanh 20w ch\u00ednh h\u00e3ng HOCO d\u00f9ng cho 14 13 12 11 &#8230; B\u1ed9 s\u1ea1c ti\u00eau chu\u1ea9n pd20w cao c\u1ea5p ch\u1ed1ng ch\u00e1y n\u1ed5"},"content":{"rendered":"<div class=\"e8lZp3\">\n<p class=\"QN2lPu\">* * * * * * * * * * * * * * * * * * * * * * * * * * * * * * * GI\u1edaI THI\u1ec6U  SHOP* * * * * * * * * * * * * * * * * * * * * * * * * * * * * * <\/p>\n<p class=\"QN2lPu\">\n<p class=\"QN2lPu\">\n<p class=\"QN2lPu\">\n<p class=\"QN2lPu\">&#8211; Th\u01b0\u01a1ng hi\u1ec7u Hoco \u0111\u00e3 ho\u1ea1t \u0111\u1ed9ng 10 n\u0103m \u0111\u00e3 kh\u1eb3ng \u0111\u1ecbnh \u0111\u01b0\u1ee3c ch\u1ea5t l\u01b0\u1ee3ng v\u00e0 vi th\u1ebf trong l\u00f2ng ng\u01b0\u1eddi ti\u00eau d\u00f9ng .<\/p>\n<p class=\"QN2lPu\">\n<p class=\"QN2lPu\">\n<p class=\"QN2lPu\">\n<p class=\"QN2lPu\">* * * * * * * * * * * * * * * * * * * * * * * * * * * * * * TH\u00d4NG TIN S\u1ea2N PH\u1ea8M* * * * * * * * * * * * * * * * * * * * * * * * * * * *<\/p>\n<p class=\"QN2lPu\">\n<p class=\"QN2lPu\">Th\u00f4ng s\u1ed1 c\u1ee7 s\u1ea1c<\/p>\n<p class=\"QN2lPu\">\n<p class=\"QN2lPu\">&#8211; \u0110\u1ea7u v\u00e0o: AC100-240V, 50 \/ 60Hz, 0.6A.<\/p>\n<p class=\"QN2lPu\">\n<p class=\"QN2lPu\">&#8211; \u0110\u1ea7u ra: C\u1ed5ng TypeC: 5V \/ 3A, 9V \/ 2.22A, 12V \/ 1.67A &#8211; 20W c\u00f3 h\u1ed7 tr\u1ee3 18w<\/p>\n<p class=\"QN2lPu\">\n<p class=\"QN2lPu\">&#8211; Ch\u1ea5t li\u1ec7u PC ch\u1ed1ng ch\u00e1y, b\u1ec1n<\/p>\n<p class=\"QN2lPu\">\n<p class=\"QN2lPu\">&#8211; \u0110\u1ea7u ra typec \u0111\u01a1n, b\u1ea3o v\u1ec7 nhi\u1ec1u m\u1ea1ch, t\u01b0\u01a1ng th\u00edch v\u1edbi 99% thi\u1ebft b\u1ecb k\u1ef9 thu\u1eadt s\u1ed1 s\u1ea1c typec<\/p>\n<p class=\"QN2lPu\">\n<p class=\"QN2lPu\">&#8211; K\u00edch th\u01b0\u1edbc: 62 x 42 x 25mm<\/p>\n<p class=\"QN2lPu\">\n<p class=\"QN2lPu\">&#8211; C\u00e2n n\u1eb7ng : 36 gam<\/p>\n<p class=\"QN2lPu\">\n<p class=\"QN2lPu\">&#8211; M\u1ea7u s\u1eafc : tr\u1eafng<\/p>\n<p class=\"QN2lPu\">\n<p class=\"QN2lPu\">Th\u00f4ng s\u1ed1 d\u00e2y s\u1ea1c<\/p>\n<p class=\"QN2lPu\">\n<p class=\"QN2lPu\">D\u00f2ng \u0111i\u1ec7n t\u1ed1i \u0111a : 3A<\/p>\n<p class=\"QN2lPu\">\n<p class=\"QN2lPu\">V\u1eadt li\u1ec7u b\u1ec1 m\u1eb7t : NYLON<\/p>\n<p class=\"QN2lPu\">\n<p class=\"QN2lPu\">\u0110\u1ea7u n\u1ed1i A : TYPE-C<\/p>\n<p class=\"QN2lPu\">\n<p class=\"QN2lPu\">C\u00e1c t\u00ednh n\u0103ng : \u0110\u1ea7u n\u1ed1i h\u1ee3p kim<\/p>\n<p class=\"QN2lPu\">\n<p class=\"QN2lPu\">\n<p class=\"QN2lPu\">T\u1ed1c \u0111\u1ed9 truy\u1ec1n t\u1ea3i : 480Mbps<\/p>\n<p class=\"QN2lPu\">\n<p class=\"QN2lPu\">Ch\u1ea5t li\u1ec7u : H\u1ee3p kim k\u1ebdm + C\u00e1p d\u00e2y b\u1ec7n Nylon<\/p>\n<p class=\"QN2lPu\">\n<p class=\"QN2lPu\">D\u00e0i 1m<\/p>\n<p class=\"QN2lPu\">\n<p class=\"QN2lPu\">\n<p class=\"QN2lPu\">\n<p class=\"QN2lPu\">PH\u00c2N LO\u1ea0I<\/p>\n<p class=\"QN2lPu\">\n<p class=\"QN2lPu\">+ B\u00c1N L\u1eba C\u00c1P<\/p>\n<p class=\"QN2lPu\">\n<p class=\"QN2lPu\">+ B\u00c1N L\u1eba C\u1ee6<\/p>\n<p class=\"QN2lPu\">\n<p class=\"QN2lPu\">+ B\u1ed8 C\u1ee6 + C\u00c1P<\/p>\n<p class=\"QN2lPu\">\n<p class=\"QN2lPu\">B\u1ed8 S\u1ea2N PH\u00c2M BAO G\u1ed2M<\/p>\n<p class=\"QN2lPu\">\n<p class=\"QN2lPu\">1 : D\u00c2Y S\u1ea0C<\/p>\n<p class=\"QN2lPu\">\n<p class=\"QN2lPu\">1 : C\u1ee6 S\u1ea0C<\/p>\n<p class=\"QN2lPu\">\n<p class=\"QN2lPu\">1 : H\u1ed8P S\u1ea2N PH\u1ea8M<\/p>\n<p class=\"QN2lPu\">\n<p class=\"QN2lPu\">\n<p class=\"QN2lPu\">\n<p class=\"QN2lPu\">* * * * * * * * * * * * * * * * * * * * * * * * * * QUY\u1ec0N L\u1ee2I C\u1ee6A KH\u00c1CH H\u00c0NG * * * * * * * * * * * * * * * * * * * * * * * * * * * <\/p>\n<p class=\"QN2lPu\">\n<p class=\"QN2lPu\">\n<p class=\"QN2lPu\">\n<p class=\"QN2lPu\">&#8211; H\u00e0ng ch\u00ednh h\u00e3ng 100%<\/p>\n<p class=\"QN2lPu\">\n<p class=\"QN2lPu\">&#8211; Lu\u00f4n lu\u00f4n s\u1eb5n h\u00e0ng , th\u1eddi gian \u0111\u00f3ng g\u00f3i nhanh tr\u00f3ng<\/p>\n<p class=\"QN2lPu\">\n<p class=\"QN2lPu\">&#8211; d\u1eef v\u1ecf h\u1ed9p \u0111\u1ec3 \u0111\u01b0\u1ee3c h\u1ed7 tr\u1ee3 khi s\u1ea3n ph\u1ea9m l\u1ed7i .<\/p>\n<\/div>\n","protected":false},"excerpt":{"rendered":"<p>* * * * * * * * * * * * * * * * * * * * * * * * * * * * * * * GI\u1edaI THI\u1ec6U SHOP* * * * * * * * * * * * * * * * * * * * * *&#8230;<\/p>\n","protected":false},"featured_media":15274,"comment_status":"open","ping_status":"closed","template":"","meta":[],"product_brand":[1881],"product_cat":[1714,1669],"product_tag":[],"class_list":{"0":"post-15253","1":"product","2":"type-product","3":"status-publish","4":"has-post-thumbnail","6":"product_brand-hoco","7":"product_cat-coc-bo-sac","8":"product_cat-pin-gan-trong","10":"first","11":"instock","12":"sale","13":"shipping-taxable","14":"purchasable","15":"product-type-variable"},"_links":{"self":[{"href":"https:\/\/web-ban-le.mbws.vn\/thiet-bi-dien-tu\/wp-json\/wp\/v2\/product\/15253","targetHints":{"allow":["GET"]}}],"collection":[{"href":"https:\/\/web-ban-le.mbws.vn\/thiet-bi-dien-tu\/wp-json\/wp\/v2\/product"}],"about":[{"href":"https:\/\/web-ban-le.mbws.vn\/thiet-bi-dien-tu\/wp-json\/wp\/v2\/types\/product"}],"replies":[{"embeddable":true,"href":"https:\/\/web-ban-le.mbws.vn\/thiet-bi-dien-tu\/wp-json\/wp\/v2\/comments?post=15253"}],"wp:featuredmedia":[{"embeddable":true,"href":"https:\/\/web-ban-le.mbws.vn\/thiet-bi-dien-tu\/wp-json\/wp\/v2\/media\/15274"}],"wp:attachment":[{"href":"https:\/\/web-ban-le.mbws.vn\/thiet-bi-dien-tu\/wp-json\/wp\/v2\/media?parent=15253"}],"wp:term":[{"taxonomy":"product_brand","embeddable":true,"href":"https:\/\/web-ban-le.mbws.vn\/thiet-bi-dien-tu\/wp-json\/wp\/v2\/product_brand?post=15253"},{"taxonomy":"product_cat","embeddable":true,"href":"https:\/\/web-ban-le.mbws.vn\/thiet-bi-dien-tu\/wp-json\/wp\/v2\/product_cat?post=15253"},{"taxonomy":"product_tag","embeddable":true,"href":"https:\/\/web-ban-le.mbws.vn\/thiet-bi-dien-tu\/wp-json\/wp\/v2\/product_tag?post=15253"}],"curies":[{"name":"wp","href":"https:\/\/api.w.org\/{rel}","templated":true}]}}