{"id":15456,"date":"2025-10-28T17:03:06","date_gmt":"2025-10-28T10:03:06","guid":{"rendered":"https:\/\/web-ban-le.mbws.vn\/thiet-bi-dien-tu\/?post_type=product&#038;p=15456"},"modified":"2025-11-04T13:19:48","modified_gmt":"2025-11-04T06:19:48","slug":"tau-sac-o-to-chinh-hang-hoco-5v-2-4a-2-cong-usb-coc-oto-co-den-led","status":"publish","type":"product","link":"https:\/\/web-ban-le.mbws.vn\/thiet-bi-dien-tu\/san-pham\/tau-sac-o-to-chinh-hang-hoco-5v-2-4a-2-cong-usb-coc-oto-co-den-led\/","title":{"rendered":"T\u1ea9u s\u1ea1c \u00f4 t\u00f4 ch\u00ednh h\u00e3ng HOCO 5V 2.4A 2 c\u1ed5ng usb &#8211; C\u1ed1c oto c\u00f3 \u0111\u00e8n led"},"content":{"rendered":"<div class=\"e8lZp3\">\n<p class=\"QN2lPu\">* * * * * * * * * * * * * * * * * * * * * * * * * * * * * * * GI\u1edaI THI\u1ec6U  SHOP* * * * * * * * * * * * * * * * * * * * * * * * * * * * * * <\/p>\n<p class=\"QN2lPu\">\n<p class=\"QN2lPu\">&#8211; Th\u01b0\u01a1ng hi\u1ec7u Hoco \u0111\u00e3 ho\u1ea1t \u0111\u1ed9ng 10 n\u0103m \u0111\u00e3 kh\u1eb3ng \u0111\u1ecbnh \u0111\u01b0\u1ee3c ch\u1ea5t l\u01b0\u1ee3ng v\u00e0 vi th\u1ebf trong l\u00f2ng ng\u01b0\u1eddi ti\u00eau d\u00f9ng .<\/p>\n<p class=\"QN2lPu\">\n<p class=\"QN2lPu\">* * * * * * * * * * * * * * * * * * * * * * * * * * * * * * TH\u00d4NG TIN S\u1ea2N PH\u1ea8M* * * * * * * * * * * * * * * * * * * * * * * * * * * *<\/p>\n<p class=\"QN2lPu\">1. \u0110\u1ea7u v\u00e0o: DC &#8211; 24V. <\/p>\n<p class=\"QN2lPu\">2. \u0110\u1ea7u ra: T\u1ed5ng \u0111\u1ea7u ra USB: DC5V \/ 2.4A \/ 12W, <\/p>\n<p class=\"QN2lPu\">\u0110\u1ea7u ra t\u1ed1i \u0111a USB \u0111\u01a1n: DC5V \/ 2.4A Max. <\/p>\n<p class=\"QN2lPu\">3. Ch\u1ea5t li\u1ec7u PC ch\u1ed1ng ch\u00e1y, b\u1ec1n. <\/p>\n<p class=\"QN2lPu\">4. S\u1ea3n ph\u1ea9m \u00e1p d\u1ee5ng thi\u1ebft k\u1ebf k\u1ebft h\u1ee3p hai m\u00e0u c\u00f3 \u0111\u1ed9 b\u00f3ng cao + m\u1edd, c\u00f4ng su\u1ea5t \u0111\u1ea7u ra k\u00e9p USB 12W. <\/p>\n<p class=\"QN2lPu\">5. B\u1ea3o v\u1ec7 nhi\u1ec1u m\u1ea1ch, t\u01b0\u01a1ng th\u00edch v\u1edbi h\u01a1n 99% thi\u1ebft b\u1ecb k\u1ef9 thu\u1eadt s\u1ed1 s\u1ea1c USB. <\/p>\n<p class=\"QN2lPu\">6. K\u00edch th\u01b0\u1edbc: chi\u1ec1u d\u00e0i * \u0111\u01b0\u1eddng k\u00ednh: 8.0 * 3.0cm. Tr\u1ecdng l\u01b0\u1ee3ng: 21g. <\/p>\n<p class=\"QN2lPu\">7. B\u1ed9 c\u00f3 s\u1eb5n: b\u1ed9 s\u1ea1c \u0111\u01a1n<\/p>\n<p class=\"QN2lPu\">\n<p class=\"QN2lPu\">B\u1ed8 S\u1ea2N PH\u1ea8M BAO G\u1ed2M<\/p>\n<p class=\"QN2lPu\">1 : T\u1ea8U S\u1ea0C<\/p>\n<p class=\"QN2lPu\">\n<p class=\"QN2lPu\">\n<p class=\"QN2lPu\">* * * * * * * * * * * * * * * * * * * * * * * * * * QUY\u1ec0N L\u1ee2I C\u1ee6A KH\u00c1CH H\u00c0NG * * * * * * * * * * * * * * * * * * * * * * * * * * * <\/p>\n<p class=\"QN2lPu\">\n<p class=\"QN2lPu\">&#8211; H\u00e0ng ch\u00ednh h\u00e3ng 100%<\/p>\n<p class=\"QN2lPu\">&#8211; Lu\u00f4n lu\u00f4n s\u1eb5n h\u00e0ng , th\u1eddi gian \u0111\u00f3ng g\u00f3i nhanh tr\u00f3ng<\/p>\n<p class=\"QN2lPu\">&#8211; d\u1eef v\u1ecf h\u1ed9p \u0111\u1ec3 \u0111\u01b0\u1ee3c h\u1ed7 tr\u1ee3 khi s\u1ea3n ph\u1ea9m l\u1ed7i .<\/p>\n<\/div>\n","protected":false},"excerpt":{"rendered":"<p>* * * * * * * * * * * * * * * * * * * * * * * * * * * * * * * GI\u1edaI THI\u1ec6U SHOP* * * * * * * * * * * * * * * * * * * * * *&#8230;<\/p>\n","protected":false},"featured_media":15515,"comment_status":"open","ping_status":"closed","template":"","meta":[],"product_brand":[1881],"product_cat":[1765,1766],"product_tag":[],"class_list":{"0":"post-15456","1":"product","2":"type-product","3":"status-publish","4":"has-post-thumbnail","6":"product_brand-hoco","7":"product_cat-bo-sac-usb","8":"product_cat-bo-phat-fm-bluetooth","10":"first","11":"instock","12":"sale","13":"shipping-taxable","14":"purchasable","15":"product-type-variable"},"_links":{"self":[{"href":"https:\/\/web-ban-le.mbws.vn\/thiet-bi-dien-tu\/wp-json\/wp\/v2\/product\/15456","targetHints":{"allow":["GET"]}}],"collection":[{"href":"https:\/\/web-ban-le.mbws.vn\/thiet-bi-dien-tu\/wp-json\/wp\/v2\/product"}],"about":[{"href":"https:\/\/web-ban-le.mbws.vn\/thiet-bi-dien-tu\/wp-json\/wp\/v2\/types\/product"}],"replies":[{"embeddable":true,"href":"https:\/\/web-ban-le.mbws.vn\/thiet-bi-dien-tu\/wp-json\/wp\/v2\/comments?post=15456"}],"wp:featuredmedia":[{"embeddable":true,"href":"https:\/\/web-ban-le.mbws.vn\/thiet-bi-dien-tu\/wp-json\/wp\/v2\/media\/15515"}],"wp:attachment":[{"href":"https:\/\/web-ban-le.mbws.vn\/thiet-bi-dien-tu\/wp-json\/wp\/v2\/media?parent=15456"}],"wp:term":[{"taxonomy":"product_brand","embeddable":true,"href":"https:\/\/web-ban-le.mbws.vn\/thiet-bi-dien-tu\/wp-json\/wp\/v2\/product_brand?post=15456"},{"taxonomy":"product_cat","embeddable":true,"href":"https:\/\/web-ban-le.mbws.vn\/thiet-bi-dien-tu\/wp-json\/wp\/v2\/product_cat?post=15456"},{"taxonomy":"product_tag","embeddable":true,"href":"https:\/\/web-ban-le.mbws.vn\/thiet-bi-dien-tu\/wp-json\/wp\/v2\/product_tag?post=15456"}],"curies":[{"name":"wp","href":"https:\/\/api.w.org\/{rel}","templated":true}]}}