{"id":15661,"date":"2025-10-28T17:04:34","date_gmt":"2025-10-28T10:04:34","guid":{"rendered":"https:\/\/web-ban-le.mbws.vn\/thiet-bi-dien-tu\/?post_type=product&#038;p=15661"},"modified":"2025-11-04T13:19:47","modified_gmt":"2025-11-04T06:19:47","slug":"kinh-cuong-luc-chong-nhin-trom-iphone-chinh-hang-hoco-cao-cap-do-net-cao-dung-cho-ip-17-16-15-14-13-12-11-xsmax","status":"publish","type":"product","link":"https:\/\/web-ban-le.mbws.vn\/thiet-bi-dien-tu\/san-pham\/kinh-cuong-luc-chong-nhin-trom-iphone-chinh-hang-hoco-cao-cap-do-net-cao-dung-cho-ip-17-16-15-14-13-12-11-xsmax\/","title":{"rendered":"K\u00ednh c\u01b0\u1eddng l\u1ef1c ch\u1ed1ng nh\u00ecn tr\u1ed9m iphone ch\u00ednh h\u00e3ng Hoco cao c\u1ea5p \u0111\u1ed9 n\u00e9t cao d\u00f9ng cho ip 17 16 15 14 13 12 11 xsmax"},"content":{"rendered":"<div class=\"e8lZp3\">\n<p class=\"QN2lPu\">\n<p class=\"QN2lPu\">\n<p class=\"QN2lPu\">\n<p class=\"QN2lPu\">* * * * * * * * * * * * * * * * * * * * * * * * * * * * * * * GI\u1edaI THI\u1ec6U  SHOP* * * * * * * * * * * * * * * * * * * * * * * * * * * * * * <\/p>\n<p class=\"QN2lPu\">\n<p class=\"QN2lPu\"> &#8211; Th\u01b0\u01a1ng hi\u1ec7u Hoco \u0111\u00e3 ho\u1ea1t \u0111\u1ed9ng 10 n\u0103m \u0111\u00e3 kh\u1eb3ng \u0111\u1ecbnh \u0111\u01b0\u1ee3c ch\u1ea5t l\u01b0\u1ee3ng v\u00e0 vi th\u1ebf trong l\u00f2ng ng\u01b0\u1eddi ti\u00eau d\u00f9ng .<\/p>\n<p class=\"QN2lPu\">\n<p class=\"QN2lPu\">* * * * * * * * * * * * * * * * * * * * * * * * * * * * * * TH\u00d4NG TIN S\u1ea2N PH\u1ea8M* * * * * * * * * * * * * * * * * * * * * * * * * * * *<\/p>\n<p class=\"QN2lPu\">\n<p class=\"QN2lPu\">&#8211; Ti\u00eau chu\u1ea9n 4D<\/p>\n<p class=\"QN2lPu\">&#8211; \u0110\u1ed9 m\u1ecfng : 0,25mm<\/p>\n<p class=\"QN2lPu\">&#8211; \u0110\u1ed9 c\u1ee9ng 9H <\/p>\n<p class=\"QN2lPu\">&#8211; \u0110\u1ed9 trong su\u1ed1t \u0111\u1ea1t chu\u1ea9n HD, s\u00e1ng ch\u1ed1ng ch\u00f3i lo\u00e1<\/p>\n<p class=\"QN2lPu\">&#8211; M\u1eb7t ngo\u00e0i \u0111\u01b0\u1ee3c ph\u1ee7 2 l\u1edbp NANO Si\u00eau c\u1ee9ng v\u00e0 8 l\u1edbp ph\u1ee7 ch\u1ee9c n\u0103ng<\/p>\n<p class=\"QN2lPu\">&#8211; C\u00e1c g\u00f3c, c\u1ea1nh \u0111\u01b0\u1ee3c bo tr\u00f2n v\u1edbi ch\u1ea5t li\u1ec7u PET c\u1ef1c t\u1ed1t, c\u1ea3m gi\u00e1c kh\u00f4ng b\u1ecb c\u1ea5n, c\u1ed9m khi s\u1eed d\u1ee5ng.<\/p>\n<p class=\"QN2lPu\">&#8211; Ch\u1ed1ng va \u0111\u1eadp c\u1ef1c m\u1ea1nh, c\u00e0o c\u1ea5u b\u1eb1ng dao bo\u1eb7c c\u00e1c v\u1eadt s\u1eafc nh\u1ecdn.<\/p>\n<p class=\"QN2lPu\">\n<p class=\"QN2lPu\">THAY V\u00cc PH\u1ea2I \u0110\u1ea6U T\u01af C\u01af\u1edcNG L\u1ef0C R\u1eba MUA D\u00c1N NHI\u1ec0U L\u1ea6N CH\u1ea4T L\u01af\u1ee2NG K\u00c9M. <\/p>\n<p class=\"QN2lPu\">NG\u1ea0I G\u00cc KH\u00d4NG S\u1ede H\u1eeeU NGAY 1 K\u00cdNH C\u01af\u1edcNG L\u1ef0C CH\u00cdNH H\u00c3NG<\/p>\n<p class=\"QN2lPu\">\n<p class=\"QN2lPu\">C\u00e1c c\u1eb7p d\u00f2ng m\u00e1y iphone s\u1eed d\u1ee5ng chung c\u01b0\u1eddng l\u1ef1c:<\/p>\n<p class=\"QN2lPu\">\n<p class=\"QN2lPu\">&#8211; k\u00ednh c\u01b0\u1eddng l\u1ef1c iphone x, iphone xs v\u00e0 iphone 11 pro<\/p>\n<p class=\"QN2lPu\">&#8211; k\u00ednh c\u01b0\u1eddng l\u1ef1c iphone xr v\u00e0 iphone 11<\/p>\n<p class=\"QN2lPu\">&#8211; k\u00ednh c\u01b0\u1eddng l\u1ef1c iphone xs max v\u00e0  iphone 11 pro max<\/p>\n<p class=\"QN2lPu\">&#8211; K\u00ednh c\u01b0\u1eddng l\u1ef1c iphone 12 <\/p>\n<p class=\"QN2lPu\">&#8211; K\u00ednh c\u01b0\u1eddng l\u1ef1c iphone 12 pro <\/p>\n<p class=\"QN2lPu\">&#8211; K\u00ednh c\u01b0\u1eddng l\u1ef1c iphone 12 pro max<\/p>\n<p class=\"QN2lPu\">&#8211; K\u00ednh c\u01b0\u1eddng l\u1ef1c iphone 13<\/p>\n<p class=\"QN2lPu\">&#8211; K\u00ednh c\u01b0\u1eddng l\u1ef1c iphone 13 pro<\/p>\n<p class=\"QN2lPu\">&#8211; K\u00ednh c\u01b0\u1eddng l\u1ef1c iphone 13 pro max<\/p>\n<p class=\"QN2lPu\">&#8211; K\u00ednh c\u01b0\u1eddng l\u1ef1c iphone 14<\/p>\n<p class=\"QN2lPu\">&#8211; K\u00ednh c\u01b0\u1eddng l\u1ef1c iphone 14 plus<\/p>\n<p class=\"QN2lPu\">&#8211; K\u00ednh c\u01b0\u1eddng l\u1ef1c iphone 14 pro<\/p>\n<p class=\"QN2lPu\">&#8211; K\u00ednh c\u01b0\u1eddng l\u1ef1c iphone 14 promax<\/p>\n<p class=\"QN2lPu\">\n<p class=\"QN2lPu\">* * * * * * * * * * * * * * * * * * * * * * * * * * QUY\u1ec0N L\u1ee2I C\u1ee6A KH\u00c1CH H\u00c0NG * * * * * * * * * * * * * * * * * * * * * * * * * * * <\/p>\n<p class=\"QN2lPu\">\n<p class=\"QN2lPu\">&#8211; H\u00e0ng ch\u00ednh h\u00e3ng 100%<\/p>\n<p class=\"QN2lPu\">&#8211; Lu\u00f4n lu\u00f4n s\u1eb5n h\u00e0ng , th\u1eddi gian \u0111\u00f3ng g\u00f3i nhanh tr\u00f3ng<\/p>\n<p class=\"QN2lPu\">&#8211; d\u1eef v\u1ecf h\u1ed9p \u0111\u1ec3 \u0111\u01b0\u1ee3c h\u1ed7 tr\u1ee3 khi s\u1ea3n ph\u1ea9m l\u1ed7i .<\/p>\n<\/div>\n","protected":false},"excerpt":{"rendered":"<p>* * * * * * * * * * * * * * * * * * * * * * * * * * * * * * * GI\u1edaI THI\u1ec6U SHOP* * * * * * * * * * * * * * * * * * * * * *&#8230;<\/p>\n","protected":false},"featured_media":15700,"comment_status":"open","ping_status":"closed","template":"","meta":[],"product_brand":[1881],"product_cat":[1675],"product_tag":[],"class_list":{"0":"post-15661","1":"product","2":"type-product","3":"status-publish","4":"has-post-thumbnail","6":"product_brand-hoco","7":"product_cat-mieng-dan-khac","9":"first","10":"instock","11":"sale","12":"shipping-taxable","13":"purchasable","14":"product-type-variable"},"_links":{"self":[{"href":"https:\/\/web-ban-le.mbws.vn\/thiet-bi-dien-tu\/wp-json\/wp\/v2\/product\/15661","targetHints":{"allow":["GET"]}}],"collection":[{"href":"https:\/\/web-ban-le.mbws.vn\/thiet-bi-dien-tu\/wp-json\/wp\/v2\/product"}],"about":[{"href":"https:\/\/web-ban-le.mbws.vn\/thiet-bi-dien-tu\/wp-json\/wp\/v2\/types\/product"}],"replies":[{"embeddable":true,"href":"https:\/\/web-ban-le.mbws.vn\/thiet-bi-dien-tu\/wp-json\/wp\/v2\/comments?post=15661"}],"wp:featuredmedia":[{"embeddable":true,"href":"https:\/\/web-ban-le.mbws.vn\/thiet-bi-dien-tu\/wp-json\/wp\/v2\/media\/15700"}],"wp:attachment":[{"href":"https:\/\/web-ban-le.mbws.vn\/thiet-bi-dien-tu\/wp-json\/wp\/v2\/media?parent=15661"}],"wp:term":[{"taxonomy":"product_brand","embeddable":true,"href":"https:\/\/web-ban-le.mbws.vn\/thiet-bi-dien-tu\/wp-json\/wp\/v2\/product_brand?post=15661"},{"taxonomy":"product_cat","embeddable":true,"href":"https:\/\/web-ban-le.mbws.vn\/thiet-bi-dien-tu\/wp-json\/wp\/v2\/product_cat?post=15661"},{"taxonomy":"product_tag","embeddable":true,"href":"https:\/\/web-ban-le.mbws.vn\/thiet-bi-dien-tu\/wp-json\/wp\/v2\/product_tag?post=15661"}],"curies":[{"name":"wp","href":"https:\/\/api.w.org\/{rel}","templated":true}]}}