{"id":15760,"date":"2025-10-28T17:05:15","date_gmt":"2025-10-28T10:05:15","guid":{"rendered":"https:\/\/web-ban-le.mbws.vn\/thiet-bi-dien-tu\/?post_type=product&#038;p=15760"},"modified":"2025-11-04T13:19:46","modified_gmt":"2025-11-04T06:19:46","slug":"bo-sac-nhanh-20w-hoco-dung-cho-14-13-12-11-do-ben-cao-cu-sac-pd20w-2-cong-usb-va-typec","status":"publish","type":"product","link":"https:\/\/web-ban-le.mbws.vn\/thiet-bi-dien-tu\/san-pham\/bo-sac-nhanh-20w-hoco-dung-cho-14-13-12-11-do-ben-cao-cu-sac-pd20w-2-cong-usb-va-typec\/","title":{"rendered":"B\u1ed9 s\u1ea1c nhanh 20w HOCO d\u00f9ng cho 14 13 12 11 &#8230; \u0111\u1ed9 b\u1ec1n cao C\u1ee7 s\u1ea1c pd20w 2 c\u1ed5ng usb v\u00e0 typec"},"content":{"rendered":"<div class=\"e8lZp3\">\n<p class=\"QN2lPu\">* * * * * * * * * * * * * * * * * * * * * * * * * * * * * * * GI\u1edaI THI\u1ec6U  SHOP* * * * * * * * * * * * * * * * * * * * * * * * * * * * * * <\/p>\n<p class=\"QN2lPu\">\n<p class=\"QN2lPu\">&#8211; Th\u01b0\u01a1ng hi\u1ec7u Hoco \u0111\u00e3 ho\u1ea1t \u0111\u1ed9ng 10 n\u0103m \u0111\u00e3 kh\u1eb3ng \u0111\u1ecbnh \u0111\u01b0\u1ee3c ch\u1ea5t l\u01b0\u1ee3ng v\u00e0 vi th\u1ebf trong l\u00f2ng ng\u01b0\u1eddi ti\u00eau d\u00f9ng .<\/p>\n<p class=\"QN2lPu\">\n<p class=\"QN2lPu\">* * * * * * * * * * * * * * * * * * * * * * * * * * * * * * TH\u00d4NG TIN S\u1ea2N PH\u1ea8M* * * * * * * * * * * * * * * * * * * * * * * * * * * *<\/p>\n<p class=\"QN2lPu\">\n<p class=\"QN2lPu\">T\u00ean s\u1ea3n ph\u1ea9m: C\u1ee7 S\u1ea1c Nhanh PD 20W Type-C v\u00e0 usb<\/p>\n<p class=\"QN2lPu\">M\u00e0u s\u1eafc: Tr\u1eafng<\/p>\n<p class=\"QN2lPu\">S\u1ea1c nhanh: C\u00d3<\/p>\n<p class=\"QN2lPu\">\u0110\u1ea7u v\u00e0o: AC100-240V 50-60Hz<\/p>\n<p class=\"QN2lPu\">\u0110\u1ea7u ra 1 : USB A: 4.5V-5A \/ 5V-4.5A \/ 9V-3A \/ 12V-2.5A<\/p>\n<p class=\"QN2lPu\">\u0110\u1ea7u ra 2 : Type C\/PD: 5V-4.5A \/ 9V-3A \/ 12V-2.5A \/ 15V-2A \/ 20V-1.5A<\/p>\n<p class=\"QN2lPu\">Tr\u1ecdng l\u01b0\u1ee3ng: 47g<\/p>\n<p class=\"QN2lPu\">K\u00edch th\u01b0\u1edbc: 89 * 43 * 27mm<\/p>\n<p class=\"QN2lPu\">Ch\u1ea5t li\u1ec7u: ch\u1ea5t li\u1ec7u ch\u1ed1ng ch\u00e1y ABS<\/p>\n<p class=\"QN2lPu\">\n<p class=\"QN2lPu\">S\u1ea3n ph\u1ea9m c\u00f3 4 ph\u00e2n lo\u1ea1i<\/p>\n<p class=\"QN2lPu\">CH\u1ec8 B\u00c1N C\u1ee6 : b\u1ed9 s\u1ea3n ph\u1ea9m ch\u1ec9 bao g\u1ed3m c\u1ee7 s\u1ea1c<\/p>\n<p class=\"QN2lPu\">COMBO C\u1ee6+D\u00c2Y 1M : b\u1ed9 s\u1ea3n ph\u1ea9m bao g\u1ed3m c\u1ee7 s\u1ea1c k\u00e8m d\u00e2y s\u1ea1c 20w 1m<\/p>\n<p class=\"QN2lPu\">COMBO C\u1ee6+D\u00c2Y 2M : b\u1ed9 s\u1ea3n ph\u1ea9m bao g\u1ed3m c\u1ee7 s\u1ea1c k\u00e8m d\u00e2y s\u1ea1c 20w 2m<\/p>\n<p class=\"QN2lPu\">COMBO C\u1ee6+D\u00c2Y 3M : b\u1ed9 s\u1ea3n ph\u1ea9m bao g\u1ed3m c\u1ee7 s\u1ea1c k\u00e8m d\u00e2y s\u1ea1c 20w 3m<\/p>\n<p class=\"QN2lPu\">\n<p class=\"QN2lPu\">* * * * * * * * * * * * * * * * * * * * * * * * * * QUY\u1ec0N L\u1ee2I C\u1ee6A KH\u00c1CH H\u00c0NG * * * * * * * * * * * * * * * * * * * * * * * * * * * <\/p>\n<p class=\"QN2lPu\">\n<p class=\"QN2lPu\">&#8211; H\u00e0ng ch\u00ednh h\u00e3ng 100%<\/p>\n<p class=\"QN2lPu\">&#8211; Lu\u00f4n lu\u00f4n s\u1eb5n h\u00e0ng , th\u1eddi gian \u0111\u00f3ng g\u00f3i nhanh tr\u00f3ng<\/p>\n<p class=\"QN2lPu\">&#8211; d\u1eef v\u1ecf h\u1ed9p \u0111\u1ec3 \u0111\u01b0\u1ee3c h\u1ed7 tr\u1ee3 khi s\u1ea3n ph\u1ea9m l\u1ed7i .<\/p>\n<\/div>\n","protected":false},"excerpt":{"rendered":"<p>* * * * * * * * * * * * * * * * * * * * * * * * * * * * * * * GI\u1edaI THI\u1ec6U SHOP* * * * * * * * * * * * * * * * * * * * * *&#8230;<\/p>\n","protected":false},"featured_media":15834,"comment_status":"open","ping_status":"closed","template":"","meta":[],"product_brand":[1881],"product_cat":[1714,1669],"product_tag":[],"class_list":{"0":"post-15760","1":"product","2":"type-product","3":"status-publish","4":"has-post-thumbnail","6":"product_brand-hoco","7":"product_cat-coc-bo-sac","8":"product_cat-pin-gan-trong","10":"first","11":"instock","12":"sale","13":"shipping-taxable","14":"purchasable","15":"product-type-variable"},"_links":{"self":[{"href":"https:\/\/web-ban-le.mbws.vn\/thiet-bi-dien-tu\/wp-json\/wp\/v2\/product\/15760","targetHints":{"allow":["GET"]}}],"collection":[{"href":"https:\/\/web-ban-le.mbws.vn\/thiet-bi-dien-tu\/wp-json\/wp\/v2\/product"}],"about":[{"href":"https:\/\/web-ban-le.mbws.vn\/thiet-bi-dien-tu\/wp-json\/wp\/v2\/types\/product"}],"replies":[{"embeddable":true,"href":"https:\/\/web-ban-le.mbws.vn\/thiet-bi-dien-tu\/wp-json\/wp\/v2\/comments?post=15760"}],"wp:featuredmedia":[{"embeddable":true,"href":"https:\/\/web-ban-le.mbws.vn\/thiet-bi-dien-tu\/wp-json\/wp\/v2\/media\/15834"}],"wp:attachment":[{"href":"https:\/\/web-ban-le.mbws.vn\/thiet-bi-dien-tu\/wp-json\/wp\/v2\/media?parent=15760"}],"wp:term":[{"taxonomy":"product_brand","embeddable":true,"href":"https:\/\/web-ban-le.mbws.vn\/thiet-bi-dien-tu\/wp-json\/wp\/v2\/product_brand?post=15760"},{"taxonomy":"product_cat","embeddable":true,"href":"https:\/\/web-ban-le.mbws.vn\/thiet-bi-dien-tu\/wp-json\/wp\/v2\/product_cat?post=15760"},{"taxonomy":"product_tag","embeddable":true,"href":"https:\/\/web-ban-le.mbws.vn\/thiet-bi-dien-tu\/wp-json\/wp\/v2\/product_tag?post=15760"}],"curies":[{"name":"wp","href":"https:\/\/api.w.org\/{rel}","templated":true}]}}