{"id":15837,"date":"2025-10-28T17:05:58","date_gmt":"2025-10-28T10:05:58","guid":{"rendered":"https:\/\/web-ban-le.mbws.vn\/thiet-bi-dien-tu\/?post_type=product&#038;p=15837"},"modified":"2025-11-04T13:19:45","modified_gmt":"2025-11-04T06:19:45","slug":"jack-chuyen-doi-tai-nghe-type-c-sang-3-5mm-co-mic-noi-chinh-hang-hoco-dung-cho-samsung-xiaomi-oppo","status":"publish","type":"product","link":"https:\/\/web-ban-le.mbws.vn\/thiet-bi-dien-tu\/san-pham\/jack-chuyen-doi-tai-nghe-type-c-sang-3-5mm-co-mic-noi-chinh-hang-hoco-dung-cho-samsung-xiaomi-oppo\/","title":{"rendered":"Jack chuy\u1ec3n \u0111\u1ed5i tai nghe type c sang 3.5mm c\u00f3 mic n\u00f3i ch\u00ednh h\u00e3ng Hoco d\u00f9ng cho samsung xiaomi oppo .."},"content":{"rendered":"<div class=\"e8lZp3\">\n<p class=\"QN2lPu\">\n<p class=\"QN2lPu\">* * * * * * * * * * * * * * * * * * * * * * * * * * * * * * * GI\u1edaI THI\u1ec6U SHOP* * * * * * * * * * * * * * * * * * * * * * * * * * * * * * <\/p>\n<p class=\"QN2lPu\">\n<p class=\"QN2lPu\">&#8211; Th\u01b0\u01a1ng hi\u1ec7u Hoco \u0111\u00e3 ho\u1ea1t \u0111\u1ed9ng 10 n\u0103m \u0111\u00e3 kh\u1eb3ng \u0111\u1ecbnh \u0111\u01b0\u1ee3c ch\u1ea5t l\u01b0\u1ee3ng v\u00e0 vi th\u1ebf trong l\u00f2ng ng\u01b0\u1eddi ti\u00eau d\u00f9ng .<\/p>\n<p class=\"QN2lPu\">\n<p class=\"QN2lPu\">* * * * * * * * * * * * * * * * * * * * * * * * * * * * * * TH\u00d4NG TIN S\u1ea2N PH\u1ea8M* * * * * * * * * * * * * * * * * * * * * * * * * * * *<\/p>\n<p class=\"QN2lPu\">1. Ch\u1ea5t li\u1ec7u: PVC.<\/p>\n<p class=\"QN2lPu\">2. K\u00edch th\u01b0\u1edbc: 115 * 11 * 7mm. Tr\u1ecdng l\u01b0\u1ee3ng: 3g.<\/p>\n<p class=\"QN2lPu\">3. \u0110i\u1ec1u khi\u1ec3n d\u00e2y: h\u1ed7 tr\u1ee3. Microphone: h\u1ed7 tr\u1ee3.<\/p>\n<p class=\"QN2lPu\">4. Gi\u1eafc c\u1eafm \u00e2m thanh: Giao di\u1ec7n 3,5 mm.<\/p>\n<p class=\"QN2lPu\">5. H\u1ed7 tr\u1ee3 h\u1ea7u h\u1ebft c\u00e1c d\u00f2ng m\u00e1y c\u1ee7a Huawei, Xiaomi, OnePlus v\u00e0 c\u00e1c h\u00e3ng kh\u00e1c, h\u1ed7 tr\u1ee3 m\u1ed9t s\u1ed1 m\u1eabu \u0111i\u1ec7n tho\u1ea1i di \u0111\u1ed9ng c\u1ee7a Samsung, kh\u00f4ng h\u1ed7 tr\u1ee3 lPad v\u1edbi giao di\u1ec7n Type-C.<\/p>\n<p class=\"QN2lPu\">Ph\u00e2n lo\u1ea1i s\u1ea3n ph\u1ea9m :<\/p>\n<p class=\"QN2lPu\">C\u00e1p b\u1ecdc d\u00f9<\/p>\n<p class=\"QN2lPu\">C\u00e1p ko b\u1ecdc d\u00f9<\/p>\n<p class=\"QN2lPu\">B\u1ed9 s\u1ea3n ph\u1ea9m bao g\u1ed3m :<\/p>\n<p class=\"QN2lPu\">1 X jack chuy\u1ec3n \u0111\u1ed5i<\/p>\n<p class=\"QN2lPu\">1 X h\u1ed9p s\u1ea3n ph\u1ea9m<\/p>\n<p class=\"QN2lPu\">\n<p class=\"QN2lPu\">\n<p class=\"QN2lPu\">* * * * * * * * * * * * * * * * * * * * * * * * * * QUY\u1ec0N L\u1ee2I C\u1ee6A KH\u00c1CH H\u00c0NG * * * * * * * * * * * * * * * * * * * * * * * * * * * <\/p>\n<p class=\"QN2lPu\">\n<p class=\"QN2lPu\">&#8211; H\u00e0ng ch\u00ednh h\u00e3ng 100%<\/p>\n<p class=\"QN2lPu\">&#8211; Lu\u00f4n lu\u00f4n s\u1eb5n h\u00e0ng , th\u1eddi gian \u0111\u00f3ng g\u00f3i nhanh tr\u00f3ng<\/p>\n<p class=\"QN2lPu\">&#8211; d\u1eef v\u1ecf h\u1ed9p \u0111\u1ec3 \u0111\u01b0\u1ee3c h\u1ed7 tr\u1ee3 khi s\u1ea3n ph\u1ea9m l\u1ed7i .<\/p>\n<\/div>\n","protected":false},"excerpt":{"rendered":"<p>* * * * * * * * * * * * * * * * * * * * * * * * * * * * * * * GI\u1edaI THI\u1ec6U SHOP* * * * * * * * * * * * * * * * * * * * * *&#8230;<\/p>\n","protected":false},"featured_media":15895,"comment_status":"open","ping_status":"closed","template":"","meta":[],"product_brand":[1881],"product_cat":[1669,1671],"product_tag":[],"class_list":{"0":"post-15837","1":"product","2":"type-product","3":"status-publish","4":"has-post-thumbnail","6":"product_brand-hoco","7":"product_cat-pin-gan-trong","8":"product_cat-cap-sac-va-dau-chuyen-doi","10":"first","11":"instock","12":"sale","13":"shipping-taxable","14":"purchasable","15":"product-type-simple"},"_links":{"self":[{"href":"https:\/\/web-ban-le.mbws.vn\/thiet-bi-dien-tu\/wp-json\/wp\/v2\/product\/15837","targetHints":{"allow":["GET"]}}],"collection":[{"href":"https:\/\/web-ban-le.mbws.vn\/thiet-bi-dien-tu\/wp-json\/wp\/v2\/product"}],"about":[{"href":"https:\/\/web-ban-le.mbws.vn\/thiet-bi-dien-tu\/wp-json\/wp\/v2\/types\/product"}],"replies":[{"embeddable":true,"href":"https:\/\/web-ban-le.mbws.vn\/thiet-bi-dien-tu\/wp-json\/wp\/v2\/comments?post=15837"}],"wp:featuredmedia":[{"embeddable":true,"href":"https:\/\/web-ban-le.mbws.vn\/thiet-bi-dien-tu\/wp-json\/wp\/v2\/media\/15895"}],"wp:attachment":[{"href":"https:\/\/web-ban-le.mbws.vn\/thiet-bi-dien-tu\/wp-json\/wp\/v2\/media?parent=15837"}],"wp:term":[{"taxonomy":"product_brand","embeddable":true,"href":"https:\/\/web-ban-le.mbws.vn\/thiet-bi-dien-tu\/wp-json\/wp\/v2\/product_brand?post=15837"},{"taxonomy":"product_cat","embeddable":true,"href":"https:\/\/web-ban-le.mbws.vn\/thiet-bi-dien-tu\/wp-json\/wp\/v2\/product_cat?post=15837"},{"taxonomy":"product_tag","embeddable":true,"href":"https:\/\/web-ban-le.mbws.vn\/thiet-bi-dien-tu\/wp-json\/wp\/v2\/product_tag?post=15837"}],"curies":[{"name":"wp","href":"https:\/\/api.w.org\/{rel}","templated":true}]}}